853
CDUS43 KFSD 132229
CLISUX


CLIMATE REPORT
NATIONAL WEATHER SERVICE SIOUX FALLS SD
528 PM CDT WED SEP 13 2017


...................................

...THE SIOUX CITY IA CLIMATE SUMMARY FOR SEPTEMBER 13 2017...
VALID TODAY AS OF 0500 PM LOCAL TIME.

CLIMATE NORMAL PERIOD 1981 TO 2010
CLIMATE RECORD PERIOD 1889 TO 2017


WEATHER ITEM   OBSERVED TIME   RECORD YEAR NORMAL DEPARTURE LAST
                VALUE   (LST)  VALUE       VALUE  FROM      YEAR
                                                  NORMAL
..................................................................
TEMPERATURE (F)
 TODAY
  MAXIMUM         86   1227 PM 100    1939  77      9       64
  MINIMUM         56    529 AM  30    1902  52      4       56
  AVERAGE         71                        65      6       60

PRECIPITATION (IN)
  TODAY            0.00          1.84 1941   0.09  -0.09      T
  MONTH TO DATE    0.11                      1.33  -1.22     0.54
  SINCE SEP 1      0.11                      1.33  -1.22     0.54
  SINCE JAN 1     20.30                     21.87  -1.57    24.89

SNOWFALL (IN)
  TODAY            0.0           0.0    MM   0.0    0.0      0.0
  MONTH TO DATE    0.0                       0.0    0.0      0.0
  SINCE SEP 1      0.0                       0.0    0.0      0.0
  SINCE JUL 1      0.0                       0.0    0.0      0.0
  SNOW DEPTH       0

DEGREE DAYS
 HEATING
  TODAY            0                         4     -4        5
  MONTH TO DATE   20                        29     -9        8
  SINCE SEP 1     20                        29     -9        8
  SINCE JUL 1     28                        44    -16        8

 COOLING
  TODAY            6                         3      3        0
  MONTH TO DATE   48                        53     -5       57
  SINCE SEP 1     48                        53     -5       57
  SINCE JAN 1    880                       830     50     1079
..................................................................


WIND (MPH)
  HIGHEST WIND SPEED    14   HIGHEST WIND DIRECTION     W (250)
  HIGHEST GUST SPEED    18   HIGHEST GUST DIRECTION     W (250)
  AVERAGE WIND SPEED     6.2


SKY COVER
  POSSIBLE SUNSHINE  MM
  AVERAGE SKY COVER 0.0


WEATHER CONDITIONS
 THE FOLLOWING WEATHER WAS RECORDED TODAY.
  FOG
  HAZE


RELATIVE HUMIDITY (PERCENT)
 HIGHEST   100          1200 AM
 LOWEST     48          1200 PM
 AVERAGE    74

..........................................................


THE SIOUX CITY IA CLIMATE NORMALS FOR TOMORROW
                         NORMAL    RECORD    YEAR
 MAXIMUM TEMPERATURE (F)   77        99      1939
 MINIMUM TEMPERATURE (F)   51        35      2007


SUNRISE AND SUNSET
SEPTEMBER 13 2017.....SUNRISE   704 AM CDT   SUNSET   738 PM CDT
SEPTEMBER 14 2017.....SUNRISE   705 AM CDT   SUNSET   736 PM CDT


-  INDICATES NEGATIVE NUMBERS.
R  INDICATES RECORD WAS SET OR TIED.
MM INDICATES DATA IS MISSING.
T  INDICATES TRACE AMOUNT.




$$
