799
CDUS43 KFSD 150655
CLISUX


CLIMATE REPORT
NATIONAL WEATHER SERVICE SIOUX FALLS SD
1254 AM CST SUN JAN 15 2017


...................................

...THE SIOUX CITY IA CLIMATE SUMMARY FOR JANUARY 14 2017...

CLIMATE NORMAL PERIOD 1981 TO 2010
CLIMATE RECORD PERIOD 1889 TO 2017


WEATHER ITEM   OBSERVED TIME   RECORD YEAR NORMAL DEPARTURE LAST
                VALUE   (LST)  VALUE       VALUE  FROM      YEAR
                                                  NORMAL
..................................................................
TEMPERATURE (F)
 YESTERDAY
  MAXIMUM         37    401 PM  54    1901  30      7       41
  MINIMUM         11    142 AM -20    1957  10      1       21
  AVERAGE         24                        20      4       31

PRECIPITATION (IN)
  YESTERDAY        0.00          0.88 1960   0.02  -0.02      T
  MONTH TO DATE    0.12                      0.28  -0.16     0.48
  SINCE DEC 1      1.60                      1.08   0.52     3.34
  SINCE JAN 1      0.12                      0.28  -0.16     0.48

SNOWFALL (IN)
  YESTERDAY        0.0           8.0  1960   0.2   -0.2      0.0
  MONTH TO DATE    1.0                       2.9   -1.9      3.4
  SINCE DEC 1      5.5                      10.7   -5.2     15.2
  SINCE JUL 1      6.5                      16.1   -9.6     27.7
  SNOW DEPTH       1

DEGREE DAYS
 HEATING
  YESTERDAY       41                        45     -4       34
  MONTH TO DATE  666                       630     36      611
  SINCE DEC 1   1906                      1946    -40     1656
  SINCE JUL 1   2850                      3422   -572     2762

 COOLING
  YESTERDAY        0                         0      0        0
  MONTH TO DATE    0                         0      0        0
  SINCE DEC 1      0                         0      0        0
  SINCE JAN 1      0                         0      0        0
..................................................................


WIND (MPH)
  HIGHEST WIND SPEED     6   HIGHEST WIND DIRECTION     S (160)
  HIGHEST GUST SPEED    10   HIGHEST GUST DIRECTION    NE (30)
  AVERAGE WIND SPEED     2.3


SKY COVER
  POSSIBLE SUNSHINE  MM
  AVERAGE SKY COVER 0.0


WEATHER CONDITIONS
 THE FOLLOWING WEATHER WAS RECORDED YESTERDAY.
  NO SIGNIFICANT WEATHER WAS OBSERVED.


RELATIVE HUMIDITY (PERCENT)
 HIGHEST    88           700 AM
 LOWEST     47           300 PM
 AVERAGE    68

..........................................................


THE SIOUX CITY IA CLIMATE NORMALS FOR TODAY
                         NORMAL    RECORD    YEAR
 MAXIMUM TEMPERATURE (F)   30        64      2006
 MINIMUM TEMPERATURE (F)   10       -20      2009


SUNRISE AND SUNSET
JANUARY 15 2017.......SUNRISE   752 AM CST   SUNSET   518 PM CST
JANUARY 16 2017.......SUNRISE   752 AM CST   SUNSET   520 PM CST


-  INDICATES NEGATIVE NUMBERS.
R  INDICATES RECORD WAS SET OR TIED.
MM INDICATES DATA IS MISSING.
T  INDICATES TRACE AMOUNT.




$$
