000
CDUS43 KFSD 120635
CLISUX


CLIMATE REPORT
NATIONAL WEATHER SERVICE SIOUX FALLS SD
1233 AM CST FRI DEC 12 2014


...................................

...THE SIOUX CITY IA CLIMATE SUMMARY FOR DECEMBER 11 2014...

CLIMATE NORMAL PERIOD 1981 TO 2010
CLIMATE RECORD PERIOD 1889 TO 2014


WEATHER ITEM   OBSERVED TIME   RECORD YEAR NORMAL DEPARTURE LAST
                VALUE   (LST)  VALUE       VALUE  FROM      YEAR
                                                  NORMAL
..................................................................
TEMPERATURE (F)
 YESTERDAY
  MAXIMUM         41    335 PM  60    1946  33      8       20
                                      1943
                                      1889
  MINIMUM         31    454 AM -10    1989  14     17       -4
  AVERAGE         36                        23     13        8

PRECIPITATION (IN)
  YESTERDAY        0.00          0.44 1961   0.03  -0.03      T
  MONTH TO DATE    T                         0.34  -0.34     0.13
  SINCE DEC 1      T                         0.34  -0.34     0.13
  SINCE JAN 1     39.96                     27.28  12.68    26.58

SNOWFALL (IN)
  YESTERDAY        0.0           5.2  2000   0.3   -0.3       T
  MONTH TO DATE    0.0                       2.9   -2.9      1.6
  SINCE DEC 1      0.0                       2.9   -2.9      1.6
  SINCE JUL 1      4.5                       8.3   -3.8      2.5
  SNOW DEPTH       0

DEGREE DAYS
 HEATING
  YESTERDAY       29                        42    -13       57
  MONTH TO DATE  389                       439    -50      533
  SINCE DEC 1    389                       439    -50      533
  SINCE JUL 1   1884                      1915    -31     1957

 COOLING
  YESTERDAY        0                         0      0        0
  MONTH TO DATE    0                         0      0        0
  SINCE DEC 1      0                         0      0        0
  SINCE JAN 1    862                       869     -7      960
..................................................................


WIND (MPH)
  HIGHEST WIND SPEED    17   HIGHEST WIND DIRECTION     S (200)
  HIGHEST GUST SPEED    21   HIGHEST GUST DIRECTION     S (200)
  AVERAGE WIND SPEED     9.6


SKY COVER
  POSSIBLE SUNSHINE  MM
  AVERAGE SKY COVER 1.0


WEATHER CONDITIONS
 THE FOLLOWING WEATHER WAS RECORDED YESTERDAY.
  FOG
  HAZE


RELATIVE HUMIDITY (PERCENT)
 HIGHEST    92           400 AM
 LOWEST     70           200 PM
 AVERAGE    81

..........................................................


THE SIOUX CITY IA CLIMATE NORMALS FOR TODAY
                         NORMAL    RECORD    YEAR
 MAXIMUM TEMPERATURE (F)   32        60      1921
 MINIMUM TEMPERATURE (F)   14       -15      1932


SUNRISE AND SUNSET
DECEMBER 12 2014......SUNRISE   746 AM CST   SUNSET   453 PM CST
DECEMBER 13 2014......SUNRISE   746 AM CST   SUNSET   453 PM CST


-  INDICATES NEGATIVE NUMBERS.
R  INDICATES RECORD WAS SET OR TIED.
MM INDICATES DATA IS MISSING.
T  INDICATES TRACE AMOUNT.




$$
