072
CDUS43 KFSD 230632
CLISUX


CLIMATE REPORT
NATIONAL WEATHER SERVICE SIOUX FALLS SD
130 AM CDT THU MAR 23 2017


...................................

...THE SIOUX CITY IA CLIMATE SUMMARY FOR MARCH 22 2017...

CLIMATE NORMAL PERIOD 1981 TO 2010
CLIMATE RECORD PERIOD 1889 TO 2017


WEATHER ITEM   OBSERVED TIME   RECORD YEAR NORMAL DEPARTURE LAST
                VALUE   (LST)  VALUE       VALUE  FROM      YEAR
                                                  NORMAL
..................................................................
TEMPERATURE (F)
 YESTERDAY
  MAXIMUM         45    604 PM  85    1939  51     -6       69
  MINIMUM         29    546 AM  -1    1955  28      1       37
                                      1899
  AVERAGE         37                        39     -2       53

PRECIPITATION (IN)
  YESTERDAY        0.00          1.22 1979   0.07  -0.07     0.00
  MONTH TO DATE    0.53                      1.26  -0.73     0.48
  SINCE MAR 1      0.53                      1.26  -0.73     0.48
  SINCE JAN 1      2.12                      2.55  -0.43     2.32

SNOWFALL (IN)
  YESTERDAY        0.0           6.3  1966   0.2   -0.2      0.0
  MONTH TO DATE    3.1                       5.0   -1.9      0.4
  SINCE MAR 1      3.1                       5.0   -1.9      0.4
  SINCE JUL 1     28.6                      31.5   -2.9     43.5
  SNOW DEPTH       0

DEGREE DAYS
 HEATING
  YESTERDAY       28                        26      2       12
  MONTH TO DATE  588                       671    -83      422
  SINCE MAR 1    588                       671    -83      422
  SINCE JUL 1   4825                      5965  -1140     4881

 COOLING
  YESTERDAY        0                         0      0        0
  MONTH TO DATE    0                         0      0        0
  SINCE MAR 1      0                         0      0        0
  SINCE JAN 1      0                         0      0        0
..................................................................


WIND (MPH)
  HIGHEST WIND SPEED    25   HIGHEST WIND DIRECTION    SE (130)
  HIGHEST GUST SPEED    31   HIGHEST GUST DIRECTION    SE (120)
  AVERAGE WIND SPEED    13.9


SKY COVER
  POSSIBLE SUNSHINE  MM
  AVERAGE SKY COVER 0.8


WEATHER CONDITIONS
 THE FOLLOWING WEATHER WAS RECORDED YESTERDAY.
  NO SIGNIFICANT WEATHER WAS OBSERVED.


RELATIVE HUMIDITY (PERCENT)
 HIGHEST    75           300 AM
 LOWEST     50           100 PM
 AVERAGE    63

..........................................................


THE SIOUX CITY IA CLIMATE NORMALS FOR TODAY
                         NORMAL    RECORD    YEAR
 MAXIMUM TEMPERATURE (F)   51        88      1910
 MINIMUM TEMPERATURE (F)   28         1      1899


SUNRISE AND SUNSET
MARCH 23 2017.........SUNRISE   723 AM CDT   SUNSET   742 PM CDT
MARCH 24 2017.........SUNRISE   721 AM CDT   SUNSET   743 PM CDT


-  INDICATES NEGATIVE NUMBERS.
R  INDICATES RECORD WAS SET OR TIED.
MM INDICATES DATA IS MISSING.
T  INDICATES TRACE AMOUNT.




$$
