000
CDUS43 KFSD 040652
CLISUX


CLIMATE REPORT
NATIONAL WEATHER SERVICE SIOUX FALLS SD
1250 AM CST THU JAN 4 2018


...................................

...THE SIOUX CITY IA CLIMATE SUMMARY FOR JANUARY 3 2018...

CLIMATE NORMAL PERIOD 1981 TO 2010
CLIMATE RECORD PERIOD 1889 TO 2018


WEATHER ITEM   OBSERVED TIME   RECORD YEAR NORMAL DEPARTURE LAST
                VALUE   (LST)  VALUE       VALUE  FROM      YEAR
                                                  NORMAL
..................................................................
TEMPERATURE (F)
 YESTERDAY
  MAXIMUM         21    112 AM  54    1909  30     -9       27
  MINIMUM         -2   1147 PM -22    1919  10    -12        6
  AVERAGE         10                        20    -10       17

PRECIPITATION (IN)
  YESTERDAY        T             1.09 1949   0.02  -0.02      T
  MONTH TO DATE    T                         0.06  -0.06     0.03
  SINCE DEC 1      0.39                      0.86  -0.47     1.51
  SINCE JAN 1      T                         0.06  -0.06     0.03

SNOWFALL (IN)
  YESTERDAY        T             5.5  1897   0.2   -0.2       T
  MONTH TO DATE    T                         0.6   -0.6       T
  SINCE DEC 1      7.3                       8.4   -1.1      4.5
  SINCE JUL 1      7.3                      13.8   -6.5      5.5
  SNOW DEPTH       6

DEGREE DAYS
 HEATING
  YESTERDAY       55                        45     10       48
  MONTH TO DATE  199                       135     64      119
  SINCE DEC 1   1477                      1451     26     1359
  SINCE JUL 1   2796                      2927   -131     2303

 COOLING
  YESTERDAY        0                         0      0        0
  MONTH TO DATE    0                         0      0        0
  SINCE DEC 1      0                         0      0        0
  SINCE JAN 1      0                         0      0        0
..................................................................


WIND (MPH)
  HIGHEST WIND SPEED    35   HIGHEST WIND DIRECTION     N (340)
  HIGHEST GUST SPEED    43   HIGHEST GUST DIRECTION    NW (330)
  AVERAGE WIND SPEED    13.5


SKY COVER
  POSSIBLE SUNSHINE  MM
  AVERAGE SKY COVER 0.1


WEATHER CONDITIONS
 THE FOLLOWING WEATHER WAS RECORDED YESTERDAY.
  LIGHT SNOW
  FOG
  BLOWING SNOW


RELATIVE HUMIDITY (PERCENT)
 HIGHEST    87          1000 PM
 LOWEST     61           300 PM
 AVERAGE    74

..........................................................


THE SIOUX CITY IA CLIMATE NORMALS FOR TODAY
                         NORMAL    RECORD    YEAR
 MAXIMUM TEMPERATURE (F)   30        58      2012
 MINIMUM TEMPERATURE (F)   10       -24      1942


SUNRISE AND SUNSET
JANUARY  4 2018.......SUNRISE   755 AM CST   SUNSET   506 PM CST
JANUARY  5 2018.......SUNRISE   755 AM CST   SUNSET   507 PM CST


-  INDICATES NEGATIVE NUMBERS.
R  INDICATES RECORD WAS SET OR TIED.
MM INDICATES DATA IS MISSING.
T  INDICATES TRACE AMOUNT.




$$
