000
CDUS43 KFSD 270632
CLISUX


CLIMATE REPORT
NATIONAL WEATHER SERVICE SIOUX FALLS SD
131 AM CDT THU AUG 27 2015


...................................

...THE SIOUX CITY IA CLIMATE SUMMARY FOR AUGUST 26 2015...

CLIMATE NORMAL PERIOD 1981 TO 2010
CLIMATE RECORD PERIOD 1889 TO 2015


WEATHER ITEM   OBSERVED TIME   RECORD YEAR NORMAL DEPARTURE LAST
                VALUE   (LST)  VALUE       VALUE  FROM      YEAR
                                                  NORMAL
..................................................................
TEMPERATURE (F)
 YESTERDAY
  MAXIMUM         78    430 PM 104    1955  82     -4       75
  MINIMUM         49    601 AM  44    1910  59    -10       63
                                      1896
  AVERAGE         64                        71     -7       69

PRECIPITATION (IN)
  YESTERDAY        0.00          2.16 1903   0.11  -0.11      T
  MONTH TO DATE    3.74                      2.69   1.05     7.86
  SINCE JUN 1     13.61                     10.02   3.59    28.12
  SINCE JAN 1     21.51                     20.00   1.51    33.37

SNOWFALL (IN)
  YESTERDAY        0.0           0.0    MM   0.0    0.0      0.0
  MONTH TO DATE    0.0                       0.0    0.0      0.0
  SINCE JUN 1      0.0                       0.0    0.0      0.0
  SINCE JUL 1      0.0                       0.0    0.0      0.0
  SNOW DEPTH       0

DEGREE DAYS
 HEATING
  YESTERDAY        1                         1      0        0
  MONTH TO DATE   20                         4     16        0
  SINCE JUN 1     25                        34     -9       26
  SINCE JUL 1     23                         7     16        6

 COOLING
  YESTERDAY        0                         6     -6        4
  MONTH TO DATE  171                       204    -33      224
  SINCE JUN 1    668                       685    -17      612
  SINCE JAN 1    697                       749    -52      733
..................................................................


WIND (MPH)
  HIGHEST WIND SPEED    22   HIGHEST WIND DIRECTION    SE (130)
  HIGHEST GUST SPEED    26   HIGHEST GUST DIRECTION    SE (140)
  AVERAGE WIND SPEED     7.7


SKY COVER
  POSSIBLE SUNSHINE  MM
  AVERAGE SKY COVER 0.1


WEATHER CONDITIONS
 THE FOLLOWING WEATHER WAS RECORDED YESTERDAY.
  FOG


RELATIVE HUMIDITY (PERCENT)
 HIGHEST    93          1200 AM
 LOWEST     52           200 PM
 AVERAGE    73

..........................................................


THE SIOUX CITY IA CLIMATE NORMALS FOR TODAY
                         NORMAL    RECORD    YEAR
 MAXIMUM TEMPERATURE (F)   82       104      1955
 MINIMUM TEMPERATURE (F)   59        41      1896


SUNRISE AND SUNSET
AUGUST 27 2015........SUNRISE   645 AM CDT   SUNSET   808 PM CDT
AUGUST 28 2015........SUNRISE   646 AM CDT   SUNSET   807 PM CDT


-  INDICATES NEGATIVE NUMBERS.
R  INDICATES RECORD WAS SET OR TIED.
MM INDICATES DATA IS MISSING.
T  INDICATES TRACE AMOUNT.




$$
