000
CDUS43 KFSD 290636
CLISUX


CLIMATE REPORT
NATIONAL WEATHER SERVICE SIOUX FALLS SD
1236 AM CST FRI JAN 29 2016


...................................

...THE SIOUX CITY IA CLIMATE SUMMARY FOR JANUARY 28 2016...

CLIMATE NORMAL PERIOD 1981 TO 2010
CLIMATE RECORD PERIOD 1889 TO 2016


WEATHER ITEM   OBSERVED TIME   RECORD YEAR NORMAL DEPARTURE LAST
                VALUE   (LST)  VALUE       VALUE  FROM      YEAR
                                                  NORMAL
..................................................................
TEMPERATURE (F)
 YESTERDAY
  MAXIMUM         39    440 PM  58    1931  31      8       52
                                      1896
  MINIMUM         30   1035 PM -17    1966  11     19       31
                                      1948
                                      1897
  AVERAGE         35                        21     14       42

PRECIPITATION (IN)
  YESTERDAY        0.00          0.53 1916   0.02  -0.02      T
  MONTH TO DATE    0.69                      0.56   0.13     0.34
  SINCE DEC 1      3.55                      1.36   2.19     1.74
  SINCE JAN 1      0.69                      0.56   0.13     0.34

SNOWFALL (IN)
  YESTERDAY        0.0           5.0  1907   0.2   -0.2       T
  MONTH TO DATE    4.9                       6.0   -1.1      4.5
  SINCE DEC 1     16.7                      13.8    2.9      8.3
  SINCE JUL 1     29.2                      19.2   10.0     12.8
  SNOW DEPTH       4

DEGREE DAYS
 HEATING
  YESTERDAY       30                        44    -14       23
  MONTH TO DATE 1234                      1254    -20     1153
  SINCE DEC 1   2279                      2570   -291     2283
  SINCE JUL 1   3385                      4046   -661     3778

 COOLING
  YESTERDAY        0                         0      0        0
  MONTH TO DATE    0                         0      0        0
  SINCE DEC 1      0                         0      0        0
  SINCE JAN 1      0                         0      0        0
..................................................................


WIND (MPH)
  HIGHEST WIND SPEED    23   HIGHEST WIND DIRECTION    NW (320)
  HIGHEST GUST SPEED    27   HIGHEST GUST DIRECTION    NW (320)
  AVERAGE WIND SPEED    10.6


SKY COVER
  POSSIBLE SUNSHINE  MM
  AVERAGE SKY COVER 0.0


WEATHER CONDITIONS
 THE FOLLOWING WEATHER WAS RECORDED YESTERDAY.
  NO SIGNIFICANT WEATHER WAS OBSERVED.


RELATIVE HUMIDITY (PERCENT)
 HIGHEST    85          1000 PM
 LOWEST     64          1200 AM
 AVERAGE    75

..........................................................


THE SIOUX CITY IA CLIMATE NORMALS FOR TODAY
                         NORMAL    RECORD    YEAR
 MAXIMUM TEMPERATURE (F)   31        63      1931
 MINIMUM TEMPERATURE (F)   11       -22      1966


SUNRISE AND SUNSET
JANUARY 29 2016.......SUNRISE   743 AM CST   SUNSET   535 PM CST
JANUARY 30 2016.......SUNRISE   742 AM CST   SUNSET   536 PM CST


-  INDICATES NEGATIVE NUMBERS.
R  INDICATES RECORD WAS SET OR TIED.
MM INDICATES DATA IS MISSING.
T  INDICATES TRACE AMOUNT.




$$
