000
CDUS43 KFSD 200643
CLISUX


CLIMATE REPORT
NATIONAL WEATHER SERVICE SIOUX FALLS SD
1243 AM CST SUN NOV 20 2016


...................................

...THE SIOUX CITY IA CLIMATE SUMMARY FOR NOVEMBER 19 2016...

CLIMATE NORMAL PERIOD 1981 TO 2010
CLIMATE RECORD PERIOD 1889 TO 2016


WEATHER ITEM   OBSERVED TIME   RECORD YEAR NORMAL DEPARTURE LAST
                VALUE   (LST)  VALUE       VALUE  FROM      YEAR
                                                  NORMAL
..................................................................
TEMPERATURE (F)
 YESTERDAY
  MAXIMUM         36    348 PM  71    1989  44     -8       46
  MINIMUM         21   1159 PM  -1    1914  23     -2       26
  AVERAGE         29                        34     -5       36

PRECIPITATION (IN)
  YESTERDAY        0.00          3.23 1948   0.05  -0.05     0.00
  MONTH TO DATE    0.37                      0.85  -0.48     3.19
  SINCE SEP 1      4.75                      5.94  -1.19     7.18
  SINCE JAN 1     29.10                     26.48   2.62    30.92

SNOWFALL (IN)
  YESTERDAY        0.0           8.0  1948   0.1   -0.1      0.0
  MONTH TO DATE    1.0                       2.1   -1.1       T
  SINCE SEP 1      1.0                       3.1   -2.1       T
  SINCE JUL 1      1.0                       3.1   -2.1       T
  SNOW DEPTH       1

DEGREE DAYS
 HEATING
  YESTERDAY       36                        31      5       29
  MONTH TO DATE  306                       495   -189      322
  SINCE SEP 1    660                      1080   -420      703
  SINCE JUL 1    660                      1095   -435      726

 COOLING
  YESTERDAY        0                         0      0        0
  MONTH TO DATE    0                         0      0        0
  SINCE SEP 1    143                        92     51      169
  SINCE JAN 1   1165                       869    296      889
..................................................................


WIND (MPH)
  HIGHEST WIND SPEED    23   HIGHEST WIND DIRECTION    NW (320)
  HIGHEST GUST SPEED    27   HIGHEST GUST DIRECTION    NW (320)
  AVERAGE WIND SPEED     9.2


SKY COVER
  POSSIBLE SUNSHINE  MM
  AVERAGE SKY COVER 0.0


WEATHER CONDITIONS
 THE FOLLOWING WEATHER WAS RECORDED YESTERDAY.
  NO SIGNIFICANT WEATHER WAS OBSERVED.


RELATIVE HUMIDITY (PERCENT)
 HIGHEST    92          1100 PM
 LOWEST     56           100 PM
 AVERAGE    74

..........................................................


THE SIOUX CITY IA CLIMATE NORMALS FOR TODAY
                         NORMAL    RECORD    YEAR
 MAXIMUM TEMPERATURE (F)   44        74      1933
                                             1890
 MINIMUM TEMPERATURE (F)   23        -2      1937


SUNRISE AND SUNSET
NOVEMBER 20 2016......SUNRISE   723 AM CST   SUNSET   459 PM CST
NOVEMBER 21 2016......SUNRISE   724 AM CST   SUNSET   458 PM CST


-  INDICATES NEGATIVE NUMBERS.
R  INDICATES RECORD WAS SET OR TIED.
MM INDICATES DATA IS MISSING.
T  INDICATES TRACE AMOUNT.




$$
