000
CDUS43 KFSD 170655
CLISUX


CLIMATE REPORT
NATIONAL WEATHER SERVICE SIOUX FALLS SD
154 AM CDT SUN AUG 17 2014


...................................

...THE SIOUX CITY IA CLIMATE SUMMARY FOR AUGUST 16 2014...

CLIMATE NORMAL PERIOD 1981 TO 2010
CLIMATE RECORD PERIOD 1889 TO 2014


WEATHER ITEM   OBSERVED TIME   RECORD YEAR NORMAL DEPARTURE LAST
                VALUE   (LST)  VALUE       VALUE  FROM      YEAR
                                                  NORMAL
..................................................................
TEMPERATURE (F)
 YESTERDAY
  MAXIMUM         85    428 PM 106    1937  84      1       75
  MINIMUM         66    623 AM  48    2012  61      5       62
                                      1897
  AVERAGE         76                        72      4       69

PRECIPITATION (IN)
  YESTERDAY        0.00          2.40 1912   0.11  -0.11      T
  MONTH TO DATE    4.23                      1.65   2.58     1.35
  SINCE JUN 1     24.49                      8.98  15.51     5.08
  SINCE JAN 1     29.74                     18.96  10.78    18.31

SNOWFALL (IN)
  YESTERDAY        0.0           0.0    MM   0.0    0.0      0.0
  MONTH TO DATE    0.0                       0.0    0.0      0.0
  SINCE JUN 1      0.0                       0.0    0.0      0.0
  SINCE JUL 1      0.0                       0.0    0.0      0.0
  SNOW DEPTH       0

DEGREE DAYS
 HEATING
  YESTERDAY        0                         0      0        0
  MONTH TO DATE    0                         0      0        5
  SINCE JUN 1     26                        30     -4       60
  SINCE JUL 1      6                         3      3       20

 COOLING
  YESTERDAY       11                         8      3        4
  MONTH TO DATE  112                       135    -23       67
  SINCE JUN 1    500                       616   -116      548
  SINCE JAN 1    621                       680    -59      604
..................................................................


WIND (MPH)
  HIGHEST WIND SPEED     8   HIGHEST WIND DIRECTION    SE (130)
  HIGHEST GUST SPEED    11   HIGHEST GUST DIRECTION    SE (130)
  AVERAGE WIND SPEED     3.3


SKY COVER
  POSSIBLE SUNSHINE  MM
  AVERAGE SKY COVER 0.4


WEATHER CONDITIONS
 THE FOLLOWING WEATHER WAS RECORDED YESTERDAY.
  FOG
  FOG W/VISIBILITY <= 1/4 MILE
  HAZE


RELATIVE HUMIDITY (PERCENT)
 HIGHEST   100           600 AM
 LOWEST     59           500 PM
 AVERAGE    80

..........................................................


THE SIOUX CITY IA CLIMATE NORMALS FOR TODAY
                         NORMAL    RECORD    YEAR
 MAXIMUM TEMPERATURE (F)   83       104      1936
 MINIMUM TEMPERATURE (F)   61        43      2012


SUNRISE AND SUNSET
AUGUST 17 2014........SUNRISE   635 AM CDT   SUNSET   824 PM CDT
AUGUST 18 2014........SUNRISE   636 AM CDT   SUNSET   822 PM CDT


-  INDICATES NEGATIVE NUMBERS.
R  INDICATES RECORD WAS SET OR TIED.
MM INDICATES DATA IS MISSING.
T  INDICATES TRACE AMOUNT.




$$
