000
CDUS43 KFSD 172235
CLISUX


CLIMATE REPORT
NATIONAL WEATHER SERVICE SIOUX FALLS SD
435 PM CST SAT JAN 17 2015


...................................

...THE SIOUX CITY IA CLIMATE SUMMARY FOR JANUARY 17 2015...
VALID TODAY AS OF 0400 PM LOCAL TIME.

CLIMATE NORMAL PERIOD 1981 TO 2010
CLIMATE RECORD PERIOD 1889 TO 2015


WEATHER ITEM   OBSERVED TIME   RECORD YEAR NORMAL DEPARTURE LAST
                VALUE   (LST)  VALUE       VALUE  FROM      YEAR
                                                  NORMAL
..................................................................
TEMPERATURE (F)
 TODAY
  MAXIMUM         47   1210 PM  55    1891  31     16       29
  MINIMUM         34    717 AM -22    1930  10     24        8
  AVERAGE         41                        20     21       19

PRECIPITATION (IN)
  TODAY            T             0.66 1996   0.02  -0.02      T
  MONTH TO DATE    0.24                      0.34  -0.10     0.17
  SINCE DEC 1      1.64                      1.14   0.50     0.35
  SINCE JAN 1      0.24                      0.34  -0.10     0.17

SNOWFALL (IN)
  TODAY            0.0           5.1  1936   0.3   -0.3       T
  MONTH TO DATE    4.4                       3.6    0.8      1.3
  SINCE DEC 1      8.2                      11.4   -3.2      3.6
  SINCE JUL 1     12.7                      16.8   -4.1      4.5
  SNOW DEPTH       T

DEGREE DAYS
 HEATING
  TODAY           24                        45    -21       46
  MONTH TO DATE  850                       765     85      804
  SINCE DEC 1   1980                      2081   -101     2254
  SINCE JUL 1   3475                      3557    -82     3678

 COOLING
  TODAY            0                         0      0        0
  MONTH TO DATE    0                         0      0        0
  SINCE DEC 1      0                         0      0        0
  SINCE JAN 1      0                         0      0        0
..................................................................


WIND (MPH)
  HIGHEST WIND SPEED    37   HIGHEST WIND DIRECTION    NW (320)
  HIGHEST GUST SPEED    45   HIGHEST GUST DIRECTION    NW (320)
  AVERAGE WIND SPEED    12.5


SKY COVER
  POSSIBLE SUNSHINE  MM
  AVERAGE SKY COVER 0.1


WEATHER CONDITIONS
 THE FOLLOWING WEATHER WAS RECORDED TODAY.
  LIGHT RAIN


RELATIVE HUMIDITY (PERCENT)
 HIGHEST    76           400 AM
 LOWEST     58          1200 PM
 AVERAGE    67

..........................................................


THE SIOUX CITY IA CLIMATE NORMALS FOR TOMORROW
                         NORMAL    RECORD    YEAR
 MAXIMUM TEMPERATURE (F)   31        57      1951
                                             1923
 MINIMUM TEMPERATURE (F)   10       -21      1892


SUNRISE AND SUNSET
JANUARY 17 2015.......SUNRISE   751 AM CST   SUNSET   520 PM CST
JANUARY 18 2015.......SUNRISE   751 AM CST   SUNSET   521 PM CST


-  INDICATES NEGATIVE NUMBERS.
R  INDICATES RECORD WAS SET OR TIED.
MM INDICATES DATA IS MISSING.
T  INDICATES TRACE AMOUNT.




$$
