000
CDUS43 KFSD 190624
CLISUX


CLIMATE REPORT
NATIONAL WEATHER SERVICE SIOUX FALLS SD
124 AM CDT THU MAR 19 2015


...................................

...THE SIOUX CITY IA CLIMATE SUMMARY FOR MARCH 18 2015...

CLIMATE NORMAL PERIOD 1981 TO 2010
CLIMATE RECORD PERIOD 1889 TO 2015


WEATHER ITEM   OBSERVED TIME   RECORD YEAR NORMAL DEPARTURE LAST
                VALUE   (LST)  VALUE       VALUE  FROM      YEAR
                                                  NORMAL
..................................................................
TEMPERATURE (F)
 YESTERDAY
  MAXIMUM         56    419 PM  86    2012  49      7       54
  MINIMUM         36    700 AM  -9    1923  26     10       31
  AVERAGE         46                        37      9       43

PRECIPITATION (IN)
  YESTERDAY        0.00          0.73 1963   0.07  -0.07     0.01
  MONTH TO DATE    T                         0.97  -0.97     0.31
  SINCE MAR 1      T                         0.97  -0.97     0.31
  SINCE JAN 1      0.96                      2.26  -1.30     1.08

SNOWFALL (IN)
  YESTERDAY        0.0           3.1  1957   0.2   -0.2      0.1
  MONTH TO DATE    T                         4.2   -4.2      4.6
  SINCE MAR 1      T                         4.2   -4.2      4.6
  SINCE JUL 1     21.5                      30.7   -9.2     18.4
  SNOW DEPTH       0

DEGREE DAYS
 HEATING
  YESTERDAY       19                        28     -9       22
  MONTH TO DATE  432                       565   -133      611
  SINCE MAR 1    432                       565   -133      611
  SINCE JUL 1   5598                      5859   -261     6215

 COOLING
  YESTERDAY        0                         0      0        0
  MONTH TO DATE    0                         0      0        0
  SINCE MAR 1      0                         0      0        0
  SINCE JAN 1      0                         0      0        0
..................................................................


WIND (MPH)
  HIGHEST WIND SPEED    20   HIGHEST WIND DIRECTION    SE (130)
  HIGHEST GUST SPEED    25   HIGHEST GUST DIRECTION    SE (130)
  AVERAGE WIND SPEED     9.5


SKY COVER
  POSSIBLE SUNSHINE  MM
  AVERAGE SKY COVER 0.7


WEATHER CONDITIONS
 THE FOLLOWING WEATHER WAS RECORDED YESTERDAY.
  NO SIGNIFICANT WEATHER WAS OBSERVED.


RELATIVE HUMIDITY (PERCENT)
 HIGHEST    54           100 AM
 LOWEST     20           400 PM
 AVERAGE    37

..........................................................


THE SIOUX CITY IA CLIMATE NORMALS FOR TODAY
                         NORMAL    RECORD    YEAR
 MAXIMUM TEMPERATURE (F)   49        80      1921
 MINIMUM TEMPERATURE (F)   27        -2      1923


SUNRISE AND SUNSET
MARCH 19 2015.........SUNRISE   731 AM CDT   SUNSET   736 PM CDT
MARCH 20 2015.........SUNRISE   729 AM CDT   SUNSET   738 PM CDT


-  INDICATES NEGATIVE NUMBERS.
R  INDICATES RECORD WAS SET OR TIED.
MM INDICATES DATA IS MISSING.
T  INDICATES TRACE AMOUNT.




$$
