000
CDUS43 KFSD 190641
CLISUX


CLIMATE REPORT
NATIONAL WEATHER SERVICE SIOUX FALLS SD
1240 AM CST THU FEB 19 2015


...................................

...THE SIOUX CITY IA CLIMATE SUMMARY FOR FEBRUARY 18 2015...

CLIMATE NORMAL PERIOD 1981 TO 2010
CLIMATE RECORD PERIOD 1889 TO 2015


WEATHER ITEM   OBSERVED TIME   RECORD YEAR NORMAL DEPARTURE LAST
                VALUE   (LST)  VALUE       VALUE  FROM      YEAR
                                                  NORMAL
..................................................................
TEMPERATURE (F)
 YESTERDAY
  MAXIMUM         15    449 PM  69    1930  36    -21       62
  MINIMUM         -1   1159 PM -18    1903  16    -17       26
  AVERAGE          7                        26    -19       44

PRECIPITATION (IN)
  YESTERDAY        T             2.15 1971   0.03  -0.03      T
  MONTH TO DATE    0.18                      0.38  -0.20     0.30
  SINCE DEC 1      2.22                      1.80   0.42     0.67
  SINCE JAN 1      0.82                      1.00  -0.18     0.49

SNOWFALL (IN)
  YESTERDAY        T             9.5  1984   0.2   -0.2      0.0
  MONTH TO DATE    3.6                       4.3   -0.7      4.6
  SINCE DEC 1     15.7                      18.8   -3.1      9.0
  SINCE JUL 1     20.2                      24.2   -4.0      9.9
  SNOW DEPTH       T

DEGREE DAYS
 HEATING
  YESTERDAY       58                        39     19       21
  MONTH TO DATE  794                       746     48      856
  SINCE DEC 1   3181                      3446   -265     3747
  SINCE JUL 1   4676                      4922   -246     5171

 COOLING
  YESTERDAY        0                         0      0        0
  MONTH TO DATE    0                         0      0        0
  SINCE DEC 1      0                         0      0        0
  SINCE JAN 1      0                         0      0        0
..................................................................


WIND (MPH)
  HIGHEST WIND SPEED    25   HIGHEST WIND DIRECTION     N (340)
  HIGHEST GUST SPEED    31   HIGHEST GUST DIRECTION     N (340)
  AVERAGE WIND SPEED    15.0


SKY COVER
  POSSIBLE SUNSHINE  MM
  AVERAGE SKY COVER 0.2


WEATHER CONDITIONS
 THE FOLLOWING WEATHER WAS RECORDED YESTERDAY.
  LIGHT SNOW


RELATIVE HUMIDITY (PERCENT)
 HIGHEST    79           500 AM
 LOWEST     40           400 PM
 AVERAGE    60

..........................................................


THE SIOUX CITY IA CLIMATE NORMALS FOR TODAY
                         NORMAL    RECORD    YEAR
 MAXIMUM TEMPERATURE (F)   36        69      1996
 MINIMUM TEMPERATURE (F)   17       -15      1936


SUNRISE AND SUNSET
FEBRUARY 19 2015......SUNRISE   717 AM CST   SUNSET   603 PM CST
FEBRUARY 20 2015......SUNRISE   715 AM CST   SUNSET   604 PM CST


-  INDICATES NEGATIVE NUMBERS.
R  INDICATES RECORD WAS SET OR TIED.
MM INDICATES DATA IS MISSING.
T  INDICATES TRACE AMOUNT.




$$
