000
CDUS43 KFSD 122223
CLISUX


CLIMATE REPORT
NATIONAL WEATHER SERVICE SIOUX FALLS SD
522 PM CDT WED APR 12 2017


...................................

...THE SIOUX CITY IA CLIMATE SUMMARY FOR APRIL 12 2017...
VALID TODAY AS OF 0500 PM LOCAL TIME.

CLIMATE NORMAL PERIOD 1981 TO 2010
CLIMATE RECORD PERIOD 1889 TO 2017


WEATHER ITEM   OBSERVED TIME   RECORD YEAR NORMAL DEPARTURE LAST
                VALUE   (LST)  VALUE       VALUE  FROM      YEAR
                                                  NORMAL
..................................................................
TEMPERATURE (F)
 TODAY
  MAXIMUM         61    359 PM  86    2010  61      0       69
  MINIMUM         40    425 AM  15    1957  35      5       25
  AVERAGE         51                        48      3       47

PRECIPITATION (IN)
  TODAY            T             1.31 1927   0.09  -0.09     0.00
  MONTH TO DATE    0.53                      1.07  -0.54     0.03
  SINCE MAR 1      2.04                      3.07  -1.03     3.09
  SINCE JAN 1      3.63                      4.36  -0.73     4.93

SNOWFALL (IN)
  TODAY            0.0           1.3  1997   0.1   -0.1      0.0
  MONTH TO DATE    T                         1.1   -1.1      0.0
  SINCE MAR 1      3.1                       7.6   -4.5     14.5
  SINCE JUL 1     28.6                      34.1   -5.5     57.6
  SNOW DEPTH       0

DEGREE DAYS
 HEATING
  TODAY           14                        17     -3       18
  MONTH TO DATE  185                       233    -48      237
  SINCE MAR 1    954                      1117   -163      870
  SINCE JUL 1   5191                      6411  -1220     5329

 COOLING
  TODAY            0                         0      0        0
  MONTH TO DATE    0                         0      0        0
  SINCE MAR 1      0                         0      0        0
  SINCE JAN 1      0                         0      0        0
..................................................................


WIND (MPH)
  HIGHEST WIND SPEED    15   HIGHEST WIND DIRECTION    SE (130)
  HIGHEST GUST SPEED    19   HIGHEST GUST DIRECTION    SE (130)
  AVERAGE WIND SPEED     9.2


SKY COVER
  POSSIBLE SUNSHINE  MM
  AVERAGE SKY COVER 0.6


WEATHER CONDITIONS
 THE FOLLOWING WEATHER WAS RECORDED TODAY.
  NO SIGNIFICANT WEATHER WAS OBSERVED.


RELATIVE HUMIDITY (PERCENT)
 HIGHEST    83           700 AM
 LOWEST     57           100 PM
 AVERAGE    70

..........................................................


THE SIOUX CITY IA CLIMATE NORMALS FOR TOMORROW
                         NORMAL    RECORD    YEAR
 MAXIMUM TEMPERATURE (F)   62        91      2006
 MINIMUM TEMPERATURE (F)   36        15      1950


SUNRISE AND SUNSET
APRIL 12 2017.........SUNRISE   649 AM CDT   SUNSET   804 PM CDT
APRIL 13 2017.........SUNRISE   647 AM CDT   SUNSET   805 PM CDT


-  INDICATES NEGATIVE NUMBERS.
R  INDICATES RECORD WAS SET OR TIED.
MM INDICATES DATA IS MISSING.
T  INDICATES TRACE AMOUNT.




$$
