000
CDUS43 KFSD 110035
CLISUX


CLIMATE REPORT
NATIONAL WEATHER SERVICE SIOUX FALLS SD
735 PM CDT THU APR 10 2014


...................................

...THE SIOUX CITY IA CLIMATE SUMMARY FOR APRIL 10 2014...
VALID AS OF 0700 PM LOCAL TIME.

CLIMATE NORMAL PERIOD 1981 TO 2010
CLIMATE RECORD PERIOD 1889 TO 2014


WEATHER ITEM   OBSERVED TIME   RECORD YEAR NORMAL DEPARTURE LAST
                VALUE   (LST)  VALUE       VALUE  FROM      YEAR
                                                  NORMAL
..................................................................
TEMPERATURE (F)
 TODAY
  MAXIMUM         69    439 PM  84    2006  60      9       34
                                      1977
                                      1930
  MINIMUM         43    551 AM  20    1989  35      8       31
  AVERAGE         56                        47      9       33

PRECIPITATION (IN)
  TODAY            0.00          2.10 1922   0.09  -0.09     0.20
  MONTH TO DATE    0.66                      0.88  -0.22     2.56
  SINCE MAR 1      1.04                      2.88  -1.84     4.56
  SINCE JAN 1      1.81                      4.17  -2.36     5.76

SNOWFALL (IN)
  TODAY            0.0          20.0  1913   0.1   -0.1      2.2
  MONTH TO DATE    3.5                       1.0    2.5      3.7
  SINCE MAR 1      8.2                       7.5    0.7     15.4
  SINCE JUL 1     22.0                      34.0  -12.0     36.2
  SNOW DEPTH       0

DEGREE DAYS
 HEATING
  TODAY            9                        18     -9       32
  MONTH TO DATE  211                       198     13      218
  SINCE MAR 1   1191                      1082    109     1265
  SINCE JUL 1   6795                      6376    419     6414

 COOLING
  TODAY            0                         0      0        0
  MONTH TO DATE    0                         0      0        0
  SINCE MAR 1      0                         0      0        0
  SINCE JAN 1      0                         0      0        0
..................................................................


WIND (MPH)
  HIGHEST WIND SPEED    26   HIGHEST WIND DIRECTION     N (10)
  HIGHEST GUST SPEED    35   HIGHEST GUST DIRECTION     N (10)
  AVERAGE WIND SPEED    12.3


SKY COVER
  POSSIBLE SUNSHINE  MM
  AVERAGE SKY COVER 0.0


WEATHER CONDITIONS
 THE FOLLOWING WEATHER WAS RECORDED TODAY.
  NO SIGNIFICANT WEATHER WAS OBSERVED.


RELATIVE HUMIDITY (PERCENT)
 HIGHEST    MM
 LOWEST     MM
 AVERAGE    MM

..........................................................


THE SIOUX CITY IA CLIMATE NORMALS FOR TOMORROW
                         NORMAL    RECORD    YEAR
 MAXIMUM TEMPERATURE (F)   61        89      1968
 MINIMUM TEMPERATURE (F)   35        16      1940


SUNRISE AND SUNSET
APRIL 10 2014.........SUNRISE   653 AM CDT   SUNSET   802 PM CDT
APRIL 11 2014.........SUNRISE   651 AM CDT   SUNSET   803 PM CDT


-  INDICATES NEGATIVE NUMBERS.
R  INDICATES RECORD WAS SET OR TIED.
MM INDICATES DATA IS MISSING.
T  INDICATES TRACE AMOUNT.



&&
.........................................................

ADDITIONAL WEATHER INFORMATION FOR TODAY
        TEMPERATURE / HUMIDITY
AT  4 AM      54    /    54%
AT  7 AM      44    /    70%
AT 10 AM      54    /    42%
AT  1 PM      64    /    19%
AT  4 PM      68    /    15%
AT  7 PM      66    /    14%

THE CURRENT MISSOURI RIVER STAGE...12.86 FT.

$$
