000
CDUS43 KFSD 040623
CLISUX


CLIMATE REPORT
NATIONAL WEATHER SERVICE SIOUX FALLS SD
1223 AM CST SUN FEB 4 2018


...................................

...THE SIOUX CITY IA CLIMATE SUMMARY FOR FEBRUARY 3 2018...

CLIMATE NORMAL PERIOD 1981 TO 2010
CLIMATE RECORD PERIOD 1889 TO 2018


WEATHER ITEM   OBSERVED TIME   RECORD YEAR NORMAL DEPARTURE LAST
                VALUE   (LST)  VALUE       VALUE  FROM      YEAR
                                                  NORMAL
..................................................................
TEMPERATURE (F)
 YESTERDAY
  MAXIMUM         42    249 PM  62    1934  32     10       28
  MINIMUM         17   1159 PM -20    1905  12      5       13
  AVERAGE         30                        22      8       21

PRECIPITATION (IN)
  YESTERDAY        T             0.65 1997   0.02  -0.02     0.00
  MONTH TO DATE    T                         0.06  -0.06      T
  SINCE DEC 1      1.77                      1.48   0.29     2.15
  SINCE JAN 1      1.38                      0.68   0.70     0.67

SNOWFALL (IN)
  YESTERDAY        T             7.0  1997   0.2   -0.2      0.0
  MONTH TO DATE    T                         0.7   -0.7       T
  SINCE DEC 1     20.7                      15.2    5.5     11.7
  SINCE JUL 1     20.7                      20.6    0.1     12.7
  SNOW DEPTH       7

DEGREE DAYS
 HEATING
  YESTERDAY       35                        43     -8       44
  MONTH TO DATE  140                       129     11      128
  SINCE DEC 1   2829                      2829      0     2592
  SINCE JUL 1   4148                      4305   -157     3536

 COOLING
  YESTERDAY        0                         0      0        0
  MONTH TO DATE    0                         0      0        0
  SINCE DEC 1      0                         0      0        0
  SINCE JAN 1      0                         0      0        0
..................................................................


WIND (MPH)
  HIGHEST WIND SPEED    29   HIGHEST WIND DIRECTION     N (360)
  HIGHEST GUST SPEED    33   HIGHEST GUST DIRECTION    NW (320)
  AVERAGE WIND SPEED    13.1


SKY COVER
  POSSIBLE SUNSHINE  MM
  AVERAGE SKY COVER 0.8


WEATHER CONDITIONS
 THE FOLLOWING WEATHER WAS RECORDED YESTERDAY.
  LT FREEZING RAIN


RELATIVE HUMIDITY (PERCENT)
 HIGHEST    81           500 AM
 LOWEST     58           100 AM
 AVERAGE    70

..........................................................


THE SIOUX CITY IA CLIMATE NORMALS FOR TODAY
                         NORMAL    RECORD    YEAR
 MAXIMUM TEMPERATURE (F)   32        66      2005
 MINIMUM TEMPERATURE (F)   12       -25      1905


SUNRISE AND SUNSET
FEBRUARY  4 2018......SUNRISE   736 AM CST   SUNSET   544 PM CST
FEBRUARY  5 2018......SUNRISE   735 AM CST   SUNSET   545 PM CST


-  INDICATES NEGATIVE NUMBERS.
R  INDICATES RECORD WAS SET OR TIED.
MM INDICATES DATA IS MISSING.
T  INDICATES TRACE AMOUNT.




$$
