000
CDUS43 KFSD 190649
CLISUX


CLIMATE REPORT
NATIONAL WEATHER SERVICE SIOUX FALLS SD
148 AM CDT SUN MAR 19 2017


...................................

...THE SIOUX CITY IA CLIMATE SUMMARY FOR MARCH 18 2017...

CLIMATE NORMAL PERIOD 1981 TO 2010
CLIMATE RECORD PERIOD 1889 TO 2017


WEATHER ITEM   OBSERVED TIME   RECORD YEAR NORMAL DEPARTURE LAST
                VALUE   (LST)  VALUE       VALUE  FROM      YEAR
                                                  NORMAL
..................................................................
TEMPERATURE (F)
 YESTERDAY
  MAXIMUM         56    431 PM  86    2012  49      7       43
  MINIMUM         24    653 AM  -9    1923  26     -2       23
  AVERAGE         40                        37      3       33

PRECIPITATION (IN)
  YESTERDAY        0.00          0.73 1963   0.07  -0.07     0.00
  MONTH TO DATE    0.35                      0.97  -0.62     0.43
  SINCE MAR 1      0.35                      0.97  -0.62     0.43
  SINCE JAN 1      1.94                      2.26  -0.32     2.27

SNOWFALL (IN)
  YESTERDAY        0.0           3.1  1957   0.2   -0.2      0.0
  MONTH TO DATE    2.8                       4.2   -1.4      0.1
  SINCE MAR 1      2.8                       4.2   -1.4      0.1
  SINCE JUL 1     28.3                      30.7   -2.4     43.2
  SNOW DEPTH       0

DEGREE DAYS
 HEATING
  YESTERDAY       25                        28     -3       32
  MONTH TO DATE  514                       565    -51      334
  SINCE MAR 1    514                       565    -51      334
  SINCE JUL 1   4751                      5859  -1108     4793

 COOLING
  YESTERDAY        0                         0      0        0
  MONTH TO DATE    0                         0      0        0
  SINCE MAR 1      0                         0      0        0
  SINCE JAN 1      0                         0      0        0
..................................................................


WIND (MPH)
  HIGHEST WIND SPEED    16   HIGHEST WIND DIRECTION    NW (310)
  HIGHEST GUST SPEED    21   HIGHEST GUST DIRECTION    NW (320)
  AVERAGE WIND SPEED     7.1


SKY COVER
  POSSIBLE SUNSHINE  MM
  AVERAGE SKY COVER 0.1


WEATHER CONDITIONS
 THE FOLLOWING WEATHER WAS RECORDED YESTERDAY.
  NO SIGNIFICANT WEATHER WAS OBSERVED.


RELATIVE HUMIDITY (PERCENT)
 HIGHEST    88           700 AM
 LOWEST     19           400 PM
 AVERAGE    54

..........................................................


THE SIOUX CITY IA CLIMATE NORMALS FOR TODAY
                         NORMAL    RECORD    YEAR
 MAXIMUM TEMPERATURE (F)   49        80      1921
 MINIMUM TEMPERATURE (F)   27        -2      1923


SUNRISE AND SUNSET
MARCH 19 2017.........SUNRISE   730 AM CDT   SUNSET   737 PM CDT
MARCH 20 2017.........SUNRISE   728 AM CDT   SUNSET   738 PM CDT


-  INDICATES NEGATIVE NUMBERS.
R  INDICATES RECORD WAS SET OR TIED.
MM INDICATES DATA IS MISSING.
T  INDICATES TRACE AMOUNT.




$$
