000
CDUS43 KFSD 300646
CLISUX


CLIMATE REPORT
NATIONAL WEATHER SERVICE SIOUX FALLS SD
143 AM CDT SAT SEP 30 2017


...................................

...THE SIOUX CITY IA CLIMATE SUMMARY FOR SEPTEMBER 29 2017...

CLIMATE NORMAL PERIOD 1981 TO 2010
CLIMATE RECORD PERIOD 1889 TO 2017


WEATHER ITEM   OBSERVED TIME   RECORD YEAR NORMAL DEPARTURE LAST
                VALUE   (LST)  VALUE       VALUE  FROM      YEAR
                                                  NORMAL
..................................................................
TEMPERATURE (F)
 YESTERDAY
  MAXIMUM         74    309 PM  92    1981  71      3       73
  MINIMUM         47    350 AM  24    1945  44      3       42
  AVERAGE         61                        58      3       58

PRECIPITATION (IN)
  YESTERDAY        0.00          2.94 1965   0.09  -0.09     0.00
  MONTH TO DATE    2.18                      2.87  -0.69     2.78
  SINCE SEP 1      2.18                      2.87  -0.69     2.78
  SINCE JAN 1     22.37                     23.41  -1.04    27.13

SNOWFALL (IN)
  YESTERDAY        0.0           T    1985   0.0    0.0      0.0
  MONTH TO DATE    0.0                       0.0    0.0      0.0
  SINCE SEP 1      0.0                       0.0    0.0      0.0
  SINCE JUL 1      0.0                       0.0    0.0      0.0
  SNOW DEPTH       0

DEGREE DAYS
 HEATING
  YESTERDAY        4                         8     -4        7
  MONTH TO DATE   64                       124    -60       44
  SINCE SEP 1     64                       124    -60       44
  SINCE JUL 1     72                       139    -67       44

 COOLING
  YESTERDAY        0                         1     -1        0
  MONTH TO DATE  119                        81     38      143
  SINCE SEP 1    119                        81     38      143
  SINCE JAN 1    951                       858     93     1165
..................................................................


WIND (MPH)
  HIGHEST WIND SPEED    13   HIGHEST WIND DIRECTION     E (80)
  HIGHEST GUST SPEED    19   HIGHEST GUST DIRECTION     E (90)
  AVERAGE WIND SPEED     6.3


SKY COVER
  POSSIBLE SUNSHINE  MM
  AVERAGE SKY COVER 0.0


WEATHER CONDITIONS
 THE FOLLOWING WEATHER WAS RECORDED YESTERDAY.
  NO SIGNIFICANT WEATHER WAS OBSERVED.


RELATIVE HUMIDITY (PERCENT)
 HIGHEST   100           200 AM
 LOWEST     46           200 PM
 AVERAGE    73

..........................................................


THE SIOUX CITY IA CLIMATE NORMALS FOR TODAY
                         NORMAL    RECORD    YEAR
 MAXIMUM TEMPERATURE (F)   71        92      1897
 MINIMUM TEMPERATURE (F)   44        27      1895


SUNRISE AND SUNSET
SEPTEMBER 30 2017.....SUNRISE   722 AM CDT   SUNSET   708 PM CDT
OCTOBER  1 2017.......SUNRISE   723 AM CDT   SUNSET   706 PM CDT


-  INDICATES NEGATIVE NUMBERS.
R  INDICATES RECORD WAS SET OR TIED.
MM INDICATES DATA IS MISSING.
T  INDICATES TRACE AMOUNT.




$$
