000
CDUS43 KFSD 100622
CLISUX


CLIMATE REPORT
NATIONAL WEATHER SERVICE SIOUX FALLS SD
121 AM CDT SAT JUN 10 2017


...................................

...THE SIOUX CITY IA CLIMATE SUMMARY FOR JUNE 9 2017...

CLIMATE NORMAL PERIOD 1981 TO 2010
CLIMATE RECORD PERIOD 1889 TO 2017


WEATHER ITEM   OBSERVED TIME   RECORD YEAR NORMAL DEPARTURE LAST
                VALUE   (LST)  VALUE       VALUE  FROM      YEAR
                                                  NORMAL
..................................................................
TEMPERATURE (F)
 YESTERDAY
  MAXIMUM         94    355 PM 100    2006  81     13       94
  MINIMUM         62    518 AM  40    1915  57      5       68
  AVERAGE         78                        69      9       81

PRECIPITATION (IN)
  YESTERDAY        0.00          2.64 1945   0.13  -0.13     0.01
  MONTH TO DATE    0.00                      1.22  -1.22     0.16
  SINCE JUN 1      0.00                      1.22  -1.22     0.16
  SINCE JAN 1      9.47                     11.20  -1.73    15.89

SNOWFALL (IN)
  YESTERDAY        0.0           0.0    MM   0.0    0.0      0.0
  MONTH TO DATE    0.0                       0.0    0.0      0.0
  SINCE JUN 1      0.0                       0.0    0.0      0.0
  SINCE JUL 1     28.6                      34.8   -6.2     57.6
  SNOW DEPTH       0

DEGREE DAYS
 HEATING
  YESTERDAY        0                         1     -1        0
  MONTH TO DATE    0                        15    -15        0
  SINCE JUN 1      0                        15    -15        0
  SINCE JUL 1   5638                      6849  -1211     5655

 COOLING
  YESTERDAY       13                         5      8       16
  MONTH TO DATE   90                        37     53       46
  SINCE JUN 1     90                        37     53       46
  SINCE JAN 1    128                       101     27       98
..................................................................


WIND (MPH)
  HIGHEST WIND SPEED    25   HIGHEST WIND DIRECTION     S (190)
  HIGHEST GUST SPEED    32   HIGHEST GUST DIRECTION    SW (210)
  AVERAGE WIND SPEED    13.5


SKY COVER
  POSSIBLE SUNSHINE  MM
  AVERAGE SKY COVER 0.0


WEATHER CONDITIONS
 THE FOLLOWING WEATHER WAS RECORDED YESTERDAY.
  NO SIGNIFICANT WEATHER WAS OBSERVED.


RELATIVE HUMIDITY (PERCENT)
 HIGHEST    72           500 AM
 LOWEST     24           300 PM
 AVERAGE    48

..........................................................


THE SIOUX CITY IA CLIMATE NORMALS FOR TODAY
                         NORMAL    RECORD    YEAR
 MAXIMUM TEMPERATURE (F)   81       107      1933
 MINIMUM TEMPERATURE (F)   57        44      1908


SUNRISE AND SUNSET
JUNE 10 2017..........SUNRISE   548 AM CDT   SUNSET   902 PM CDT
JUNE 11 2017..........SUNRISE   548 AM CDT   SUNSET   903 PM CDT


-  INDICATES NEGATIVE NUMBERS.
R  INDICATES RECORD WAS SET OR TIED.
MM INDICATES DATA IS MISSING.
T  INDICATES TRACE AMOUNT.




$$
