000
CDUS43 KFSD 160630
CLISUX


CLIMATE REPORT
NATIONAL WEATHER SERVICE SIOUX FALLS SD
1229 AM CST FRI FEB 16 2018


...................................

...THE SIOUX CITY IA CLIMATE SUMMARY FOR FEBRUARY 15 2018...

CLIMATE NORMAL PERIOD 1981 TO 2010
CLIMATE RECORD PERIOD 1889 TO 2018


WEATHER ITEM   OBSERVED TIME   RECORD YEAR NORMAL DEPARTURE LAST
                VALUE   (LST)  VALUE       VALUE  FROM      YEAR
                                                  NORMAL
..................................................................
TEMPERATURE (F)
 YESTERDAY
  MAXIMUM         37    113 PM  67    1921  35      2       49
  MINIMUM         14   1159 PM -20    1936  15     -1       26
  AVERAGE         26                        25      1       38

PRECIPITATION (IN)
  YESTERDAY        T             0.32 1983   0.02  -0.02     0.00
                                      1962
  MONTH TO DATE    0.59                      0.31   0.28     0.17
  SINCE DEC 1      2.36                      1.73   0.63     2.32
  SINCE JAN 1      1.97                      0.93   1.04     0.84

SNOWFALL (IN)
  YESTERDAY        T             2.5  1997   0.2   -0.2      0.0
  MONTH TO DATE    7.1                       3.6    3.5      2.9
  SINCE DEC 1     27.8                      18.1    9.7     14.6
  SINCE JUL 1     27.8                      23.5    4.3     15.6
  SNOW DEPTH      10

DEGREE DAYS
 HEATING
  YESTERDAY       39                        40     -1       27
  MONTH TO DATE  789                       628    161      516
  SINCE DEC 1   3478                      3328    150     2980
  SINCE JUL 1   4797                      4804     -7     3924

 COOLING
  YESTERDAY        0                         0      0        0
  MONTH TO DATE    0                         0      0        0
  SINCE DEC 1      0                         0      0        0
  SINCE JAN 1      0                         0      0        0
..................................................................


WIND (MPH)
  HIGHEST WIND SPEED    31   HIGHEST WIND DIRECTION    NW (330)
  HIGHEST GUST SPEED    36   HIGHEST GUST DIRECTION     N (340)
  AVERAGE WIND SPEED    13.5


SKY COVER
  POSSIBLE SUNSHINE  MM
  AVERAGE SKY COVER 0.4


WEATHER CONDITIONS
 THE FOLLOWING WEATHER WAS RECORDED YESTERDAY.
  LIGHT SNOW
  FOG


RELATIVE HUMIDITY (PERCENT)
 HIGHEST   100           100 AM
 LOWEST     75          1200 PM
 AVERAGE    88

..........................................................


THE SIOUX CITY IA CLIMATE NORMALS FOR TODAY
                         NORMAL    RECORD    YEAR
 MAXIMUM TEMPERATURE (F)   35        66      1981
 MINIMUM TEMPERATURE (F)   16       -25      1936


SUNRISE AND SUNSET
FEBRUARY 16 2018......SUNRISE   721 AM CST   SUNSET   559 PM CST
FEBRUARY 17 2018......SUNRISE   719 AM CST   SUNSET   600 PM CST


-  INDICATES NEGATIVE NUMBERS.
R  INDICATES RECORD WAS SET OR TIED.
MM INDICATES DATA IS MISSING.
T  INDICATES TRACE AMOUNT.




$$
