000
CDUS43 KFSD 090624
CLISUX


CLIMATE REPORT
NATIONAL WEATHER SERVICE SIOUX FALLS SD
121 AM CDT TUE AUG 9 2016


...................................

...THE SIOUX CITY IA CLIMATE SUMMARY FOR AUGUST 8 2016...

CLIMATE NORMAL PERIOD 1981 TO 2010
CLIMATE RECORD PERIOD 1889 TO 2016


WEATHER ITEM   OBSERVED TIME   RECORD YEAR NORMAL DEPARTURE LAST
                VALUE   (LST)  VALUE       VALUE  FROM      YEAR
                                                  NORMAL
..................................................................
TEMPERATURE (F)
 YESTERDAY
  MAXIMUM         82   1256 PM 105    1934  84     -2       83
  MINIMUM         58    505 AM  50    1989  62     -4       71
  AVERAGE         70                        73     -3       77

PRECIPITATION (IN)
  YESTERDAY        0.00          2.03 1969   0.09  -0.09     0.02
  MONTH TO DATE    0.53                      0.79  -0.26     0.07
  SINCE JUN 1      4.10                      8.12  -4.02     9.94
  SINCE JAN 1     19.83                     18.10   1.73    17.84

SNOWFALL (IN)
  YESTERDAY        0.0           0.0    MM   0.0    0.0      0.0
  MONTH TO DATE    0.0                       0.0    0.0      0.0
  SINCE JUN 1      0.0                       0.0    0.0      0.0
  SINCE JUL 1      0.0                       0.0    0.0      0.0
  SNOW DEPTH       0

DEGREE DAYS
 HEATING
  YESTERDAY        0                         0      0        0
  MONTH TO DATE    0                         0      0        0
  SINCE JUN 1      0                        30    -30        5
  SINCE JUL 1      0                         3     -3        3

 COOLING
  YESTERDAY        5                         8     -3       12
  MONTH TO DATE   85                        71     14       76
  SINCE JUN 1    767                       552    215      573
  SINCE JAN 1    819                       616    203      602
..................................................................


WIND (MPH)
  HIGHEST WIND SPEED    17   HIGHEST WIND DIRECTION    SE (140)
  HIGHEST GUST SPEED    22   HIGHEST GUST DIRECTION     S (170)
  AVERAGE WIND SPEED     8.0


SKY COVER
  POSSIBLE SUNSHINE  MM
  AVERAGE SKY COVER 0.4


WEATHER CONDITIONS
 THE FOLLOWING WEATHER WAS RECORDED YESTERDAY.
  NO SIGNIFICANT WEATHER WAS OBSERVED.


RELATIVE HUMIDITY (PERCENT)
 HIGHEST    93           500 AM
 LOWEST     51           100 PM
 AVERAGE    72

..........................................................


THE SIOUX CITY IA CLIMATE NORMALS FOR TODAY
                         NORMAL    RECORD    YEAR
 MAXIMUM TEMPERATURE (F)   84       102      1936
 MINIMUM TEMPERATURE (F)   62        46      1927


SUNRISE AND SUNSET
AUGUST  9 2016........SUNRISE   627 AM CDT   SUNSET   834 PM CDT
AUGUST 10 2016........SUNRISE   628 AM CDT   SUNSET   833 PM CDT


-  INDICATES NEGATIVE NUMBERS.
R  INDICATES RECORD WAS SET OR TIED.
MM INDICATES DATA IS MISSING.
T  INDICATES TRACE AMOUNT.




$$
