000
CDUS43 KFSD 180653
CLISUX


CLIMATE REPORT
NATIONAL WEATHER SERVICE SIOUX FALLS SD
153 AM CDT SAT JUL 18 2015


...................................

...THE SIOUX CITY IA CLIMATE SUMMARY FOR JULY 17 2015...

CLIMATE NORMAL PERIOD 1981 TO 2010
CLIMATE RECORD PERIOD 1889 TO 2015


WEATHER ITEM   OBSERVED TIME   RECORD YEAR NORMAL DEPARTURE LAST
                VALUE   (LST)  VALUE       VALUE  FROM      YEAR
                                                  NORMAL
..................................................................
TEMPERATURE (F)
 YESTERDAY
  MAXIMUM         94    350 PM 111    1936  86      8       79
  MINIMUM         65    509 AM  49    1911  64      1       52
  AVERAGE         80                        75      5       66

PRECIPITATION (IN)
  YESTERDAY        0.48          5.50 1972   0.12   0.36     0.00
  MONTH TO DATE    1.68                      1.94  -0.26     3.51
  SINCE JUN 1      5.87                      5.83   0.04    20.16
  SINCE JAN 1     13.77                     15.81  -2.04    25.41

SNOWFALL (IN)
  YESTERDAY        0.0           0.0    MM   0.0    0.0      0.0
  MONTH TO DATE    0.0                       0.0    0.0      0.0
  SINCE JUN 1      0.0                       0.0    0.0      0.0
  SINCE JUL 1      0.0                       0.0    0.0      0.0
  SNOW DEPTH       0

DEGREE DAYS
 HEATING
  YESTERDAY        0                         0      0        0
  MONTH TO DATE    3                         0      3        6
  SINCE JUN 1      5                        27    -22       26
  SINCE JUL 1      3                         0      3        6

 COOLING
  YESTERDAY       15                        10      5        1
  MONTH TO DATE  144                       164    -20       87
  SINCE JUN 1    353                       352      1      282
  SINCE JAN 1    382                       416    -34      403
..................................................................


WIND (MPH)
  HIGHEST WIND SPEED    38   HIGHEST WIND DIRECTION     W (280)
  HIGHEST GUST SPEED    50   HIGHEST GUST DIRECTION     W (280)
  AVERAGE WIND SPEED     9.2


SKY COVER
  POSSIBLE SUNSHINE  MM
  AVERAGE SKY COVER 0.0


WEATHER CONDITIONS
 THE FOLLOWING WEATHER WAS RECORDED YESTERDAY.
  THUNDERSTORM
  HEAVY RAIN
  RAIN
  LIGHT RAIN
  FOG


RELATIVE HUMIDITY (PERCENT)
 HIGHEST    93           300 AM
 LOWEST     52           100 PM
 AVERAGE    73

..........................................................


THE SIOUX CITY IA CLIMATE NORMALS FOR TODAY
                         NORMAL    RECORD    YEAR
 MAXIMUM TEMPERATURE (F)   86       105      1940
 MINIMUM TEMPERATURE (F)   64        50      2009


SUNRISE AND SUNSET
JULY 18 2015..........SUNRISE   604 AM CDT   SUNSET   859 PM CDT
JULY 19 2015..........SUNRISE   605 AM CDT   SUNSET   858 PM CDT


-  INDICATES NEGATIVE NUMBERS.
R  INDICATES RECORD WAS SET OR TIED.
MM INDICATES DATA IS MISSING.
T  INDICATES TRACE AMOUNT.




$$
