000
CDUS43 KFSD 110643
CLISUX


CLIMATE REPORT
NATIONAL WEATHER SERVICE SIOUX FALLS SD
1242 AM CST THU DEC 11 2014


...................................

...THE SIOUX CITY IA CLIMATE SUMMARY FOR DECEMBER 10 2014...

CLIMATE NORMAL PERIOD 1981 TO 2010
CLIMATE RECORD PERIOD 1889 TO 2014


WEATHER ITEM   OBSERVED TIME   RECORD YEAR NORMAL DEPARTURE LAST
                VALUE   (LST)  VALUE       VALUE  FROM      YEAR
                                                  NORMAL
..................................................................
TEMPERATURE (F)
 YESTERDAY
  MAXIMUM         34    516 PM  68    1890  33      1       28
  MINIMUM         20    632 AM -16    1919  14      6        9
  AVERAGE         27                        24      3       19

PRECIPITATION (IN)
  YESTERDAY        0.00          0.94 1970   0.03  -0.03      T
  MONTH TO DATE    T                         0.31  -0.31     0.13
  SINCE DEC 1      T                         0.31  -0.31     0.13
  SINCE JAN 1     39.96                     27.25  12.71    26.58

SNOWFALL (IN)
  YESTERDAY        0.0           5.4  1970   0.3   -0.3       T
  MONTH TO DATE    0.0                       2.6   -2.6      1.6
  SINCE DEC 1      0.0                       2.6   -2.6      1.6
  SINCE JUL 1      4.5                       8.0   -3.5      2.5
  SNOW DEPTH       0

DEGREE DAYS
 HEATING
  YESTERDAY       38                        41     -3       46
  MONTH TO DATE  360                       397    -37      476
  SINCE DEC 1    360                       397    -37      476
  SINCE JUL 1   1855                      1873    -18     1900

 COOLING
  YESTERDAY        0                         0      0        0
  MONTH TO DATE    0                         0      0        0
  SINCE DEC 1      0                         0      0        0
  SINCE JAN 1    862                       869     -7      960
..................................................................


WIND (MPH)
  HIGHEST WIND SPEED    16   HIGHEST WIND DIRECTION     S (160)
  HIGHEST GUST SPEED    19   HIGHEST GUST DIRECTION    SE (140)
  AVERAGE WIND SPEED     8.7


SKY COVER
  POSSIBLE SUNSHINE  MM
  AVERAGE SKY COVER 0.7


WEATHER CONDITIONS
 THE FOLLOWING WEATHER WAS RECORDED YESTERDAY.
  FOG


RELATIVE HUMIDITY (PERCENT)
 HIGHEST    92           500 AM
 LOWEST     75           300 PM
 AVERAGE    84

..........................................................


THE SIOUX CITY IA CLIMATE NORMALS FOR TODAY
                         NORMAL    RECORD    YEAR
 MAXIMUM TEMPERATURE (F)   33        60      1946
                                             1943
                                             1889
 MINIMUM TEMPERATURE (F)   14       -10      1989


SUNRISE AND SUNSET
DECEMBER 11 2014......SUNRISE   745 AM CST   SUNSET   453 PM CST
DECEMBER 12 2014......SUNRISE   746 AM CST   SUNSET   453 PM CST


-  INDICATES NEGATIVE NUMBERS.
R  INDICATES RECORD WAS SET OR TIED.
MM INDICATES DATA IS MISSING.
T  INDICATES TRACE AMOUNT.




$$
