000
CDUS43 KFSD 060630
CLISUX


CLIMATE REPORT
NATIONAL WEATHER SERVICE SIOUX FALLS SD
130 AM CDT TUE JUN 6 2017


...................................

...THE SIOUX CITY IA CLIMATE SUMMARY FOR JUNE 5 2017...

CLIMATE NORMAL PERIOD 1981 TO 2010
CLIMATE RECORD PERIOD 1889 TO 2017


WEATHER ITEM   OBSERVED TIME   RECORD YEAR NORMAL DEPARTURE LAST
                VALUE   (LST)  VALUE       VALUE  FROM      YEAR
                                                  NORMAL
..................................................................
TEMPERATURE (F)
 YESTERDAY
  MAXIMUM         91    417 PM 100    1933  79     12       88
  MINIMUM         54    512 AM  42    1935  56     -2       54
                                      1910
  AVERAGE         73                        67      6       71

PRECIPITATION (IN)
  YESTERDAY        0.00          1.77 1918   0.14  -0.14     0.00
  MONTH TO DATE    0.00                      0.68  -0.68     0.15
  SINCE JUN 1      0.00                      0.68  -0.68     0.15
  SINCE JAN 1      9.47                     10.66  -1.19    15.88

SNOWFALL (IN)
  YESTERDAY        0.0           0.0    MM   0.0    0.0      0.0
  MONTH TO DATE    0.0                       0.0    0.0      0.0
  SINCE JUN 1      0.0                       0.0    0.0      0.0
  SINCE JUL 1     28.6                      34.8   -6.2     57.6
  SNOW DEPTH       0

DEGREE DAYS
 HEATING
  YESTERDAY        0                         2     -2        0
  MONTH TO DATE    0                        10    -10        0
  SINCE JUN 1      0                        10    -10        0
  SINCE JUL 1   5638                      6844  -1206     5655

 COOLING
  YESTERDAY        8                         4      4        6
  MONTH TO DATE   49                        19     30       18
  SINCE JUN 1     49                        19     30       18
  SINCE JAN 1     87                        83      4       70
..................................................................


WIND (MPH)
  HIGHEST WIND SPEED    16   HIGHEST WIND DIRECTION    NE (40)
  HIGHEST GUST SPEED    21   HIGHEST GUST DIRECTION     N (360)
  AVERAGE WIND SPEED     6.3


SKY COVER
  POSSIBLE SUNSHINE  MM
  AVERAGE SKY COVER 0.0


WEATHER CONDITIONS
 THE FOLLOWING WEATHER WAS RECORDED YESTERDAY.
  NO SIGNIFICANT WEATHER WAS OBSERVED.


RELATIVE HUMIDITY (PERCENT)
 HIGHEST    80           200 AM
 LOWEST     24          1200 PM
 AVERAGE    52

..........................................................


THE SIOUX CITY IA CLIMATE NORMALS FOR TODAY
                         NORMAL    RECORD    YEAR
 MAXIMUM TEMPERATURE (F)   80       104      1933
 MINIMUM TEMPERATURE (F)   56        39      1983


SUNRISE AND SUNSET
JUNE  6 2017..........SUNRISE   549 AM CDT   SUNSET   900 PM CDT
JUNE  7 2017..........SUNRISE   549 AM CDT   SUNSET   900 PM CDT


-  INDICATES NEGATIVE NUMBERS.
R  INDICATES RECORD WAS SET OR TIED.
MM INDICATES DATA IS MISSING.
T  INDICATES TRACE AMOUNT.




$$
