000
CDUS43 KFSD 050653
CLISUX


CLIMATE REPORT
NATIONAL WEATHER SERVICE SIOUX FALLS SD
153 AM CDT THU OCT 5 2017


...................................

...THE SIOUX CITY IA CLIMATE SUMMARY FOR OCTOBER 4 2017...

CLIMATE NORMAL PERIOD 1981 TO 2010
CLIMATE RECORD PERIOD 1889 TO 2017


WEATHER ITEM   OBSERVED TIME   RECORD YEAR NORMAL DEPARTURE LAST
                VALUE   (LST)  VALUE       VALUE  FROM      YEAR
                                                  NORMAL
..................................................................
TEMPERATURE (F)
 YESTERDAY
  MAXIMUM         67    434 PM  92    1938  69     -2       67
  MINIMUM         47    652 AM  25    1935  42      5       54
  AVERAGE         57                        56      1       61

PRECIPITATION (IN)
  YESTERDAY        0.00          1.78 1946   0.09  -0.09     0.75
  MONTH TO DATE    2.23                      0.37   1.86     0.75
  SINCE SEP 1      4.41                      3.33   1.08     3.53
  SINCE JAN 1     24.60                     23.87   0.73    27.88

SNOWFALL (IN)
  YESTERDAY        0.0           0.0    MM   0.0    0.0      0.0
  MONTH TO DATE    0.0                       0.0    0.0      0.0
  SINCE SEP 1      0.0                       0.0    0.0      0.0
  SINCE JUL 1      0.0                       0.0    0.0      0.0
  SNOW DEPTH       0

DEGREE DAYS
 HEATING
  YESTERDAY        8                        10     -2        4
  MONTH TO DATE   16                        38    -22        9
  SINCE SEP 1     82                       170    -88       59
  SINCE JUL 1     90                       185    -95       59

 COOLING
  YESTERDAY        0                         1     -1        0
  MONTH TO DATE    0                         4     -4        0
  SINCE SEP 1    119                        88     31      143
  SINCE JAN 1    951                       865     86     1165
..................................................................


WIND (MPH)
  HIGHEST WIND SPEED    10   HIGHEST WIND DIRECTION    NW (330)
  HIGHEST GUST SPEED    13   HIGHEST GUST DIRECTION    NW (320)
  AVERAGE WIND SPEED     3.9


SKY COVER
  POSSIBLE SUNSHINE  MM
  AVERAGE SKY COVER 0.5


WEATHER CONDITIONS
 THE FOLLOWING WEATHER WAS RECORDED YESTERDAY.
  HAZE


RELATIVE HUMIDITY (PERCENT)
 HIGHEST   100          1200 AM
 LOWEST     48          1200 PM
 AVERAGE    74

..........................................................


THE SIOUX CITY IA CLIMATE NORMALS FOR TODAY
                         NORMAL    RECORD    YEAR
 MAXIMUM TEMPERATURE (F)   68        93      1963
 MINIMUM TEMPERATURE (F)   42        23      2012


SUNRISE AND SUNSET
OCTOBER  5 2017.......SUNRISE   727 AM CDT   SUNSET   700 PM CDT
OCTOBER  6 2017.......SUNRISE   728 AM CDT   SUNSET   658 PM CDT


-  INDICATES NEGATIVE NUMBERS.
R  INDICATES RECORD WAS SET OR TIED.
MM INDICATES DATA IS MISSING.
T  INDICATES TRACE AMOUNT.




$$
