068
CDUS43 KFSD 220623
CLISUX


CLIMATE REPORT
NATIONAL WEATHER SERVICE SIOUX FALLS SD
122 AM CDT SUN MAY 22 2016


...................................

...THE SIOUX CITY IA CLIMATE SUMMARY FOR MAY 21 2016...

CLIMATE NORMAL PERIOD 1981 TO 2010
CLIMATE RECORD PERIOD 1889 TO 2016


WEATHER ITEM   OBSERVED TIME   RECORD YEAR NORMAL DEPARTURE LAST
                VALUE   (LST)  VALUE       VALUE  FROM      YEAR
                                                  NORMAL
..................................................................
TEMPERATURE (F)
 YESTERDAY
  MAXIMUM         74    414 PM  94    1973  75     -1       76
  MINIMUM         46    503 AM  31    1895  51     -5       40
  AVERAGE         60                        63     -3       58

PRECIPITATION (IN)
  YESTERDAY        0.06          1.75 1945   0.12  -0.06     0.00
  MONTH TO DATE    1.75                      2.48  -0.73     2.29
  SINCE MAR 1     10.62                      7.43   3.19     5.70
  SINCE JAN 1     12.46                      8.72   3.74     6.66

SNOWFALL (IN)
  YESTERDAY        0.0           0.0    MM   0.0    0.0      0.0
  MONTH TO DATE    0.0                       0.2   -0.2      0.0
  SINCE MAR 1     14.5                       8.5    6.0       T
  SINCE JUL 1     57.6                      35.0   22.6     21.5
  SNOW DEPTH       0

DEGREE DAYS
 HEATING
  YESTERDAY        5                         5      0        7
  MONTH TO DATE  169                       148     21      135
  SINCE MAR 1   1196                      1506   -310     1210
  SINCE JUL 1   5655                      6800  -1145     6376

 COOLING
  YESTERDAY        0                         2     -2        0
  MONTH TO DATE    3                        28    -25       18
  SINCE MAR 1      3                        39    -36       19
  SINCE JAN 1      3                        39    -36       19
..................................................................


WIND (MPH)
  HIGHEST WIND SPEED    22   HIGHEST WIND DIRECTION     S (170)
  HIGHEST GUST SPEED    29   HIGHEST GUST DIRECTION     S (180)
  AVERAGE WIND SPEED     9.8


SKY COVER
  POSSIBLE SUNSHINE  MM
  AVERAGE SKY COVER 0.2


WEATHER CONDITIONS
 THE FOLLOWING WEATHER WAS RECORDED YESTERDAY.
  LIGHT RAIN


RELATIVE HUMIDITY (PERCENT)
 HIGHEST    86           500 AM
 LOWEST     33           400 PM
 AVERAGE    60

..........................................................


THE SIOUX CITY IA CLIMATE NORMALS FOR TODAY
                         NORMAL    RECORD    YEAR
 MAXIMUM TEMPERATURE (F)   75        92      2010
                                             2000
                                             1925
 MINIMUM TEMPERATURE (F)   51        31      1963


SUNRISE AND SUNSET
MAY 22 2016...........SUNRISE   557 AM CDT   SUNSET   848 PM CDT
MAY 23 2016...........SUNRISE   556 AM CDT   SUNSET   849 PM CDT


-  INDICATES NEGATIVE NUMBERS.
R  INDICATES RECORD WAS SET OR TIED.
MM INDICATES DATA IS MISSING.
T  INDICATES TRACE AMOUNT.




$$
