000
CDUS43 KFSD 230633
CLISUX


CLIMATE REPORT
NATIONAL WEATHER SERVICE SIOUX FALLS SD
132 AM CDT MON MAY 23 2016


...................................

...THE SIOUX CITY IA CLIMATE SUMMARY FOR MAY 22 2016...

CLIMATE NORMAL PERIOD 1981 TO 2010
CLIMATE RECORD PERIOD 1889 TO 2016


WEATHER ITEM   OBSERVED TIME   RECORD YEAR NORMAL DEPARTURE LAST
                VALUE   (LST)  VALUE       VALUE  FROM      YEAR
                                                  NORMAL
..................................................................
TEMPERATURE (F)
 YESTERDAY
  MAXIMUM         84    455 PM  92    2010  75      9       74
                                      2000
                                      1925
  MINIMUM         47    352 AM  31    1963  51     -4       42
  AVERAGE         66                        63      3       58

PRECIPITATION (IN)
  YESTERDAY        0.00          2.23 1936   0.13  -0.13     0.01
  MONTH TO DATE    1.75                      2.61  -0.86     2.30
  SINCE MAR 1     10.62                      7.56   3.06     5.71
  SINCE JAN 1     12.46                      8.85   3.61     6.67

SNOWFALL (IN)
  YESTERDAY        0.0           0.0    MM   0.0    0.0      0.0
  MONTH TO DATE    0.0                       0.2   -0.2      0.0
  SINCE MAR 1     14.5                       8.5    6.0       T
  SINCE JUL 1     57.6                      35.0   22.6     21.5
  SNOW DEPTH       0

DEGREE DAYS
 HEATING
  YESTERDAY        0                         4     -4        7
  MONTH TO DATE  169                       152     17      142
  SINCE MAR 1   1196                      1510   -314     1217
  SINCE JUL 1   5655                      6804  -1149     6383

 COOLING
  YESTERDAY        1                         2     -1        0
  MONTH TO DATE    4                        30    -26       18
  SINCE MAR 1      4                        41    -37       19
  SINCE JAN 1      4                        41    -37       19
..................................................................


WIND (MPH)
  HIGHEST WIND SPEED    26   HIGHEST WIND DIRECTION     S (160)
  HIGHEST GUST SPEED    34   HIGHEST GUST DIRECTION     S (160)
  AVERAGE WIND SPEED    15.9


SKY COVER
  POSSIBLE SUNSHINE  MM
  AVERAGE SKY COVER 0.2


WEATHER CONDITIONS
 THE FOLLOWING WEATHER WAS RECORDED YESTERDAY.
  NO SIGNIFICANT WEATHER WAS OBSERVED.


RELATIVE HUMIDITY (PERCENT)
 HIGHEST    86           300 AM
 LOWEST     43           300 PM
 AVERAGE    65

..........................................................


THE SIOUX CITY IA CLIMATE NORMALS FOR TODAY
                         NORMAL    RECORD    YEAR
 MAXIMUM TEMPERATURE (F)   75        94      2010
                                             1950
 MINIMUM TEMPERATURE (F)   51        37      1969
                                             1963
                                             1893


SUNRISE AND SUNSET
MAY 23 2016...........SUNRISE   556 AM CDT   SUNSET   849 PM CDT
MAY 24 2016...........SUNRISE   556 AM CDT   SUNSET   850 PM CDT


-  INDICATES NEGATIVE NUMBERS.
R  INDICATES RECORD WAS SET OR TIED.
MM INDICATES DATA IS MISSING.
T  INDICATES TRACE AMOUNT.




$$
