000
CDUS43 KFSD 200641
CLISUX


CLIMATE REPORT
NATIONAL WEATHER SERVICE SIOUX FALLS SD
1240 AM CST MON NOV 20 2017


...................................

...THE SIOUX CITY IA CLIMATE SUMMARY FOR NOVEMBER 19 2017...

CLIMATE NORMAL PERIOD 1981 TO 2010
CLIMATE RECORD PERIOD 1889 TO 2017


WEATHER ITEM   OBSERVED TIME   RECORD YEAR NORMAL DEPARTURE LAST
                VALUE   (LST)  VALUE       VALUE  FROM      YEAR
                                                  NORMAL
..................................................................
TEMPERATURE (F)
 YESTERDAY
  MAXIMUM         55    249 PM  71    1989  44     11       36
  MINIMUM         17    735 AM  -1    1914  23     -6       21
  AVERAGE         36                        34      2       29

PRECIPITATION (IN)
  YESTERDAY        0.00          3.23 1948   0.05  -0.05     0.00
  MONTH TO DATE    0.08                      0.85  -0.77     0.37
  SINCE SEP 1      9.09                      5.94   3.15     4.75
  SINCE JAN 1     29.28                     26.48   2.80    29.10

SNOWFALL (IN)
  YESTERDAY        0.0           8.0  1948   0.1   -0.1      0.0
  MONTH TO DATE    0.0                       2.1   -2.1      1.0
  SINCE SEP 1      T                         3.1   -3.1      1.0
  SINCE JUL 1      T                         3.1   -3.1      1.0
  SNOW DEPTH       0

DEGREE DAYS
 HEATING
  YESTERDAY       29                        31     -2       36
  MONTH TO DATE  540                       495     45      306
  SINCE SEP 1   1030                      1080    -50      660
  SINCE JUL 1   1038                      1095    -57      660

 COOLING
  YESTERDAY        0                         0      0        0
  MONTH TO DATE    0                         0      0        0
  SINCE SEP 1    119                        92     27      143
  SINCE JAN 1    951                       869     82     1165
..................................................................


WIND (MPH)
  HIGHEST WIND SPEED    20   HIGHEST WIND DIRECTION    SW (210)
  HIGHEST GUST SPEED    24   HIGHEST GUST DIRECTION    SW (210)
  AVERAGE WIND SPEED     7.1


SKY COVER
  POSSIBLE SUNSHINE  MM
  AVERAGE SKY COVER 0.0


WEATHER CONDITIONS
 THE FOLLOWING WEATHER WAS RECORDED YESTERDAY.
  NO SIGNIFICANT WEATHER WAS OBSERVED.


RELATIVE HUMIDITY (PERCENT)
 HIGHEST    92           500 AM
 LOWEST     32           200 PM
 AVERAGE    62

..........................................................


THE SIOUX CITY IA CLIMATE NORMALS FOR TODAY
                         NORMAL    RECORD    YEAR
 MAXIMUM TEMPERATURE (F)   44        74      1933
                                             1890
 MINIMUM TEMPERATURE (F)   23        -2      1937


SUNRISE AND SUNSET
NOVEMBER 20 2017......SUNRISE   723 AM CST   SUNSET   459 PM CST
NOVEMBER 21 2017......SUNRISE   724 AM CST   SUNSET   459 PM CST


-  INDICATES NEGATIVE NUMBERS.
R  INDICATES RECORD WAS SET OR TIED.
MM INDICATES DATA IS MISSING.
T  INDICATES TRACE AMOUNT.




$$
