000
CDUS43 KFSD 151057
CLISUX


CLIMATE REPORT
NATIONAL WEATHER SERVICE SIOUX FALLS SD
557 AM CDT MON AUG 15 2016


...................................

...THE SIOUX CITY IA CLIMATE SUMMARY FOR AUGUST 14 2016...

CLIMATE NORMAL PERIOD 1981 TO 2010
CLIMATE RECORD PERIOD 1889 TO 2016


WEATHER ITEM   OBSERVED TIME   RECORD YEAR NORMAL DEPARTURE LAST
                VALUE   (LST)  VALUE       VALUE  FROM      YEAR
                                                  NORMAL
..................................................................
TEMPERATURE (F)
 YESTERDAY
  MAXIMUM         86    306 PM 100    1988  84      2       89
  MINIMUM         59    543 AM  43    2004  62     -3       66
  AVERAGE         73                        73      0       78

PRECIPITATION (IN)
  YESTERDAY        0.00          2.62 1951   0.11  -0.11     0.00
  MONTH TO DATE    2.11                      1.43   0.68     0.16
  SINCE JUN 1      5.68                      8.76  -3.08    10.03
  SINCE JAN 1     21.41                     18.74   2.67    17.93

SNOWFALL (IN)
  YESTERDAY        0.0           0.0    MM   0.0    0.0      0.0
  MONTH TO DATE    0.0                       0.0    0.0      0.0
  SINCE JUN 1      0.0                       0.0    0.0      0.0
  SINCE JUL 1      0.0                       0.0    0.0      0.0
  SNOW DEPTH       0

DEGREE DAYS
 HEATING
  YESTERDAY        0                         0      0        0
  MONTH TO DATE    0                         0      0        0
  SINCE JUN 1      0                        30    -30        5
  SINCE JUL 1      0                         3     -3        3

 COOLING
  YESTERDAY        8                         8      0       13
  MONTH TO DATE  161                       119     42      134
  SINCE JUN 1    843                       600    243      631
  SINCE JAN 1    895                       664    231      660
..................................................................


WIND (MPH)
  HIGHEST WIND SPEED    12   HIGHEST WIND DIRECTION    SE (120)
  HIGHEST GUST SPEED    15   HIGHEST GUST DIRECTION     E (80)
  AVERAGE WIND SPEED     4.6


SKY COVER
  POSSIBLE SUNSHINE  MM
  AVERAGE SKY COVER 0.0


WEATHER CONDITIONS
 THE FOLLOWING WEATHER WAS RECORDED YESTERDAY.
  NO SIGNIFICANT WEATHER WAS OBSERVED.


RELATIVE HUMIDITY (PERCENT)
 HIGHEST    90           300 AM
 LOWEST     40           200 PM
 AVERAGE    65

..........................................................


THE SIOUX CITY IA CLIMATE NORMALS FOR TODAY
                         NORMAL    RECORD    YEAR
 MAXIMUM TEMPERATURE (F)   84       105      1937
                                             1936
 MINIMUM TEMPERATURE (F)   62        45      1992


SUNRISE AND SUNSET
AUGUST 15 2016........SUNRISE   633 AM CDT   SUNSET   826 PM CDT
AUGUST 16 2016........SUNRISE   634 AM CDT   SUNSET   824 PM CDT


-  INDICATES NEGATIVE NUMBERS.
R  INDICATES RECORD WAS SET OR TIED.
MM INDICATES DATA IS MISSING.
T  INDICATES TRACE AMOUNT.




$$
