000
CDUS43 KFSD 090720
CLISUX


CLIMATE REPORT
NATIONAL WEATHER SERVICE SIOUX FALLS SD
214 AM CDT TUE MAY 9 2017


...................................

...THE SIOUX CITY IA CLIMATE SUMMARY FOR MAY 8 2017...

CLIMATE NORMAL PERIOD 1981 TO 2010
CLIMATE RECORD PERIOD 1889 TO 2017


WEATHER ITEM   OBSERVED TIME   RECORD YEAR NORMAL DEPARTURE LAST
                VALUE   (LST)  VALUE       VALUE  FROM      YEAR
                                                  NORMAL
..................................................................
TEMPERATURE (F)
 YESTERDAY
  MAXIMUM         91    202 PM  98    1934  71     20       75
  MINIMUM         62   1159 PM  28    1945  46     16       51
  AVERAGE         77                        58     19       63

PRECIPITATION (IN)
  YESTERDAY        0.02          1.24 1950   0.12  -0.10      T
  MONTH TO DATE    0.38                      0.91  -0.53     0.51
  SINCE MAR 1      4.82                      5.86  -1.04     9.38
  SINCE JAN 1      6.41                      7.15  -0.74    11.22

SNOWFALL (IN)
  YESTERDAY        0.0           0.0    MM   0.0    0.0      0.0
  MONTH TO DATE    T                         0.1   -0.1      0.0
  SINCE MAR 1      3.1                       8.4   -5.3     14.5
  SINCE JUL 1     28.6                      34.9   -6.3     57.6
  SNOW DEPTH       0

DEGREE DAYS
 HEATING
  YESTERDAY        0                         8     -8        2
  MONTH TO DATE   67                        71     -4       63
  SINCE MAR 1   1275                      1429   -154     1090
  SINCE JUL 1   5512                      6723  -1211     5549

 COOLING
  YESTERDAY       12                         1     11        0
  MONTH TO DATE   12                         8      4        3
  SINCE MAR 1     13                        19     -6        3
  SINCE JAN 1     13                        19     -6        3
..................................................................


WIND (MPH)
  HIGHEST WIND SPEED    24   HIGHEST WIND DIRECTION    NW (320)
  HIGHEST GUST SPEED    33   HIGHEST GUST DIRECTION     W (250)
  AVERAGE WIND SPEED    16.1


SKY COVER
  POSSIBLE SUNSHINE  MM
  AVERAGE SKY COVER 0.0


WEATHER CONDITIONS
 THE FOLLOWING WEATHER WAS RECORDED YESTERDAY.
  THUNDERSTORM
  LIGHT RAIN


RELATIVE HUMIDITY (PERCENT)
 HIGHEST    73           700 AM
 LOWEST     34           200 PM
 AVERAGE    54

..........................................................


THE SIOUX CITY IA CLIMATE NORMALS FOR TODAY
                         NORMAL    RECORD    YEAR
 MAXIMUM TEMPERATURE (F)   71        95      2011
 MINIMUM TEMPERATURE (F)   46        30      2010


SUNRISE AND SUNSET
MAY  9 2017...........SUNRISE   610 AM CDT   SUNSET   834 PM CDT
MAY 10 2017...........SUNRISE   609 AM CDT   SUNSET   835 PM CDT


-  INDICATES NEGATIVE NUMBERS.
R  INDICATES RECORD WAS SET OR TIED.
MM INDICATES DATA IS MISSING.
T  INDICATES TRACE AMOUNT.




$$
