000
CDUS43 KFSD 100624
CLISUX


CLIMATE REPORT
NATIONAL WEATHER SERVICE SIOUX FALLS SD
123 AM CDT FRI OCT 10 2014


...................................

...THE SIOUX CITY IA CLIMATE SUMMARY FOR OCTOBER 9 2014...

CLIMATE NORMAL PERIOD 1981 TO 2010
CLIMATE RECORD PERIOD 1889 TO 2014


WEATHER ITEM   OBSERVED TIME   RECORD YEAR NORMAL DEPARTURE LAST
                VALUE   (LST)  VALUE       VALUE  FROM      YEAR
                                                  NORMAL
..................................................................
TEMPERATURE (F)
 YESTERDAY
  MAXIMUM         63    358 PM  87    1980  67     -4       80
  MINIMUM         44   1132 PM  20    2000  40      4       49
  AVERAGE         54                        54      0       65

PRECIPITATION (IN)
  YESTERDAY        T             1.20 1973   0.08  -0.08     0.00
  MONTH TO DATE    0.53                      0.78  -0.25     0.99
  SINCE SEP 1      3.32                      3.74  -0.42     2.43
  SINCE JAN 1     38.95                     24.28  14.67    22.46

SNOWFALL (IN)
  YESTERDAY        0.0           5.1  1970   0.0    0.0      0.0
  MONTH TO DATE    0.0                       0.1   -0.1      0.0
  SINCE SEP 1      0.0                       0.1   -0.1      0.0
  SINCE JUL 1      0.0                       0.1   -0.1      0.0
  SNOW DEPTH       0

DEGREE DAYS
 HEATING
  YESTERDAY       11                        12     -1        0
  MONTH TO DATE  103                        95      8       48
  SINCE SEP 1    209                       227    -18       93
  SINCE JUL 1    215                       242    -27      113

 COOLING
  YESTERDAY        0                         0      0        0
  MONTH TO DATE    4                         8     -4        2
  SINCE SEP 1     96                        92      4      154
  SINCE JAN 1    862                       869     -7      955
..................................................................


WIND (MPH)
  HIGHEST WIND SPEED    17   HIGHEST WIND DIRECTION     E (80)
  HIGHEST GUST SPEED    21   HIGHEST GUST DIRECTION     E (70)
  AVERAGE WIND SPEED     7.5


SKY COVER
  POSSIBLE SUNSHINE  MM
  AVERAGE SKY COVER 0.5


WEATHER CONDITIONS
 THE FOLLOWING WEATHER WAS RECORDED YESTERDAY.
  LIGHT RAIN


RELATIVE HUMIDITY (PERCENT)
 HIGHEST    96           500 AM
 LOWEST     36           400 PM
 AVERAGE    66

..........................................................


THE SIOUX CITY IA CLIMATE NORMALS FOR TODAY
                         NORMAL    RECORD    YEAR
 MAXIMUM TEMPERATURE (F)   66        92      1928
 MINIMUM TEMPERATURE (F)   40        24      2009
                                             2000
                                             1906


SUNRISE AND SUNSET
OCTOBER 10 2014.......SUNRISE   733 AM CDT   SUNSET   652 PM CDT
OCTOBER 11 2014.......SUNRISE   734 AM CDT   SUNSET   650 PM CDT


-  INDICATES NEGATIVE NUMBERS.
R  INDICATES RECORD WAS SET OR TIED.
MM INDICATES DATA IS MISSING.
T  INDICATES TRACE AMOUNT.




$$
