000
CDUS43 KFSD 032249
CLISUX


CLIMATE REPORT
NATIONAL WEATHER SERVICE SIOUX FALLS SD
547 PM CDT MON APR 3 2017


...................................

...THE SIOUX CITY IA CLIMATE SUMMARY FOR APRIL 3 2017...
VALID TODAY AS OF 0500 PM LOCAL TIME.

CLIMATE NORMAL PERIOD 1981 TO 2010
CLIMATE RECORD PERIOD 1889 TO 2017


WEATHER ITEM   OBSERVED TIME   RECORD YEAR NORMAL DEPARTURE LAST
                VALUE   (LST)  VALUE       VALUE  FROM      YEAR
                                                  NORMAL
..................................................................
TEMPERATURE (F)
 TODAY
  MAXIMUM         57   1213 PM  85    1921  57      0       80
  MINIMUM         49    735 AM  -2    1975  32     17       36
  AVERAGE         53                        44      9       58

PRECIPITATION (IN)
  TODAY            T             0.98 1968   0.08  -0.08     0.00
  MONTH TO DATE    0.05                      0.25  -0.20     0.02
  SINCE MAR 1      1.56                      2.25  -0.69     3.08
  SINCE JAN 1      3.15                      3.54  -0.39     4.92

SNOWFALL (IN)
  TODAY            0.0           3.7  1945   0.1   -0.1      0.0
  MONTH TO DATE    0.0                       0.3   -0.3      0.0
  SINCE MAR 1      3.1                       6.8   -3.7     14.5
  SINCE JUL 1     28.6                      33.3   -4.7     57.6
  SNOW DEPTH       0

DEGREE DAYS
 HEATING
  TODAY           12                        21     -9        7
  MONTH TO DATE   48                        64    -16       54
  SINCE MAR 1    817                       948   -131      687
  SINCE JUL 1   5054                      6242  -1188     5146

 COOLING
  TODAY            0                         0      0        0
  MONTH TO DATE    0                         0      0        0
  SINCE MAR 1      0                         0      0        0
  SINCE JAN 1      0                         0      0        0
..................................................................


WIND (MPH)
  HIGHEST WIND SPEED    15   HIGHEST WIND DIRECTION    NE (30)
  HIGHEST GUST SPEED    19   HIGHEST GUST DIRECTION     N (20)
  AVERAGE WIND SPEED     6.5


SKY COVER
  POSSIBLE SUNSHINE  MM
  AVERAGE SKY COVER 1.0


WEATHER CONDITIONS
 THE FOLLOWING WEATHER WAS RECORDED TODAY.
  LIGHT RAIN
  FOG


RELATIVE HUMIDITY (PERCENT)
 HIGHEST   100          1200 AM
 LOWEST     72          1200 PM
 AVERAGE    86

..........................................................


THE SIOUX CITY IA CLIMATE NORMALS FOR TOMORROW
                         NORMAL    RECORD    YEAR
 MAXIMUM TEMPERATURE (F)   57        90      1929
 MINIMUM TEMPERATURE (F)   32        15      2002


SUNRISE AND SUNSET
APRIL  3 2017.........SUNRISE   704 AM CDT   SUNSET   754 PM CDT
APRIL  4 2017.........SUNRISE   702 AM CDT   SUNSET   755 PM CDT


-  INDICATES NEGATIVE NUMBERS.
R  INDICATES RECORD WAS SET OR TIED.
MM INDICATES DATA IS MISSING.
T  INDICATES TRACE AMOUNT.




$$
