000
CDUS43 KFSD 042229
CLISUX


CLIMATE REPORT
NATIONAL WEATHER SERVICE SIOUX FALLS SD
529 PM CDT MON SEP 4 2017


...................................

...THE SIOUX CITY IA CLIMATE SUMMARY FOR SEPTEMBER 4 2017...
VALID TODAY AS OF 0500 PM LOCAL TIME.

CLIMATE NORMAL PERIOD 1981 TO 2010
CLIMATE RECORD PERIOD 1889 TO 2017


WEATHER ITEM   OBSERVED TIME   RECORD YEAR NORMAL DEPARTURE LAST
                VALUE   (LST)  VALUE       VALUE  FROM      YEAR
                                                  NORMAL
..................................................................
TEMPERATURE (F)
 TODAY
  MAXIMUM         72    300 PM  99    1913  80     -8       77
  MINIMUM         63    856 AM  37    1902  56      7       64
  AVERAGE         68                        68      0       71

PRECIPITATION (IN)
  TODAY            0.00          1.10 1994   0.10  -0.10     0.03
  MONTH TO DATE    0.08                      0.42  -0.34     0.03
  SINCE SEP 1      0.08                      0.42  -0.34     0.03
  SINCE JAN 1     20.27                     20.96  -0.69    24.38

SNOWFALL (IN)
  TODAY            0.0           0.0    MM   0.0    0.0      0.0
  MONTH TO DATE    0.0                       0.0    0.0      0.0
  SINCE SEP 1      0.0                       0.0    0.0      0.0
  SINCE JUL 1      0.0                       0.0    0.0      0.0
  SNOW DEPTH       0

DEGREE DAYS
 HEATING
  TODAY            0                         2     -2        0
  MONTH TO DATE    0                         5     -5        0
  SINCE SEP 1      0                         5     -5        0
  SINCE JUL 1      8                        20    -12        0

 COOLING
  TODAY            3                         5     -2        6
  MONTH TO DATE   20                        20      0       14
  SINCE SEP 1     20                        20      0       14
  SINCE JAN 1    852                       797     55     1036
..................................................................


WIND (MPH)
  HIGHEST WIND SPEED    23   HIGHEST WIND DIRECTION     N (360)
  HIGHEST GUST SPEED    29   HIGHEST GUST DIRECTION     N (10)
  AVERAGE WIND SPEED     9.6


SKY COVER
  POSSIBLE SUNSHINE  MM
  AVERAGE SKY COVER 0.3


WEATHER CONDITIONS
 THE FOLLOWING WEATHER WAS RECORDED TODAY.
  HAZE


RELATIVE HUMIDITY (PERCENT)
 HIGHEST    93           500 AM
 LOWEST     57           200 PM
 AVERAGE    75

..........................................................


THE SIOUX CITY IA CLIMATE NORMALS FOR TOMORROW
                         NORMAL    RECORD    YEAR
 MAXIMUM TEMPERATURE (F)   80        99      1913
 MINIMUM TEMPERATURE (F)   56        40      1962


SUNRISE AND SUNSET
SEPTEMBER  4 2017.....SUNRISE   654 AM CDT   SUNSET   754 PM CDT
SEPTEMBER  5 2017.....SUNRISE   655 AM CDT   SUNSET   752 PM CDT


-  INDICATES NEGATIVE NUMBERS.
R  INDICATES RECORD WAS SET OR TIED.
MM INDICATES DATA IS MISSING.
T  INDICATES TRACE AMOUNT.




$$
