000
CDUS43 KFSD 201121
CLISUX


CLIMATE REPORT
NATIONAL WEATHER SERVICE SIOUX FALLS SD
621 AM CDT WED AUG 20 2014


...................................

...THE SIOUX CITY IA CLIMATE SUMMARY FOR AUGUST 19 2014...

CLIMATE NORMAL PERIOD 1981 TO 2010
CLIMATE RECORD PERIOD 1889 TO 2014


WEATHER ITEM   OBSERVED TIME   RECORD YEAR NORMAL DEPARTURE LAST
                VALUE   (LST)  VALUE       VALUE  FROM      YEAR
                                                  NORMAL
..................................................................
TEMPERATURE (F)
 YESTERDAY
  MAXIMUM         87    255 PM 100    1938  83      4       87
  MINIMUM         62    559 AM  43    2012  61      1       62
                                      2004
  AVERAGE         75                        72      3       75

PRECIPITATION (IN)
  YESTERDAY        0.00          0.90 1893   0.10  -0.10     0.00
  MONTH TO DATE    4.27                      1.97   2.30     1.35
  SINCE JUN 1     24.53                      9.30  15.23     5.08
  SINCE JAN 1     29.78                     19.28  10.50    18.31

SNOWFALL (IN)
  YESTERDAY        0.0           0.0    MM   0.0    0.0      0.0
  MONTH TO DATE    0.0                       0.0    0.0      0.0
  SINCE JUN 1      0.0                       0.0    0.0      0.0
  SINCE JUL 1      0.0                       0.0    0.0      0.0
  SNOW DEPTH       0

DEGREE DAYS
 HEATING
  YESTERDAY        0                         0      0        0
  MONTH TO DATE    0                         0      0        5
  SINCE JUN 1     26                        30     -4       60
  SINCE JUL 1      6                         3      3       20

 COOLING
  YESTERDAY       10                         7      3       10
  MONTH TO DATE  147                       157    -10       84
  SINCE JUN 1    535                       638   -103      565
  SINCE JAN 1    656                       702    -46      621
..................................................................


WIND (MPH)
  HIGHEST WIND SPEED     8   HIGHEST WIND DIRECTION     E (90)
  HIGHEST GUST SPEED    12   HIGHEST GUST DIRECTION    NW (330)
  AVERAGE WIND SPEED     3.9


SKY COVER
  POSSIBLE SUNSHINE  MM
  AVERAGE SKY COVER 0.0


WEATHER CONDITIONS
 THE FOLLOWING WEATHER WAS RECORDED YESTERDAY.
  NO SIGNIFICANT WEATHER WAS OBSERVED.


RELATIVE HUMIDITY (PERCENT)
 HIGHEST    93          1200 AM
 LOWEST     48           200 PM
 AVERAGE    71

..........................................................


THE SIOUX CITY IA CLIMATE NORMALS FOR TODAY
                         NORMAL    RECORD    YEAR
 MAXIMUM TEMPERATURE (F)   83       101      1947
 MINIMUM TEMPERATURE (F)   61        37      1950


SUNRISE AND SUNSET
AUGUST 20 2014........SUNRISE   638 AM CDT   SUNSET   819 PM CDT
AUGUST 21 2014........SUNRISE   639 AM CDT   SUNSET   817 PM CDT


-  INDICATES NEGATIVE NUMBERS.
R  INDICATES RECORD WAS SET OR TIED.
MM INDICATES DATA IS MISSING.
T  INDICATES TRACE AMOUNT.




$$
