000
CDUS43 KFSD 100932
CLISUX


CLIMATE REPORT
NATIONAL WEATHER SERVICE SIOUX FALLS SD
431 AM CDT TUE MAY 10 2016


...................................

...THE SIOUX CITY IA CLIMATE SUMMARY FOR MAY 9 2016...

CLIMATE NORMAL PERIOD 1981 TO 2010
CLIMATE RECORD PERIOD 1889 TO 2016


WEATHER ITEM   OBSERVED TIME   RECORD YEAR NORMAL DEPARTURE LAST
                VALUE   (LST)  VALUE       VALUE  FROM      YEAR
                                                  NORMAL
..................................................................
TEMPERATURE (F)
 YESTERDAY
  MAXIMUM         73   1151 AM  95    2011  71      2       68
  MINIMUM         56    435 AM  30    2010  46     10       41
  AVERAGE         65                        59      6       55

PRECIPITATION (IN)
  YESTERDAY        0.53          2.58 1903   0.12   0.41      T
  MONTH TO DATE    1.04                      1.03   0.01     0.93
  SINCE MAR 1      9.91                      5.98   3.93     4.34
  SINCE JAN 1     11.75                      7.27   4.48     5.30

SNOWFALL (IN)
  YESTERDAY        0.0           4.0  1945   0.0    0.0      0.0
  MONTH TO DATE    0.0                       0.1   -0.1      0.0
  SINCE MAR 1     14.5                       8.4    6.1       T
  SINCE JUL 1     57.6                      34.9   22.7     21.5
  SNOW DEPTH       0

DEGREE DAYS
 HEATING
  YESTERDAY        0                         7     -7       10
  MONTH TO DATE   63                        78    -15       29
  SINCE MAR 1   1090                      1436   -346     1104
  SINCE JUL 1   5549                      6730  -1181     6270

 COOLING
  YESTERDAY        0                         1     -1        0
  MONTH TO DATE    3                         9     -6       11
  SINCE MAR 1      3                        20    -17       12
  SINCE JAN 1      3                        20    -17       12
..................................................................


WIND (MPH)
  HIGHEST WIND SPEED    26   HIGHEST WIND DIRECTION     E (110)
  HIGHEST GUST SPEED    35   HIGHEST GUST DIRECTION     E (110)
  AVERAGE WIND SPEED    11.7


SKY COVER
  POSSIBLE SUNSHINE  MM
  AVERAGE SKY COVER 0.5


WEATHER CONDITIONS
 THE FOLLOWING WEATHER WAS RECORDED YESTERDAY.
  THUNDERSTORM
  HEAVY RAIN
  RAIN
  LIGHT RAIN
  FOG


RELATIVE HUMIDITY (PERCENT)
 HIGHEST    93           300 AM
 LOWEST     65          1200 AM
 AVERAGE    79

..........................................................


THE SIOUX CITY IA CLIMATE NORMALS FOR TODAY
                         NORMAL    RECORD    YEAR
 MAXIMUM TEMPERATURE (F)   71        96      2011
 MINIMUM TEMPERATURE (F)   47        30      2002
                                             1945
                                             1909


SUNRISE AND SUNSET
MAY 10 2016...........SUNRISE   609 AM CDT   SUNSET   836 PM CDT
MAY 11 2016...........SUNRISE   608 AM CDT   SUNSET   837 PM CDT


-  INDICATES NEGATIVE NUMBERS.
R  INDICATES RECORD WAS SET OR TIED.
MM INDICATES DATA IS MISSING.
T  INDICATES TRACE AMOUNT.




$$
