000
CDUS43 KFSD 210715
CLISUX


CLIMATE REPORT
NATIONAL WEATHER SERVICE SIOUX FALLS SD
112 AM CST MON NOV 21 2016


...................................

...THE SIOUX CITY IA CLIMATE SUMMARY FOR NOVEMBER 20 2016...

CLIMATE NORMAL PERIOD 1981 TO 2010
CLIMATE RECORD PERIOD 1889 TO 2016


WEATHER ITEM   OBSERVED TIME   RECORD YEAR NORMAL DEPARTURE LAST
                VALUE   (LST)  VALUE       VALUE  FROM      YEAR
                                                  NORMAL
..................................................................
TEMPERATURE (F)
 YESTERDAY
  MAXIMUM         46    320 PM  74    1933  44      2       35
                                      1890
  MINIMUM         20    401 AM  -2    1937  23     -3       28
  AVERAGE         33                        33      0       32

PRECIPITATION (IN)
  YESTERDAY        0.00          1.11 1930   0.04  -0.04     0.37
  MONTH TO DATE    0.37                      0.89  -0.52     3.56
  SINCE SEP 1      4.75                      5.98  -1.23     7.55
  SINCE JAN 1     29.10                     26.52   2.58    31.29

SNOWFALL (IN)
  YESTERDAY        0.0           5.7  2015   0.2   -0.2      5.7
  MONTH TO DATE    1.0                       2.3   -1.3      5.7
  SINCE SEP 1      1.0                       3.3   -2.3      5.7
  SINCE JUL 1      1.0                       3.3   -2.3      5.7
  SNOW DEPTH       T

DEGREE DAYS
 HEATING
  YESTERDAY       32                        32      0       33
  MONTH TO DATE  338                       527   -189      355
  SINCE SEP 1    692                      1112   -420      736
  SINCE JUL 1    692                      1127   -435      759

 COOLING
  YESTERDAY        0                         0      0        0
  MONTH TO DATE    0                         0      0        0
  SINCE SEP 1    143                        92     51      169
  SINCE JAN 1   1165                       869    296      889
..................................................................


WIND (MPH)
  HIGHEST WIND SPEED    22   HIGHEST WIND DIRECTION     S (160)
  HIGHEST GUST SPEED    28   HIGHEST GUST DIRECTION     S (160)
  AVERAGE WIND SPEED    11.0


SKY COVER
  POSSIBLE SUNSHINE  MM
  AVERAGE SKY COVER 0.0


WEATHER CONDITIONS
 THE FOLLOWING WEATHER WAS RECORDED YESTERDAY.
  NO SIGNIFICANT WEATHER WAS OBSERVED.


RELATIVE HUMIDITY (PERCENT)
 HIGHEST    91           400 AM
 LOWEST     49           200 PM
 AVERAGE    70

..........................................................


THE SIOUX CITY IA CLIMATE NORMALS FOR TODAY
                         NORMAL    RECORD    YEAR
 MAXIMUM TEMPERATURE (F)   43        72      2012
 MINIMUM TEMPERATURE (F)   22        -9      1937


SUNRISE AND SUNSET
NOVEMBER 21 2016......SUNRISE   724 AM CST   SUNSET   458 PM CST
NOVEMBER 22 2016......SUNRISE   726 AM CST   SUNSET   458 PM CST


-  INDICATES NEGATIVE NUMBERS.
R  INDICATES RECORD WAS SET OR TIED.
MM INDICATES DATA IS MISSING.
T  INDICATES TRACE AMOUNT.




$$
