000
CDUS43 KFSD 082235
CLISUX


CLIMATE REPORT
NATIONAL WEATHER SERVICE SIOUX FALLS SD
531 PM CDT FRI APR 8 2016


...................................

...THE SIOUX CITY IA CLIMATE SUMMARY FOR APRIL 8 2016...
VALID TODAY AS OF 0500 PM LOCAL TIME.

CLIMATE NORMAL PERIOD 1981 TO 2010
CLIMATE RECORD PERIOD 1889 TO 2016


WEATHER ITEM   OBSERVED TIME   RECORD YEAR NORMAL DEPARTURE LAST
                VALUE   (LST)  VALUE       VALUE  FROM      YEAR
                                                  NORMAL
..................................................................
TEMPERATURE (F)
 TODAY
  MAXIMUM         50    313 PM  89    1931  59     -9       47
  MINIMUM         27    617 AM  14    2007  34     -7       42
                                      1997
  AVERAGE         39                        46     -7       45

PRECIPITATION (IN)
  TODAY            0.00          1.09 1999   0.09  -0.09     0.03
  MONTH TO DATE    0.03                      0.70  -0.67     0.29
  SINCE MAR 1      3.09                      2.70   0.39     1.17
  SINCE JAN 1      4.93                      3.99   0.94     2.13

SNOWFALL (IN)
  TODAY            0.0           1.2  1962   0.1   -0.1      0.0
  MONTH TO DATE    0.0                       0.8   -0.8      0.0
  SINCE MAR 1     14.5                       7.3    7.2       T
  SINCE JUL 1     57.6                      33.8   23.8     21.5
  SNOW DEPTH       0

DEGREE DAYS
 HEATING
  TODAY           26                        19      7       20
  MONTH TO DATE  154                       162     -8      115
  SINCE MAR 1    787                      1046   -259      822
  SINCE JUL 1   5246                      6340  -1094     5988

 COOLING
  TODAY            0                         0      0        0
  MONTH TO DATE    0                         0      0        1
  SINCE MAR 1      0                         0      0        1
  SINCE JAN 1      0                         0      0        1
..................................................................


WIND (MPH)
  HIGHEST WIND SPEED    31   HIGHEST WIND DIRECTION    NW (320)
  HIGHEST GUST SPEED    39   HIGHEST GUST DIRECTION     N (350)
  AVERAGE WIND SPEED    16.3


SKY COVER
  POSSIBLE SUNSHINE  MM
  AVERAGE SKY COVER 0.2


WEATHER CONDITIONS
 THE FOLLOWING WEATHER WAS RECORDED TODAY.
  NO SIGNIFICANT WEATHER WAS OBSERVED.


RELATIVE HUMIDITY (PERCENT)
 HIGHEST    78           100 AM
 LOWEST     29           400 PM
 AVERAGE    54

..........................................................


THE SIOUX CITY IA CLIMATE NORMALS FOR TOMORROW
                         NORMAL    RECORD    YEAR
 MAXIMUM TEMPERATURE (F)   60        87      1977
 MINIMUM TEMPERATURE (F)   34        16      1928


SUNRISE AND SUNSET
APRIL  8 2016.........SUNRISE   655 AM CDT   SUNSET   800 PM CDT
APRIL  9 2016.........SUNRISE   654 AM CDT   SUNSET   801 PM CDT


-  INDICATES NEGATIVE NUMBERS.
R  INDICATES RECORD WAS SET OR TIED.
MM INDICATES DATA IS MISSING.
T  INDICATES TRACE AMOUNT.




$$
