000
CDUS43 KFSD 050646
CLISUX


CLIMATE REPORT
NATIONAL WEATHER SERVICE SIOUX FALLS SD
144 AM CDT FRI MAY 5 2017


...................................

...THE SIOUX CITY IA CLIMATE SUMMARY FOR MAY 4 2017...

CLIMATE NORMAL PERIOD 1981 TO 2010
CLIMATE RECORD PERIOD 1889 TO 2017


WEATHER ITEM   OBSERVED TIME   RECORD YEAR NORMAL DEPARTURE LAST
                VALUE   (LST)  VALUE       VALUE  FROM      YEAR
                                                  NORMAL
..................................................................
TEMPERATURE (F)
 YESTERDAY
  MAXIMUM         71    400 PM  93    1952  69      2       69
  MINIMUM         36    443 AM  28    1944  44     -8       41
  AVERAGE         54                        57     -3       55

PRECIPITATION (IN)
  YESTERDAY        0.00          1.85 2003   0.12  -0.12     0.00
  MONTH TO DATE    0.36                      0.46  -0.10     0.51
  SINCE MAR 1      4.80                      5.41  -0.61     9.38
  SINCE JAN 1      6.39                      6.70  -0.31    11.22

SNOWFALL (IN)
  YESTERDAY        0.0           1.4  1917   0.0    0.0      0.0
  MONTH TO DATE    T                         0.1   -0.1      0.0
  SINCE MAR 1      3.1                       8.4   -5.3     14.5
  SINCE JUL 1     28.6                      34.9   -6.3     57.6
  SNOW DEPTH       0

DEGREE DAYS
 HEATING
  YESTERDAY       11                         9      2       10
  MONTH TO DATE   59                        38     21       50
  SINCE MAR 1   1267                      1396   -129     1077
  SINCE JUL 1   5504                      6690  -1186     5536

 COOLING
  YESTERDAY        0                         1     -1        0
  MONTH TO DATE    0                         4     -4        0
  SINCE MAR 1      1                        15    -14        0
  SINCE JAN 1      1                        15    -14        0
..................................................................


WIND (MPH)
  HIGHEST WIND SPEED    21   HIGHEST WIND DIRECTION     N (350)
  HIGHEST GUST SPEED    25   HIGHEST GUST DIRECTION     N (360)
  AVERAGE WIND SPEED     8.4


SKY COVER
  POSSIBLE SUNSHINE  MM
  AVERAGE SKY COVER 0.2


WEATHER CONDITIONS
 THE FOLLOWING WEATHER WAS RECORDED YESTERDAY.
  FOG


RELATIVE HUMIDITY (PERCENT)
 HIGHEST   100          1200 AM
 LOWEST     32           600 PM
 AVERAGE    66

..........................................................


THE SIOUX CITY IA CLIMATE NORMALS FOR TODAY
                         NORMAL    RECORD    YEAR
 MAXIMUM TEMPERATURE (F)   70        95      2004
 MINIMUM TEMPERATURE (F)   45        28      1944


SUNRISE AND SUNSET
MAY  5 2017...........SUNRISE   615 AM CDT   SUNSET   830 PM CDT
MAY  6 2017...........SUNRISE   614 AM CDT   SUNSET   831 PM CDT


-  INDICATES NEGATIVE NUMBERS.
R  INDICATES RECORD WAS SET OR TIED.
MM INDICATES DATA IS MISSING.
T  INDICATES TRACE AMOUNT.




$$
