000
CDUS43 KFSD 120635
CLISUX


CLIMATE REPORT
NATIONAL WEATHER SERVICE SIOUX FALLS SD
1234 AM CST WED NOV 12 2014


...................................

...THE SIOUX CITY IA CLIMATE SUMMARY FOR NOVEMBER 11 2014...

CLIMATE NORMAL PERIOD 1981 TO 2010
CLIMATE RECORD PERIOD 1889 TO 2014


WEATHER ITEM   OBSERVED TIME   RECORD YEAR NORMAL DEPARTURE LAST
                VALUE   (LST)  VALUE       VALUE  FROM      YEAR
                                                  NORMAL
..................................................................
TEMPERATURE (F)
 YESTERDAY
  MAXIMUM         27   1251 PM  77    1971  49    -22       40
  MINIMUM         18   1159 PM  -8    1986  28    -10       15
  AVERAGE         23                        38    -15       28

PRECIPITATION (IN)
  YESTERDAY        T             0.91 1982   0.04  -0.04      T
  MONTH TO DATE    0.08                      0.48  -0.40     0.96
  SINCE SEP 1      4.00                      5.57  -1.57     6.29
  SINCE JAN 1     39.63                     26.11  13.52    26.32

SNOWFALL (IN)
  YESTERDAY        T             6.6  1889   0.1   -0.1      0.1
  MONTH TO DATE    0.4                       1.0   -0.6      0.6
  SINCE SEP 1      0.4                       2.0   -1.6      0.6
  SINCE JUL 1      0.4                       2.0   -1.6      0.6
  SNOW DEPTH       T

DEGREE DAYS
 HEATING
  YESTERDAY       42                        27     15       37
  MONTH TO DATE  249                       262    -13      276
  SINCE SEP 1    723                       847   -124      781
  SINCE JUL 1    729                       862   -133      801

 COOLING
  YESTERDAY        0                         0      0        0
  MONTH TO DATE    0                         0      0        0
  SINCE SEP 1     96                        92      4      159
  SINCE JAN 1    862                       869     -7      960
..................................................................


WIND (MPH)
  HIGHEST WIND SPEED    32   HIGHEST WIND DIRECTION     N (340)
  HIGHEST GUST SPEED    39   HIGHEST GUST DIRECTION     N (340)
  AVERAGE WIND SPEED    22.6


SKY COVER
  POSSIBLE SUNSHINE  MM
  AVERAGE SKY COVER 0.7


WEATHER CONDITIONS
 THE FOLLOWING WEATHER WAS RECORDED YESTERDAY.
  LIGHT SNOW


RELATIVE HUMIDITY (PERCENT)
 HIGHEST    74           800 AM
 LOWEST     57           100 PM
 AVERAGE    66

..........................................................


THE SIOUX CITY IA CLIMATE NORMALS FOR TODAY
                         NORMAL    RECORD    YEAR
 MAXIMUM TEMPERATURE (F)   49        73      2005
 MINIMUM TEMPERATURE (F)   27        -1      1911


SUNRISE AND SUNSET
NOVEMBER 12 2014......SUNRISE   713 AM CST   SUNSET   506 PM CST
NOVEMBER 13 2014......SUNRISE   714 AM CST   SUNSET   505 PM CST


-  INDICATES NEGATIVE NUMBERS.
R  INDICATES RECORD WAS SET OR TIED.
MM INDICATES DATA IS MISSING.
T  INDICATES TRACE AMOUNT.




$$
