000
CDUS43 KFSD 070637
CLISUX


CLIMATE REPORT
NATIONAL WEATHER SERVICE SIOUX FALLS SD
137 AM CDT WED SEP 7 2016


...................................

...THE SIOUX CITY IA CLIMATE SUMMARY FOR SEPTEMBER 6 2016...

CLIMATE NORMAL PERIOD 1981 TO 2010
CLIMATE RECORD PERIOD 1889 TO 2016


WEATHER ITEM   OBSERVED TIME   RECORD YEAR NORMAL DEPARTURE LAST
                VALUE   (LST)  VALUE       VALUE  FROM      YEAR
                                                  NORMAL
..................................................................
TEMPERATURE (F)
 YESTERDAY
  MAXIMUM         MM        MM 103    1939  80     MM       89
  MINIMUM         MM        MM  39    1956  55     MM       70
  AVERAGE         MM                        67     MM       80

PRECIPITATION (IN)
  YESTERDAY       MM             1.07 1895   0.10  MM         T
  MONTH TO DATE    0.06                      0.63  -0.57     0.08
  SINCE SEP 1      0.06                      0.63  -0.57     0.08
  SINCE JAN 1     24.41                     21.17   3.24    23.82

SNOWFALL (IN)
  YESTERDAY        0.0           0.0    MM   0.0    0.0      0.0
  MONTH TO DATE    0.0                       0.0    0.0      0.0
  SINCE SEP 1      0.0                       0.0    0.0      0.0
  SINCE JUL 1      0.0                       0.0    0.0      0.0
  SNOW DEPTH       0

DEGREE DAYS
 HEATING
  YESTERDAY       MM                         2     MM        0
  MONTH TO DATE    0                         9     -9        0
  SINCE SEP 1      0                         9     -9        0
  SINCE JUL 1      0                        24    -24       23

 COOLING
  YESTERDAY       MM                         4     MM       15
  MONTH TO DATE   28                        28      0       84
  SINCE SEP 1     28                        28      0       84
  SINCE JAN 1   1050                       805    245      804
..................................................................


WIND (MPH)
  HIGHEST WIND SPEED    12   HIGHEST WIND DIRECTION     S (180)
  HIGHEST GUST SPEED    MM   HIGHEST GUST DIRECTION    MM
  AVERAGE WIND SPEED     8.4


SKY COVER
  POSSIBLE SUNSHINE  MM
  AVERAGE SKY COVER 0.8


WEATHER CONDITIONS
 THE FOLLOWING WEATHER WAS RECORDED YESTERDAY.
  THUNDERSTORM


RELATIVE HUMIDITY (PERCENT)
 HIGHEST    87           500 AM
 LOWEST     74           200 AM
 AVERAGE    81

..........................................................


THE SIOUX CITY IA CLIMATE NORMALS FOR TODAY
                         NORMAL    RECORD    YEAR
 MAXIMUM TEMPERATURE (F)   79       101      1971
                                             1931
 MINIMUM TEMPERATURE (F)   55        38      1986


SUNRISE AND SUNSET
SEPTEMBER  7 2016.....SUNRISE   658 AM CDT   SUNSET   748 PM CDT
SEPTEMBER  8 2016.....SUNRISE   659 AM CDT   SUNSET   747 PM CDT


-  INDICATES NEGATIVE NUMBERS.
R  INDICATES RECORD WAS SET OR TIED.
MM INDICATES DATA IS MISSING.
T  INDICATES TRACE AMOUNT.




$$
