000
CDUS43 KFSD 230650
CLISUX


CLIMATE REPORT
NATIONAL WEATHER SERVICE SIOUX FALLS SD
149 AM CDT SUN AUG 23 2015


...................................

...THE SIOUX CITY IA CLIMATE SUMMARY FOR AUGUST 22 2015...

CLIMATE NORMAL PERIOD 1981 TO 2010
CLIMATE RECORD PERIOD 1889 TO 2015


WEATHER ITEM   OBSERVED TIME   RECORD YEAR NORMAL DEPARTURE LAST
                VALUE   (LST)  VALUE       VALUE  FROM      YEAR
                                                  NORMAL
..................................................................
TEMPERATURE (F)
 YESTERDAY
  MAXIMUM         80    304 PM 100    1914  83     -3       91
                                      1898
  MINIMUM         58   1159 PM  43    1923  60     -2       73
                                      1890
  AVERAGE         69                        72     -3       82

PRECIPITATION (IN)
  YESTERDAY        T             3.19 1988   0.10  -0.10      T
  MONTH TO DATE    3.74                      2.28   1.46     6.39
  SINCE JUN 1     13.61                      9.61   4.00    26.65
  SINCE JAN 1     21.51                     19.59   1.92    31.90

SNOWFALL (IN)
  YESTERDAY        0.0           0.0    MM   0.0    0.0      0.0
  MONTH TO DATE    0.0                       0.0    0.0      0.0
  SINCE JUN 1      0.0                       0.0    0.0      0.0
  SINCE JUL 1      0.0                       0.0    0.0      0.0
  SNOW DEPTH       0

DEGREE DAYS
 HEATING
  YESTERDAY        0                         0      0        0
  MONTH TO DATE    5                         0      5        0
  SINCE JUN 1     10                        30    -20       26
  SINCE JUL 1      8                         3      5        6

 COOLING
  YESTERDAY        4                         7     -3       17
  MONTH TO DATE  171                       178     -7      193
  SINCE JUN 1    668                       659      9      581
  SINCE JAN 1    697                       723    -26      702
..................................................................


WIND (MPH)
  HIGHEST WIND SPEED    28   HIGHEST WIND DIRECTION    NW (320)
  HIGHEST GUST SPEED    37   HIGHEST GUST DIRECTION    NW (300)
  AVERAGE WIND SPEED    14.4


SKY COVER
  POSSIBLE SUNSHINE  MM
  AVERAGE SKY COVER 0.6


WEATHER CONDITIONS
 THE FOLLOWING WEATHER WAS RECORDED YESTERDAY.
  LIGHT RAIN
  HAZE


RELATIVE HUMIDITY (PERCENT)
 HIGHEST    84          1200 AM
 LOWEST     53           800 PM
 AVERAGE    69

..........................................................


THE SIOUX CITY IA CLIMATE NORMALS FOR TODAY
                         NORMAL    RECORD    YEAR
 MAXIMUM TEMPERATURE (F)   83       102      1938
 MINIMUM TEMPERATURE (F)   60        40      1891


SUNRISE AND SUNSET
AUGUST 23 2015........SUNRISE   641 AM CDT   SUNSET   815 PM CDT
AUGUST 24 2015........SUNRISE   642 AM CDT   SUNSET   813 PM CDT


-  INDICATES NEGATIVE NUMBERS.
R  INDICATES RECORD WAS SET OR TIED.
MM INDICATES DATA IS MISSING.
T  INDICATES TRACE AMOUNT.




$$
