453
CDUS43 KFSD 182228
CLISUX


CLIMATE REPORT
NATIONAL WEATHER SERVICE SIOUX FALLS SD
528 PM CDT SUN SEP 18 2016


...................................

...THE SIOUX CITY IA CLIMATE SUMMARY FOR SEPTEMBER 18 2016...
VALID TODAY AS OF 0500 PM LOCAL TIME.

CLIMATE NORMAL PERIOD 1981 TO 2010
CLIMATE RECORD PERIOD 1889 TO 2016


WEATHER ITEM   OBSERVED TIME   RECORD YEAR NORMAL DEPARTURE LAST
                VALUE   (LST)  VALUE       VALUE  FROM      YEAR
                                                  NORMAL
..................................................................
TEMPERATURE (F)
 TODAY
  MAXIMUM         85    359 PM 101    1895  76      9       63
  MINIMUM         54    626 AM  30    1901  49      5       50
  AVERAGE         70                        62      8       57

PRECIPITATION (IN)
  TODAY            0.00          3.17 1905   0.10  -0.10     0.14
  MONTH TO DATE    1.30                      1.82  -0.52     0.45
  SINCE SEP 1      1.30                      1.82  -0.52     0.45
  SINCE JAN 1     25.65                     22.36   3.29    24.19

SNOWFALL (IN)
  TODAY            0.0           0.0    MM   0.0    0.0      0.0
  MONTH TO DATE    0.0                       0.0    0.0      0.0
  SINCE SEP 1      0.0                       0.0    0.0      0.0
  SINCE JUL 1      0.0                       0.0    0.0      0.0
  SNOW DEPTH       0

DEGREE DAYS
 HEATING
  TODAY            0                         5     -5        8
  MONTH TO DATE   13                        51    -38       27
  SINCE SEP 1     13                        51    -38       27
  SINCE JUL 1     13                        66    -53       50

 COOLING
  TODAY            5                         2      3        0
  MONTH TO DATE   73                        66      7      133
  SINCE SEP 1     73                        66      7      133
  SINCE JAN 1   1095                       843    252      853
..................................................................


WIND (MPH)
  HIGHEST WIND SPEED    26   HIGHEST WIND DIRECTION     S (200)
  HIGHEST GUST SPEED    35   HIGHEST GUST DIRECTION     S (190)
  AVERAGE WIND SPEED    12.4


SKY COVER
  POSSIBLE SUNSHINE  MM
  AVERAGE SKY COVER 0.0


WEATHER CONDITIONS
 THE FOLLOWING WEATHER WAS RECORDED TODAY.
  NO SIGNIFICANT WEATHER WAS OBSERVED.


RELATIVE HUMIDITY (PERCENT)
 HIGHEST    93           400 AM
 LOWEST     48           300 PM
 AVERAGE    71

..........................................................


THE SIOUX CITY IA CLIMATE NORMALS FOR TOMORROW
                         NORMAL    RECORD    YEAR
 MAXIMUM TEMPERATURE (F)   75        98      1948
                                             1895
 MINIMUM TEMPERATURE (F)   49        29      1991


SUNRISE AND SUNSET
SEPTEMBER 18 2016.....SUNRISE   709 AM CDT   SUNSET   729 PM CDT
SEPTEMBER 19 2016.....SUNRISE   710 AM CDT   SUNSET   727 PM CDT


-  INDICATES NEGATIVE NUMBERS.
R  INDICATES RECORD WAS SET OR TIED.
MM INDICATES DATA IS MISSING.
T  INDICATES TRACE AMOUNT.




$$
