000
CDUS43 KFSD 200654
CLISUX


CLIMATE REPORT
NATIONAL WEATHER SERVICE SIOUX FALLS SD
154 AM CDT MON JUL 20 2015


...................................

...THE SIOUX CITY IA CLIMATE SUMMARY FOR JULY 19 2015...

CLIMATE NORMAL PERIOD 1981 TO 2010
CLIMATE RECORD PERIOD 1889 TO 2015


WEATHER ITEM   OBSERVED TIME   RECORD YEAR NORMAL DEPARTURE LAST
                VALUE   (LST)  VALUE       VALUE  FROM      YEAR
                                                  NORMAL
..................................................................
TEMPERATURE (F)
 YESTERDAY
  MAXIMUM         85    443 PM 106    1934  86     -1       82
  MINIMUM         64    546 AM  49    2009  64      0       64
  AVERAGE         75                        75      0       73

PRECIPITATION (IN)
  YESTERDAY        0.00          1.84 1912   0.10  -0.10     0.00
  MONTH TO DATE    1.89                      2.15  -0.26     3.51
  SINCE JUN 1      6.08                      6.04   0.04    20.16
  SINCE JAN 1     13.98                     16.02  -2.04    25.41

SNOWFALL (IN)
  YESTERDAY        0.0           0.0    MM   0.0    0.0      0.0
  MONTH TO DATE    0.0                       0.0    0.0      0.0
  SINCE JUN 1      0.0                       0.0    0.0      0.0
  SINCE JUL 1      0.0                       0.0    0.0      0.0
  SNOW DEPTH       0

DEGREE DAYS
 HEATING
  YESTERDAY        0                         0      0        0
  MONTH TO DATE    3                         0      3        6
  SINCE JUN 1      5                        27    -22       26
  SINCE JUL 1      3                         0      3        6

 COOLING
  YESTERDAY       10                        10      0        8
  MONTH TO DATE  167                       184    -17       97
  SINCE JUN 1    376                       372      4      292
  SINCE JAN 1    405                       436    -31      413
..................................................................


WIND (MPH)
  HIGHEST WIND SPEED    13   HIGHEST WIND DIRECTION    SE (150)
  HIGHEST GUST SPEED    15   HIGHEST GUST DIRECTION    SE (150)
  AVERAGE WIND SPEED     4.6


SKY COVER
  POSSIBLE SUNSHINE  MM
  AVERAGE SKY COVER 0.0


WEATHER CONDITIONS
 THE FOLLOWING WEATHER WAS RECORDED YESTERDAY.
  NO SIGNIFICANT WEATHER WAS OBSERVED.


RELATIVE HUMIDITY (PERCENT)
 HIGHEST    87           200 AM
 LOWEST     48           300 PM
 AVERAGE    68

..........................................................


THE SIOUX CITY IA CLIMATE NORMALS FOR TODAY
                         NORMAL    RECORD    YEAR
 MAXIMUM TEMPERATURE (F)   86       107      1934
 MINIMUM TEMPERATURE (F)   64        50      1970


SUNRISE AND SUNSET
JULY 20 2015..........SUNRISE   606 AM CDT   SUNSET   857 PM CDT
JULY 21 2015..........SUNRISE   607 AM CDT   SUNSET   856 PM CDT


-  INDICATES NEGATIVE NUMBERS.
R  INDICATES RECORD WAS SET OR TIED.
MM INDICATES DATA IS MISSING.
T  INDICATES TRACE AMOUNT.




$$
