000
CDUS43 KFSD 150643
CLISUX


CLIMATE REPORT
NATIONAL WEATHER SERVICE SIOUX FALLS SD
143 AM CDT SUN MAR 15 2015


...................................

...THE SIOUX CITY IA CLIMATE SUMMARY FOR MARCH 14 2015...

CLIMATE NORMAL PERIOD 1981 TO 2010
CLIMATE RECORD PERIOD 1889 TO 2015


WEATHER ITEM   OBSERVED TIME   RECORD YEAR NORMAL DEPARTURE LAST
                VALUE   (LST)  VALUE       VALUE  FROM      YEAR
                                                  NORMAL
..................................................................
TEMPERATURE (F)
 YESTERDAY
  MAXIMUM         70    426 PM  77    2012  46     24       57
  MINIMUM         28    706 AM -12    1960  25      3       29
  AVERAGE         49                        36     13       43

PRECIPITATION (IN)
  YESTERDAY        0.00          0.50 1957   0.07  -0.07     0.00
  MONTH TO DATE    T                         0.70  -0.70     0.30
  SINCE MAR 1      T                         0.70  -0.70     0.30
  SINCE JAN 1      0.96                      1.99  -1.03     1.07

SNOWFALL (IN)
  YESTERDAY        0.0           6.1  1912   0.2   -0.2      0.0
  MONTH TO DATE    T                         3.3   -3.3      4.5
  SINCE MAR 1      T                         3.3   -3.3      4.5
  SINCE JUL 1     21.5                      29.8   -8.3     18.3
  SNOW DEPTH       0

DEGREE DAYS
 HEATING
  YESTERDAY       16                        29    -13       22
  MONTH TO DATE  383                       451    -68      504
  SINCE MAR 1    383                       451    -68      504
  SINCE JUL 1   5549                      5745   -196     6108

 COOLING
  YESTERDAY        0                         0      0        0
  MONTH TO DATE    0                         0      0        0
  SINCE MAR 1      0                         0      0        0
  SINCE JAN 1      0                         0      0        0
..................................................................


WIND (MPH)
  HIGHEST WIND SPEED    15   HIGHEST WIND DIRECTION     N (340)
  HIGHEST GUST SPEED    17   HIGHEST GUST DIRECTION    NW (330)
  AVERAGE WIND SPEED     6.4


SKY COVER
  POSSIBLE SUNSHINE  MM
  AVERAGE SKY COVER 0.0


WEATHER CONDITIONS
 THE FOLLOWING WEATHER WAS RECORDED YESTERDAY.
  FOG


RELATIVE HUMIDITY (PERCENT)
 HIGHEST    92           700 AM
 LOWEST     18           300 PM
 AVERAGE    55

..........................................................


THE SIOUX CITY IA CLIMATE NORMALS FOR TODAY
                         NORMAL    RECORD    YEAR
 MAXIMUM TEMPERATURE (F)   47        85      1935
 MINIMUM TEMPERATURE (F)   25        -4      1897
                                             1893


SUNRISE AND SUNSET
MARCH 15 2015.........SUNRISE   738 AM CDT   SUNSET   732 PM CDT
MARCH 16 2015.........SUNRISE   736 AM CDT   SUNSET   733 PM CDT


-  INDICATES NEGATIVE NUMBERS.
R  INDICATES RECORD WAS SET OR TIED.
MM INDICATES DATA IS MISSING.
T  INDICATES TRACE AMOUNT.




$$
