600
CDUS43 KFSD 160649
CLISUX


CLIMATE REPORT
NATIONAL WEATHER SERVICE SIOUX FALLS SD
148 AM CDT SAT JUL 16 2016


...................................

...THE SIOUX CITY IA CLIMATE SUMMARY FOR JULY 15 2016...

CLIMATE NORMAL PERIOD 1981 TO 2010
CLIMATE RECORD PERIOD 1889 TO 2016


WEATHER ITEM   OBSERVED TIME   RECORD YEAR NORMAL DEPARTURE LAST
                VALUE   (LST)  VALUE       VALUE  FROM      YEAR
                                                  NORMAL
..................................................................
TEMPERATURE (F)
 YESTERDAY
  MAXIMUM         75    530 PM 106    1936  86    -11       76
  MINIMUM         56    512 AM  51    1952  64     -8       70
  AVERAGE         66                        75     -9       73

PRECIPITATION (IN)
  YESTERDAY        0.00          3.74 1900   0.12  -0.12     0.17
  MONTH TO DATE    1.24                      1.71  -0.47     0.99
  SINCE JUN 1      2.62                      5.60  -2.98     5.18
  SINCE JAN 1     18.35                     15.58   2.77    13.08

SNOWFALL (IN)
  YESTERDAY        0.0           0.0    MM   0.0    0.0      0.0
  MONTH TO DATE    0.0                       0.0    0.0      0.0
  SINCE JUN 1      0.0                       0.0    0.0      0.0
  SINCE JUL 1      0.0                       0.0    0.0      0.0
  SNOW DEPTH       0

DEGREE DAYS
 HEATING
  YESTERDAY        0                         0      0        0
  MONTH TO DATE    0                         0      0        3
  SINCE JUN 1      0                        27    -27        5
  SINCE JUL 1      0                         0      0        3

 COOLING
  YESTERDAY        1                        10     -9        8
  MONTH TO DATE  131                       144    -13      115
  SINCE JUN 1    464                       332    132      324
  SINCE JAN 1    516                       396    120      353
..................................................................


WIND (MPH)
  HIGHEST WIND SPEED    10   HIGHEST WIND DIRECTION     S (190)
  HIGHEST GUST SPEED    13   HIGHEST GUST DIRECTION     E (110)
  AVERAGE WIND SPEED     4.2


SKY COVER
  POSSIBLE SUNSHINE  MM
  AVERAGE SKY COVER 0.0


WEATHER CONDITIONS
 THE FOLLOWING WEATHER WAS RECORDED YESTERDAY.
  FOG
  HAZE


RELATIVE HUMIDITY (PERCENT)
 HIGHEST    93           400 AM
 LOWEST     53           100 PM
 AVERAGE    73

..........................................................


THE SIOUX CITY IA CLIMATE NORMALS FOR TODAY
                         NORMAL    RECORD    YEAR
 MAXIMUM TEMPERATURE (F)   86       107      1936
 MINIMUM TEMPERATURE (F)   64        49      2014


SUNRISE AND SUNSET
JULY 16 2016..........SUNRISE   603 AM CDT   SUNSET   900 PM CDT
JULY 17 2016..........SUNRISE   604 AM CDT   SUNSET   859 PM CDT


-  INDICATES NEGATIVE NUMBERS.
R  INDICATES RECORD WAS SET OR TIED.
MM INDICATES DATA IS MISSING.
T  INDICATES TRACE AMOUNT.




$$
