000
CDUS43 KFSD 070701
CLISUX


CLIMATE REPORT
NATIONAL WEATHER SERVICE SIOUX FALLS SD
159 AM CDT SUN SEP 7 2014


...................................

...THE SIOUX CITY IA CLIMATE SUMMARY FOR SEPTEMBER 6 2014...

CLIMATE NORMAL PERIOD 1981 TO 2010
CLIMATE RECORD PERIOD 1889 TO 2014


WEATHER ITEM   OBSERVED TIME   RECORD YEAR NORMAL DEPARTURE LAST
                VALUE   (LST)  VALUE       VALUE  FROM      YEAR
                                                  NORMAL
..................................................................
TEMPERATURE (F)
 YESTERDAY
  MAXIMUM         75    313 PM 103    1939  80     -5       88
  MINIMUM         46    510 AM  39    1956  55     -9       64
  AVERAGE         61                        67     -6       76

PRECIPITATION (IN)
  YESTERDAY        0.00          1.07 1895   0.10  -0.10     0.00
  MONTH TO DATE    0.11                      0.63  -0.52     1.10
  SINCE SEP 1      0.11                      0.63  -0.52     1.10
  SINCE JAN 1     35.74                     21.17  14.57    21.13

SNOWFALL (IN)
  YESTERDAY        0.0           0.0    MM   0.0    0.0      0.0
  MONTH TO DATE    0.0                       0.0    0.0      0.0
  SINCE SEP 1      0.0                       0.0    0.0      0.0
  SINCE JUL 1      0.0                       0.0    0.0      0.0
  SNOW DEPTH       0

DEGREE DAYS
 HEATING
  YESTERDAY        4                         2      2        0
  MONTH TO DATE   10                         9      1        0
  SINCE SEP 1     10                         9      1        0
  SINCE JUL 1     16                        24     -8       20

 COOLING
  YESTERDAY        0                         4     -4       11
  MONTH TO DATE   26                        28     -2       41
  SINCE SEP 1     26                        28     -2       41
  SINCE JAN 1    792                       805    -13      842
..................................................................


WIND (MPH)
  HIGHEST WIND SPEED     7   HIGHEST WIND DIRECTION    SW (240)
  HIGHEST GUST SPEED    12   HIGHEST GUST DIRECTION     S (200)
  AVERAGE WIND SPEED     2.8


SKY COVER
  POSSIBLE SUNSHINE  MM
  AVERAGE SKY COVER 0.0


WEATHER CONDITIONS
 THE FOLLOWING WEATHER WAS RECORDED YESTERDAY.
  FOG


RELATIVE HUMIDITY (PERCENT)
 HIGHEST   100           600 AM
 LOWEST     38           200 PM
 AVERAGE    69

..........................................................


THE SIOUX CITY IA CLIMATE NORMALS FOR TODAY
                         NORMAL    RECORD    YEAR
 MAXIMUM TEMPERATURE (F)   79       101      1971
                                             1931
 MINIMUM TEMPERATURE (F)   55        38      1986


SUNRISE AND SUNSET
SEPTEMBER  7 2014.....SUNRISE   657 AM CDT   SUNSET   749 PM CDT
SEPTEMBER  8 2014.....SUNRISE   658 AM CDT   SUNSET   747 PM CDT


-  INDICATES NEGATIVE NUMBERS.
R  INDICATES RECORD WAS SET OR TIED.
MM INDICATES DATA IS MISSING.
T  INDICATES TRACE AMOUNT.




$$
