000
CDUS43 KFSD 020643
CLISUX


CLIMATE REPORT
NATIONAL WEATHER SERVICE SIOUX FALLS SD
143 AM CDT TUE MAY 2 2017


...................................

...THE SIOUX CITY IA CLIMATE SUMMARY FOR MAY 1 2017...

CLIMATE NORMAL PERIOD 1981 TO 2010
CLIMATE RECORD PERIOD 1889 TO 2017


WEATHER ITEM   OBSERVED TIME   RECORD YEAR NORMAL DEPARTURE LAST
                VALUE   (LST)  VALUE       VALUE  FROM      YEAR
                                                  NORMAL
..................................................................
TEMPERATURE (F)
 YESTERDAY
  MAXIMUM         53    555 PM  93    1987  68    -15       57
                                      1959
  MINIMUM         33    724 AM  23    1909  43    -10       39
  AVERAGE         43                        56    -13       48

PRECIPITATION (IN)
  YESTERDAY        0.09          2.19 1972   0.11  -0.02     0.51
  MONTH TO DATE    0.09                      0.11  -0.02     0.51
  SINCE MAR 1      4.53                      5.06  -0.53     9.38
  SINCE JAN 1      6.12                      6.35  -0.23    11.22

SNOWFALL (IN)
  YESTERDAY        T             1.4  2013   0.0    0.0      0.0
  MONTH TO DATE    T                         0.0    0.0      0.0
  SINCE MAR 1      3.1                       8.3   -5.2     14.5
  SINCE JUL 1     28.6                      34.8   -6.2     57.6
  SNOW DEPTH       0

DEGREE DAYS
 HEATING
  YESTERDAY       22                        10     12       17
  MONTH TO DATE   22                        10     12       17
  SINCE MAR 1   1230                      1368   -138     1044
  SINCE JUL 1   5467                      6662  -1195     5503

 COOLING
  YESTERDAY        0                         1     -1        0
  MONTH TO DATE    0                         1     -1        0
  SINCE MAR 1      1                        12    -11        0
  SINCE JAN 1      1                        12    -11        0
..................................................................


WIND (MPH)
  HIGHEST WIND SPEED    31   HIGHEST WIND DIRECTION    NW (330)
  HIGHEST GUST SPEED    38   HIGHEST GUST DIRECTION    NW (330)
  AVERAGE WIND SPEED    15.9


SKY COVER
  POSSIBLE SUNSHINE  MM
  AVERAGE SKY COVER 0.8


WEATHER CONDITIONS
 THE FOLLOWING WEATHER WAS RECORDED YESTERDAY.
  LIGHT RAIN
  LIGHT SNOW
  FOG


RELATIVE HUMIDITY (PERCENT)
 HIGHEST   100          1200 AM
 LOWEST     63           500 PM
 AVERAGE    82

..........................................................


THE SIOUX CITY IA CLIMATE NORMALS FOR TODAY
                         NORMAL    RECORD    YEAR
 MAXIMUM TEMPERATURE (F)   69        91      1965
 MINIMUM TEMPERATURE (F)   44        25      1908


SUNRISE AND SUNSET
MAY  2 2017...........SUNRISE   619 AM CDT   SUNSET   827 PM CDT
MAY  3 2017...........SUNRISE   618 AM CDT   SUNSET   828 PM CDT


-  INDICATES NEGATIVE NUMBERS.
R  INDICATES RECORD WAS SET OR TIED.
MM INDICATES DATA IS MISSING.
T  INDICATES TRACE AMOUNT.




$$
