000
CDUS43 KFSD 012233
CLISUX


CLIMATE REPORT
NATIONAL WEATHER SERVICE SIOUX FALLS SD
533 PM CDT THU JUN 1 2017


...................................

...THE SIOUX CITY IA CLIMATE SUMMARY FOR JUNE 1 2017...
VALID TODAY AS OF 0500 PM LOCAL TIME.

CLIMATE NORMAL PERIOD 1981 TO 2010
CLIMATE RECORD PERIOD 1889 TO 2017


WEATHER ITEM   OBSERVED TIME   RECORD YEAR NORMAL DEPARTURE LAST
                VALUE   (LST)  VALUE       VALUE  FROM      YEAR
                                                  NORMAL
..................................................................
TEMPERATURE (F)
 TODAY
  MAXIMUM         86    345 PM  94    1934  78      8       78
  MINIMUM         44    508 AM  40    1982  54    -10       52
  AVERAGE         65                        66     -1       65

PRECIPITATION (IN)
  TODAY            0.00          2.59 1963   0.13  -0.13      T
  MONTH TO DATE    0.00                      0.13  -0.13      T
  SINCE JUN 1      0.00                      0.13  -0.13      T
  SINCE JAN 1      9.47                     10.11  -0.64    15.73

SNOWFALL (IN)
  TODAY            0.0           0.0    MM   0.0    0.0      0.0
  MONTH TO DATE    0.0                       0.0    0.0      0.0
  SINCE JUN 1      0.0                       0.0    0.0      0.0
  SINCE JUL 1     28.6                      34.8   -6.2     57.6
  SNOW DEPTH       0

DEGREE DAYS
 HEATING
  TODAY            0                         2     -2        0
  MONTH TO DATE    0                         2     -2        0
  SINCE JUN 1      0                         2     -2        0
  SINCE JUL 1   5638                      6836  -1198     5655

 COOLING
  TODAY            0                         3     -3        0
  MONTH TO DATE    0                         3     -3        0
  SINCE JUN 1      0                         3     -3        0
  SINCE JAN 1     38                        67    -29       52
..................................................................


WIND (MPH)
  HIGHEST WIND SPEED    17   HIGHEST WIND DIRECTION     S (200)
  HIGHEST GUST SPEED    27   HIGHEST GUST DIRECTION     S (170)
  AVERAGE WIND SPEED     5.8


SKY COVER
  POSSIBLE SUNSHINE  MM
  AVERAGE SKY COVER 0.0


WEATHER CONDITIONS
 THE FOLLOWING WEATHER WAS RECORDED TODAY.
  NO SIGNIFICANT WEATHER WAS OBSERVED.


RELATIVE HUMIDITY (PERCENT)
 HIGHEST    86           500 AM
 LOWEST     30          1100 AM
 AVERAGE    58

..........................................................


THE SIOUX CITY IA CLIMATE NORMALS FOR TOMORROW
                         NORMAL    RECORD    YEAR
 MAXIMUM TEMPERATURE (F)   78        97      1934
 MINIMUM TEMPERATURE (F)   55        41      1945


SUNRISE AND SUNSET
JUNE  1 2017..........SUNRISE   551 AM CDT   SUNSET   856 PM CDT
JUNE  2 2017..........SUNRISE   551 AM CDT   SUNSET   857 PM CDT


-  INDICATES NEGATIVE NUMBERS.
R  INDICATES RECORD WAS SET OR TIED.
MM INDICATES DATA IS MISSING.
T  INDICATES TRACE AMOUNT.




$$
