000
CDUS43 KFSD 140629
CLISUX


CLIMATE REPORT
NATIONAL WEATHER SERVICE SIOUX FALLS SD
128 AM CDT THU APR 14 2016


...................................

...THE SIOUX CITY IA CLIMATE SUMMARY FOR APRIL 13 2016...

CLIMATE NORMAL PERIOD 1981 TO 2010
CLIMATE RECORD PERIOD 1889 TO 2016


WEATHER ITEM   OBSERVED TIME   RECORD YEAR NORMAL DEPARTURE LAST
                VALUE   (LST)  VALUE       VALUE  FROM      YEAR
                                                  NORMAL
..................................................................
TEMPERATURE (F)
 YESTERDAY
  MAXIMUM         80    404 PM  91    2006  62     18       68
  MINIMUM         46    618 AM  15    1950  36     10       36
  AVERAGE         63                        49     14       52

PRECIPITATION (IN)
  YESTERDAY        0.00          1.46 1892   0.10  -0.10     0.00
  MONTH TO DATE    0.03                      1.17  -1.14     1.96
  SINCE MAR 1      3.09                      3.17  -0.08     2.84
  SINCE JAN 1      4.93                      4.46   0.47     3.80

SNOWFALL (IN)
  YESTERDAY        0.0           2.5  1983   0.1   -0.1      0.0
  MONTH TO DATE    0.0                       1.2   -1.2      0.0
  SINCE MAR 1     14.5                       7.7    6.8       T
  SINCE JUL 1     57.6                      34.2   23.4     21.5
  SNOW DEPTH       0

DEGREE DAYS
 HEATING
  YESTERDAY        2                        17    -15       13
  MONTH TO DATE  239                       250    -11      179
  SINCE MAR 1    872                      1134   -262      886
  SINCE JUL 1   5331                      6428  -1097     6052

 COOLING
  YESTERDAY        0                         0      0        0
  MONTH TO DATE    0                         0      0        1
  SINCE MAR 1      0                         0      0        1
  SINCE JAN 1      0                         0      0        1
..................................................................


WIND (MPH)
  HIGHEST WIND SPEED    24   HIGHEST WIND DIRECTION     S (200)
  HIGHEST GUST SPEED    30   HIGHEST GUST DIRECTION     S (200)
  AVERAGE WIND SPEED    13.6


SKY COVER
  POSSIBLE SUNSHINE  MM
  AVERAGE SKY COVER 0.2


WEATHER CONDITIONS
 THE FOLLOWING WEATHER WAS RECORDED YESTERDAY.
  HAZE


RELATIVE HUMIDITY (PERCENT)
 HIGHEST    49           600 AM
 LOWEST     28           500 PM
 AVERAGE    39

..........................................................


THE SIOUX CITY IA CLIMATE NORMALS FOR TODAY
                         NORMAL    RECORD    YEAR
 MAXIMUM TEMPERATURE (F)   62        90      1954
 MINIMUM TEMPERATURE (F)   36        17      1950
                                             1928


SUNRISE AND SUNSET
APRIL 14 2016.........SUNRISE   645 AM CDT   SUNSET   807 PM CDT
APRIL 15 2016.........SUNRISE   644 AM CDT   SUNSET   808 PM CDT


-  INDICATES NEGATIVE NUMBERS.
R  INDICATES RECORD WAS SET OR TIED.
MM INDICATES DATA IS MISSING.
T  INDICATES TRACE AMOUNT.




$$
