000
CDUS43 KFSD 110718
CLISUX


CLIMATE REPORT
NATIONAL WEATHER SERVICE SIOUX FALLS SD
117 AM CST WED JAN 11 2017


...................................

...THE SIOUX CITY IA CLIMATE SUMMARY FOR JANUARY 10 2017...

CLIMATE NORMAL PERIOD 1981 TO 2010
CLIMATE RECORD PERIOD 1889 TO 2017


WEATHER ITEM   OBSERVED TIME   RECORD YEAR NORMAL DEPARTURE LAST
                VALUE   (LST)  VALUE       VALUE  FROM      YEAR
                                                  NORMAL
..................................................................
TEMPERATURE (F)
 YESTERDAY
  MAXIMUM         32    613 AM  64    1990  30      2        8
  MINIMUM         19   1159 PM -22    1982  10      9      -11
  AVERAGE         26                        20      6       -1

PRECIPITATION (IN)
  YESTERDAY        0.01          0.80 2011   0.02  -0.01     0.00
  MONTH TO DATE    0.06                      0.20  -0.14     0.48
  SINCE DEC 1      1.54                      1.00   0.54     3.34
  SINCE JAN 1      0.06                      0.20  -0.14     0.48

SNOWFALL (IN)
  YESTERDAY        T             9.5  2011   0.2   -0.2      0.0
  MONTH TO DATE    0.2                       2.1   -1.9      3.4
  SINCE DEC 1      4.7                       9.9   -5.2     15.2
  SINCE JUL 1      5.7                      15.3   -9.6     27.7
  SNOW DEPTH       T

DEGREE DAYS
 HEATING
  YESTERDAY       39                        45     -6       66
  MONTH TO DATE  478                       450     28      432
  SINCE DEC 1   1718                      1766    -48     1477
  SINCE JUL 1   2662                      3242   -580     2583

 COOLING
  YESTERDAY        0                         0      0        0
  MONTH TO DATE    0                         0      0        0
  SINCE DEC 1      0                         0      0        0
  SINCE JAN 1      0                         0      0        0
..................................................................


WIND (MPH)
  HIGHEST WIND SPEED    40   HIGHEST WIND DIRECTION    NW (310)
  HIGHEST GUST SPEED    50   HIGHEST GUST DIRECTION    NW (320)
  AVERAGE WIND SPEED    14.9


SKY COVER
  POSSIBLE SUNSHINE  MM
  AVERAGE SKY COVER 0.5


WEATHER CONDITIONS
 THE FOLLOWING WEATHER WAS RECORDED YESTERDAY.
  MIXED PRECIP
  LT FREEZING RAIN
  LIGHT SNOW


RELATIVE HUMIDITY (PERCENT)
 HIGHEST    85           400 AM
 LOWEST     55           200 PM
 AVERAGE    70

..........................................................


THE SIOUX CITY IA CLIMATE NORMALS FOR TODAY
                         NORMAL    RECORD    YEAR
 MAXIMUM TEMPERATURE (F)   30        56      1986
                                             1941
 MINIMUM TEMPERATURE (F)   10       -26      1918
                                             1912


SUNRISE AND SUNSET
JANUARY 11 2017.......SUNRISE   754 AM CST   SUNSET   514 PM CST
JANUARY 12 2017.......SUNRISE   753 AM CST   SUNSET   515 PM CST


-  INDICATES NEGATIVE NUMBERS.
R  INDICATES RECORD WAS SET OR TIED.
MM INDICATES DATA IS MISSING.
T  INDICATES TRACE AMOUNT.




$$
