645
CDUS43 KFSD 080644
CLISUX


CLIMATE REPORT
NATIONAL WEATHER SERVICE SIOUX FALLS SD
143 AM CDT SUN OCT 8 2017


...................................

...THE SIOUX CITY IA CLIMATE SUMMARY FOR OCTOBER 7 2017...

CLIMATE NORMAL PERIOD 1981 TO 2010
CLIMATE RECORD PERIOD 1889 TO 2017


WEATHER ITEM   OBSERVED TIME   RECORD YEAR NORMAL DEPARTURE LAST
                VALUE   (LST)  VALUE       VALUE  FROM      YEAR
                                                  NORMAL
..................................................................
TEMPERATURE (F)
 YESTERDAY
  MAXIMUM         73    443 PM  89    1980  67      6       62
  MINIMUM         49   1153 PM  15    2012  41      8       35
  AVERAGE         61                        54      7       49

PRECIPITATION (IN)
  YESTERDAY        0.73          2.34 1970   0.08   0.65     0.00
  MONTH TO DATE    6.18                      0.62   5.56     1.02
  SINCE SEP 1      8.36                      3.58   4.78     3.80
  SINCE JAN 1     28.55                     24.12   4.43    28.15

SNOWFALL (IN)
  YESTERDAY       MM             0.0    MM   0.1   MM        0.0
  MONTH TO DATE    0.0                       0.1   -0.1      0.0
  SINCE SEP 1      0.0                       0.1   -0.1      0.0
  SINCE JUL 1      0.0                       0.1   -0.1      0.0
  SNOW DEPTH       0

DEGREE DAYS
 HEATING
  YESTERDAY        4                        11     -7       16
  MONTH TO DATE   33                        71    -38       44
  SINCE SEP 1     99                       203   -104       94
  SINCE JUL 1    107                       218   -111       94

 COOLING
  YESTERDAY        0                         1     -1        0
  MONTH TO DATE    0                         7     -7        0
  SINCE SEP 1    119                        91     28      143
  SINCE JAN 1    951                       868     83     1165
..................................................................


WIND (MPH)
  HIGHEST WIND SPEED    18   HIGHEST WIND DIRECTION     N (340)
  HIGHEST GUST SPEED    26   HIGHEST GUST DIRECTION     W (250)
  AVERAGE WIND SPEED     9.8


SKY COVER
  POSSIBLE SUNSHINE  MM
  AVERAGE SKY COVER 0.5


WEATHER CONDITIONS
 THE FOLLOWING WEATHER WAS RECORDED YESTERDAY.
  HEAVY RAIN
  RAIN
  LIGHT RAIN
  FOG


RELATIVE HUMIDITY (PERCENT)
 HIGHEST   100          1200 AM
 LOWEST     41           400 PM
 AVERAGE    71

..........................................................


THE SIOUX CITY IA CLIMATE NORMALS FOR TODAY
                         NORMAL    RECORD    YEAR
 MAXIMUM TEMPERATURE (F)   67        93      2010
 MINIMUM TEMPERATURE (F)   41        17      2000


SUNRISE AND SUNSET
OCTOBER  8 2017.......SUNRISE   731 AM CDT   SUNSET   654 PM CDT
OCTOBER  9 2017.......SUNRISE   732 AM CDT   SUNSET   653 PM CDT


-  INDICATES NEGATIVE NUMBERS.
R  INDICATES RECORD WAS SET OR TIED.
MM INDICATES DATA IS MISSING.
T  INDICATES TRACE AMOUNT.




$$
