000
CDUS43 KFSD 072232
CLISUX


CLIMATE REPORT
NATIONAL WEATHER SERVICE SIOUX FALLS SD
432 PM CST SUN DEC 7 2014


...................................

...THE SIOUX CITY IA CLIMATE SUMMARY FOR DECEMBER 7 2014...
VALID TODAY AS OF 0400 PM LOCAL TIME.

CLIMATE NORMAL PERIOD 1981 TO 2010
CLIMATE RECORD PERIOD 1889 TO 2014


WEATHER ITEM   OBSERVED TIME   RECORD YEAR NORMAL DEPARTURE LAST
                VALUE   (LST)  VALUE       VALUE  FROM      YEAR
                                                  NORMAL
..................................................................
TEMPERATURE (F)
 TODAY
  MAXIMUM         37    359 PM  68    1984  34      3        9
  MINIMUM         30    130 AM -11    1976  15     15       -9
  AVERAGE         34                        25      9        0

PRECIPITATION (IN)
  TODAY            T             0.74 1926   0.03  -0.03      T
  MONTH TO DATE    T                         0.22  -0.22      T
  SINCE DEC 1      T                         0.22  -0.22      T
  SINCE JAN 1     39.96                     27.16  12.80    26.45

SNOWFALL (IN)
  TODAY            0.0           5.0  1926   0.3   -0.3       T
  MONTH TO DATE    0.0                       1.8   -1.8      0.2
  SINCE DEC 1      0.0                       1.8   -1.8      0.2
  SINCE JUL 1      4.5                       7.2   -2.7      1.1
  SNOW DEPTH       0

DEGREE DAYS
 HEATING
  TODAY           31                        40     -9       65
  MONTH TO DATE  255                       274    -19      317
  SINCE DEC 1    255                       274    -19      317
  SINCE JUL 1   1750                      1750      0     1741

 COOLING
  TODAY            0                         0      0        0
  MONTH TO DATE    0                         0      0        0
  SINCE DEC 1      0                         0      0        0
  SINCE JAN 1    862                       869     -7      960
..................................................................


WIND (MPH)
  HIGHEST WIND SPEED    22   HIGHEST WIND DIRECTION     S (180)
  HIGHEST GUST SPEED    28   HIGHEST GUST DIRECTION     S (190)
  AVERAGE WIND SPEED    13.6


SKY COVER
  POSSIBLE SUNSHINE  MM
  AVERAGE SKY COVER 0.9


WEATHER CONDITIONS
 THE FOLLOWING WEATHER WAS RECORDED TODAY.
  LIGHT RAIN
  FOG
  HAZE


RELATIVE HUMIDITY (PERCENT)
 HIGHEST    92           500 AM
 LOWEST     78          1200 AM
 AVERAGE    85

..........................................................


THE SIOUX CITY IA CLIMATE NORMALS FOR TOMORROW
                         NORMAL    RECORD    YEAR
 MAXIMUM TEMPERATURE (F)   34        64      1970
 MINIMUM TEMPERATURE (F)   15       -19      1978


SUNRISE AND SUNSET
DECEMBER  7 2014......SUNRISE   741 AM CST   SUNSET   453 PM CST
DECEMBER  8 2014......SUNRISE   742 AM CST   SUNSET   453 PM CST


-  INDICATES NEGATIVE NUMBERS.
R  INDICATES RECORD WAS SET OR TIED.
MM INDICATES DATA IS MISSING.
T  INDICATES TRACE AMOUNT.




$$
