000
CDUS43 KFSD 190623
CLISUX


CLIMATE REPORT
NATIONAL WEATHER SERVICE SIOUX FALLS SD
123 AM CDT WED AUG 19 2015


...................................

...THE SIOUX CITY IA CLIMATE SUMMARY FOR AUGUST 18 2015...

CLIMATE NORMAL PERIOD 1981 TO 2010
CLIMATE RECORD PERIOD 1889 TO 2015


WEATHER ITEM   OBSERVED TIME   RECORD YEAR NORMAL DEPARTURE LAST
                VALUE   (LST)  VALUE       VALUE  FROM      YEAR
                                                  NORMAL
..................................................................
TEMPERATURE (F)
 YESTERDAY
  MAXIMUM         70    204 PM 104    1936  83    -13       88
  MINIMUM         55   1039 PM  46    2002  61     -6       63
  AVERAGE         63                        72     -9       76

PRECIPITATION (IN)
  YESTERDAY        1.86          4.51 1937   0.11   1.75     0.00
  MONTH TO DATE    3.73                      1.87   1.86     4.27
  SINCE JUN 1     13.60                      9.20   4.40    24.53
  SINCE JAN 1     21.50                     19.18   2.32    29.78

SNOWFALL (IN)
  YESTERDAY        0.0           0.0    MM   0.0    0.0      0.0
  MONTH TO DATE    0.0                       0.0    0.0      0.0
  SINCE JUN 1      0.0                       0.0    0.0      0.0
  SINCE JUL 1      0.0                       0.0    0.0      0.0
  SNOW DEPTH       0

DEGREE DAYS
 HEATING
  YESTERDAY        2                         0      2        0
  MONTH TO DATE    2                         0      2        0
  SINCE JUN 1      7                        30    -23       26
  SINCE JUL 1      5                         3      2        6

 COOLING
  YESTERDAY        0                         7     -7       11
  MONTH TO DATE  161                       150     11      137
  SINCE JUN 1    658                       631     27      525
  SINCE JAN 1    687                       695     -8      646
..................................................................


WIND (MPH)
  HIGHEST WIND SPEED    30   HIGHEST WIND DIRECTION    NW (300)
  HIGHEST GUST SPEED    37   HIGHEST GUST DIRECTION    NW (300)
  AVERAGE WIND SPEED    15.0


SKY COVER
  POSSIBLE SUNSHINE  MM
  AVERAGE SKY COVER 1.0


WEATHER CONDITIONS
 THE FOLLOWING WEATHER WAS RECORDED YESTERDAY.
  THUNDERSTORM
  HEAVY RAIN
  RAIN
  LIGHT RAIN
  FOG


RELATIVE HUMIDITY (PERCENT)
 HIGHEST    90          1200 AM
 LOWEST     68           300 PM
 AVERAGE    79

..........................................................


THE SIOUX CITY IA CLIMATE NORMALS FOR TODAY
                         NORMAL    RECORD    YEAR
 MAXIMUM TEMPERATURE (F)   83       100      1938
 MINIMUM TEMPERATURE (F)   61        43      2012
                                             2004


SUNRISE AND SUNSET
AUGUST 19 2015........SUNRISE   637 AM CDT   SUNSET   821 PM CDT
AUGUST 20 2015........SUNRISE   638 AM CDT   SUNSET   819 PM CDT


-  INDICATES NEGATIVE NUMBERS.
R  INDICATES RECORD WAS SET OR TIED.
MM INDICATES DATA IS MISSING.
T  INDICATES TRACE AMOUNT.




$$
