000
CDUS43 KFSD 220635
CLISUX


CLIMATE REPORT
NATIONAL WEATHER SERVICE SIOUX FALLS SD
1234 AM CST SUN FEB 22 2015


...................................

...THE SIOUX CITY IA CLIMATE SUMMARY FOR FEBRUARY 21 2015...

CLIMATE NORMAL PERIOD 1981 TO 2010
CLIMATE RECORD PERIOD 1889 TO 2015


WEATHER ITEM   OBSERVED TIME   RECORD YEAR NORMAL DEPARTURE LAST
                VALUE   (LST)  VALUE       VALUE  FROM      YEAR
                                                  NORMAL
..................................................................
TEMPERATURE (F)
 YESTERDAY
  MAXIMUM         36   1252 AM  64    1943  37     -1       42
  MINIMUM         14   1144 PM -15    1918  17     -3       19
  AVERAGE         25                        27     -2       31

PRECIPITATION (IN)
  YESTERDAY        T             0.62 2013   0.03  -0.03     0.00
  MONTH TO DATE    0.18                      0.46  -0.28     0.49
  SINCE DEC 1      2.22                      1.88   0.34     0.86
  SINCE JAN 1      0.82                      1.08  -0.26     0.68

SNOWFALL (IN)
  YESTERDAY        T             8.0  2013   0.2   -0.2      0.0
  MONTH TO DATE    3.6                       5.0   -1.4      6.1
  SINCE DEC 1     15.7                      19.5   -3.8     10.5
  SINCE JUL 1     20.2                      24.9   -4.7     11.4
  SNOW DEPTH       0

DEGREE DAYS
 HEATING
  YESTERDAY       40                        38      2       34
  MONTH TO DATE  923                       861     62      948
  SINCE DEC 1   3310                      3561   -251     3839
  SINCE JUL 1   4805                      5037   -232     5263

 COOLING
  YESTERDAY        0                         0      0        0
  MONTH TO DATE    0                         0      0        0
  SINCE DEC 1      0                         0      0        0
  SINCE JAN 1      0                         0      0        0
..................................................................


WIND (MPH)
  HIGHEST WIND SPEED    25   HIGHEST WIND DIRECTION    NW (330)
  HIGHEST GUST SPEED    29   HIGHEST GUST DIRECTION    NW (320)
  AVERAGE WIND SPEED    14.4


SKY COVER
  POSSIBLE SUNSHINE  MM
  AVERAGE SKY COVER 0.8


WEATHER CONDITIONS
 THE FOLLOWING WEATHER WAS RECORDED YESTERDAY.
  LIGHT SNOW
  FOG
  HAZE


RELATIVE HUMIDITY (PERCENT)
 HIGHEST    89           200 AM
 LOWEST     49           800 PM
 AVERAGE    69

..........................................................


THE SIOUX CITY IA CLIMATE NORMALS FOR TODAY
                         NORMAL    RECORD    YEAR
 MAXIMUM TEMPERATURE (F)   37        68      1982
 MINIMUM TEMPERATURE (F)   18       -16      1962


SUNRISE AND SUNSET
FEBRUARY 22 2015......SUNRISE   712 AM CST   SUNSET   606 PM CST
FEBRUARY 23 2015......SUNRISE   711 AM CST   SUNSET   608 PM CST


-  INDICATES NEGATIVE NUMBERS.
R  INDICATES RECORD WAS SET OR TIED.
MM INDICATES DATA IS MISSING.
T  INDICATES TRACE AMOUNT.




$$
