000
CDUS43 KFSD 030919
CLISUX


CLIMATE REPORT
NATIONAL WEATHER SERVICE SIOUX FALLS SD
418 AM CDT THU APR 3 2014


...................................

...THE SIOUX CITY IA CLIMATE SUMMARY FOR APRIL 2 2014...

CLIMATE NORMAL PERIOD 1981 TO 2010
CLIMATE RECORD PERIOD 1889 TO 2014


WEATHER ITEM   OBSERVED TIME   RECORD YEAR NORMAL DEPARTURE LAST
                VALUE   (LST)  VALUE       VALUE  FROM      YEAR
                                                  NORMAL
..................................................................
TEMPERATURE (F)
 YESTERDAY
  MAXIMUM         51    232 PM  92    2012  56     -5       50
  MINIMUM         24   1214 AM   9    1975  31     -7       20
  AVERAGE         38                        44     -6       35

PRECIPITATION (IN)
  YESTERDAY        0.01          0.96 1988   0.09  -0.08     0.00
  MONTH TO DATE    0.01                      0.17  -0.16     0.00
  SINCE MAR 1      0.39                      2.17  -1.78     2.00
  SINCE JAN 1      1.16                      3.46  -2.30     3.20

SNOWFALL (IN)
  YESTERDAY        0.0           1.2  1937   0.1   -0.1      0.0
  MONTH TO DATE    T                         0.2   -0.2      0.0
  SINCE MAR 1      4.7                       6.7   -2.0     11.7
  SINCE JUL 1     18.5                      33.2  -14.7     32.5
  SNOW DEPTH       0

DEGREE DAYS
 HEATING
  YESTERDAY       27                        21      6       30
  MONTH TO DATE   63                        43     20       67
  SINCE MAR 1   1043                       927    116     1114
  SINCE JUL 1   6647                      6221    426     6263

 COOLING
  YESTERDAY        0                         0      0        0
  MONTH TO DATE    0                         0      0        0
  SINCE MAR 1      0                         0      0        0
  SINCE JAN 1      0                         0      0        0
..................................................................


WIND (MPH)
  HIGHEST WIND SPEED    24   HIGHEST WIND DIRECTION     E (100)
  HIGHEST GUST SPEED    29   HIGHEST GUST DIRECTION     E (110)
  AVERAGE WIND SPEED    10.9


SKY COVER
  POSSIBLE SUNSHINE  MM
  AVERAGE SKY COVER 0.5


WEATHER CONDITIONS
 THE FOLLOWING WEATHER WAS RECORDED YESTERDAY.
  LIGHT RAIN
  FOG


RELATIVE HUMIDITY (PERCENT)
 HIGHEST    92           900 PM
 LOWEST     35           100 PM
 AVERAGE    64

..........................................................


THE SIOUX CITY IA CLIMATE NORMALS FOR TODAY
                         NORMAL    RECORD    YEAR
 MAXIMUM TEMPERATURE (F)   57        85      1921
 MINIMUM TEMPERATURE (F)   32        -2      1975


SUNRISE AND SUNSET
APRIL  3 2014.........SUNRISE   705 AM CDT   SUNSET   754 PM CDT
APRIL  4 2014.........SUNRISE   703 AM CDT   SUNSET   755 PM CDT


-  INDICATES NEGATIVE NUMBERS.
R  INDICATES RECORD WAS SET OR TIED.
MM INDICATES DATA IS MISSING.
T  INDICATES TRACE AMOUNT.




$$
