000
CDUS43 KFSD 180630
CLISUX


CLIMATE REPORT
NATIONAL WEATHER SERVICE SIOUX FALLS SD
128 AM CDT MON MAY 18 2015


...................................

...THE SIOUX CITY IA CLIMATE SUMMARY FOR MAY 17 2015...

CLIMATE NORMAL PERIOD 1981 TO 2010
CLIMATE RECORD PERIOD 1889 TO 2015


WEATHER ITEM   OBSERVED TIME   RECORD YEAR NORMAL DEPARTURE LAST
                VALUE   (LST)  VALUE       VALUE  FROM      YEAR
                                                  NORMAL
..................................................................
TEMPERATURE (F)
 YESTERDAY
  MAXIMUM         75    220 PM  97    1996  73      2       69
  MINIMUM         49   1159 PM  30    2014  49      0       30
  AVERAGE         62                        61      1       50

PRECIPITATION (IN)
  YESTERDAY        0.02          3.38 1892   0.12  -0.10     0.00
  MONTH TO DATE    2.19                      2.00   0.19     0.58
  SINCE MAR 1      5.60                      6.95  -1.35     3.03
  SINCE JAN 1      6.56                      8.24  -1.68     3.80

SNOWFALL (IN)
  YESTERDAY        0.0           0.0    MM   0.0    0.0      0.0
  MONTH TO DATE    0.0                       0.2   -0.2      0.0
  SINCE MAR 1      T                         8.5   -8.5     10.0
  SINCE JUL 1     21.5                      35.0  -13.5     23.8
  SNOW DEPTH       0

DEGREE DAYS
 HEATING
  YESTERDAY        3                         5     -2       15
  MONTH TO DATE   75                       128    -53      170
  SINCE MAR 1   1150                      1486   -336     1615
  SINCE JUL 1   6316                      6780   -464     7219

 COOLING
  YESTERDAY        0                         2     -2        0
  MONTH TO DATE   18                        20     -2       17
  SINCE MAR 1     19                        31    -12       26
  SINCE JAN 1     19                        31    -12       26
..................................................................


WIND (MPH)
  HIGHEST WIND SPEED    31   HIGHEST WIND DIRECTION     W (270)
  HIGHEST GUST SPEED    43   HIGHEST GUST DIRECTION     W (290)
  AVERAGE WIND SPEED    17.1


SKY COVER
  POSSIBLE SUNSHINE  MM
  AVERAGE SKY COVER 0.7


WEATHER CONDITIONS
 THE FOLLOWING WEATHER WAS RECORDED YESTERDAY.
  THUNDERSTORM
  LIGHT RAIN


RELATIVE HUMIDITY (PERCENT)
 HIGHEST    90           100 AM
 LOWEST     46           300 PM
 AVERAGE    68

..........................................................


THE SIOUX CITY IA CLIMATE NORMALS FOR TODAY
                         NORMAL    RECORD    YEAR
 MAXIMUM TEMPERATURE (F)   74        99      1934
 MINIMUM TEMPERATURE (F)   50        33      1915


SUNRISE AND SUNSET
MAY 18 2015...........SUNRISE   601 AM CDT   SUNSET   843 PM CDT
MAY 19 2015...........SUNRISE   600 AM CDT   SUNSET   844 PM CDT


-  INDICATES NEGATIVE NUMBERS.
R  INDICATES RECORD WAS SET OR TIED.
MM INDICATES DATA IS MISSING.
T  INDICATES TRACE AMOUNT.




$$
