000
CDUS43 KFSD 092220
CLISUX


CLIMATE REPORT
NATIONAL WEATHER SERVICE SIOUX FALLS SD
519 PM CDT SUN JUL 9 2017


...................................

...THE SIOUX CITY IA CLIMATE SUMMARY FOR JULY 9 2017...
VALID TODAY AS OF 0500 PM LOCAL TIME.

CLIMATE NORMAL PERIOD 1981 TO 2010
CLIMATE RECORD PERIOD 1889 TO 2017


WEATHER ITEM   OBSERVED TIME   RECORD YEAR NORMAL DEPARTURE LAST
                VALUE   (LST)  VALUE       VALUE  FROM      YEAR
                                                  NORMAL
..................................................................
TEMPERATURE (F)
 TODAY
  MAXIMUM         94    359 PM 103    1930  86      8       87
  MINIMUM         63    353 AM  41    1895  63      0       64
  AVERAGE         79                        75      4       76

PRECIPITATION (IN)
  TODAY            0.00          2.53 1973   0.11  -0.11     0.00
  MONTH TO DATE    0.03                      1.02  -0.99     1.22
  SINCE JUN 1      1.75                      4.91  -3.16     2.60
  SINCE JAN 1     11.22                     14.89  -3.67    18.33

SNOWFALL (IN)
  TODAY            0.0           0.0    MM   0.0    0.0      0.0
  MONTH TO DATE    0.0                       0.0    0.0      0.0
  SINCE JUN 1      0.0                       0.0    0.0      0.0
  SINCE JUL 1      0.0                       0.0    0.0      0.0
  SNOW DEPTH       0

DEGREE DAYS
 HEATING
  TODAY            0                         0      0        0
  MONTH TO DATE    0                         0      0        0
  SINCE JUN 1     10                        27    -17        0
  SINCE JUL 1      0                         0      0        0

 COOLING
  TODAY           14                        10      4       11
  MONTH TO DATE  109                        84     25       70
  SINCE JUN 1    364                       272     92      403
  SINCE JAN 1    402                       336     66      455
..................................................................


WIND (MPH)
  HIGHEST WIND SPEED    21   HIGHEST WIND DIRECTION     S (190)
  HIGHEST GUST SPEED    29   HIGHEST GUST DIRECTION     S (190)
  AVERAGE WIND SPEED     9.1


SKY COVER
  POSSIBLE SUNSHINE  MM
  AVERAGE SKY COVER 0.0


WEATHER CONDITIONS
 THE FOLLOWING WEATHER WAS RECORDED TODAY.
  NO SIGNIFICANT WEATHER WAS OBSERVED.


RELATIVE HUMIDITY (PERCENT)
 HIGHEST    93           300 AM
 LOWEST     49           200 PM
 AVERAGE    71

..........................................................


THE SIOUX CITY IA CLIMATE NORMALS FOR TOMORROW
                         NORMAL    RECORD    YEAR
 MAXIMUM TEMPERATURE (F)   86       103      1930
 MINIMUM TEMPERATURE (F)   63        45      1996


SUNRISE AND SUNSET
JULY  9 2017..........SUNRISE   558 AM CDT   SUNSET   904 PM CDT
JULY 10 2017..........SUNRISE   558 AM CDT   SUNSET   903 PM CDT


-  INDICATES NEGATIVE NUMBERS.
R  INDICATES RECORD WAS SET OR TIED.
MM INDICATES DATA IS MISSING.
T  INDICATES TRACE AMOUNT.




$$
