000
CDUS43 KFSD 280631
CLISUX


CLIMATE REPORT
NATIONAL WEATHER SERVICE SIOUX FALLS SD
129 AM CDT SAT OCT 28 2017


...................................

...THE SIOUX CITY IA CLIMATE SUMMARY FOR OCTOBER 27 2017...

CLIMATE NORMAL PERIOD 1981 TO 2010
CLIMATE RECORD PERIOD 1889 TO 2017


WEATHER ITEM   OBSERVED TIME   RECORD YEAR NORMAL DEPARTURE LAST
                VALUE   (LST)  VALUE       VALUE  FROM      YEAR
                                                  NORMAL
..................................................................
TEMPERATURE (F)
 YESTERDAY
  MAXIMUM         37    508 PM  86    1999  58    -21       72
  MINIMUM         26   1157 PM  11    1925  34     -8       42
  AVERAGE         32                        46    -14       57

PRECIPITATION (IN)
  YESTERDAY        T             0.79 1918   0.05  -0.05     0.00
  MONTH TO DATE    6.81                      1.94   4.87     1.60
  SINCE SEP 1      8.99                      4.90   4.09     4.38
  SINCE JAN 1     29.18                     25.44   3.74    28.73

SNOWFALL (IN)
  YESTERDAY        T             4.7  1925   0.0    0.0      0.0
  MONTH TO DATE    T                         0.7   -0.7      0.0
  SINCE SEP 1      T                         0.7   -0.7      0.0
  SINCE JUL 1      T                         0.7   -0.7      0.0
  SNOW DEPTH       T

DEGREE DAYS
 HEATING
  YESTERDAY       33                        19     14        8
  MONTH TO DATE  303                       373    -70      269
  SINCE SEP 1    369                       505   -136      319
  SINCE JUL 1    377                       520   -143      319

 COOLING
  YESTERDAY        0                         0      0        0
  MONTH TO DATE    0                         8     -8        0
  SINCE SEP 1    119                        92     27      143
  SINCE JAN 1    951                       869     82     1165
..................................................................


WIND (MPH)
  HIGHEST WIND SPEED    40   HIGHEST WIND DIRECTION    NW (320)
  HIGHEST GUST SPEED    49   HIGHEST GUST DIRECTION    NW (320)
  AVERAGE WIND SPEED    20.7


SKY COVER
  POSSIBLE SUNSHINE  MM
  AVERAGE SKY COVER 0.7


WEATHER CONDITIONS
 THE FOLLOWING WEATHER WAS RECORDED YESTERDAY.
  LIGHT SNOW


RELATIVE HUMIDITY (PERCENT)
 HIGHEST    75           900 PM
 LOWEST     52           400 PM
 AVERAGE    64

..........................................................


THE SIOUX CITY IA CLIMATE NORMALS FOR TODAY
                         NORMAL    RECORD    YEAR
 MAXIMUM TEMPERATURE (F)   58        84      1937
 MINIMUM TEMPERATURE (F)   34         6      1925


SUNRISE AND SUNSET
OCTOBER 28 2017.......SUNRISE   754 AM CDT   SUNSET   624 PM CDT
OCTOBER 29 2017.......SUNRISE   756 AM CDT   SUNSET   622 PM CDT


-  INDICATES NEGATIVE NUMBERS.
R  INDICATES RECORD WAS SET OR TIED.
MM INDICATES DATA IS MISSING.
T  INDICATES TRACE AMOUNT.




$$
