000
CDUS43 KFSD 140658
CLISUX


CLIMATE REPORT
NATIONAL WEATHER SERVICE SIOUX FALLS SD
1255 AM CST WED JAN 14 2015


...................................

...THE SIOUX CITY IA CLIMATE SUMMARY FOR JANUARY 13 2015...

CLIMATE NORMAL PERIOD 1981 TO 2010
CLIMATE RECORD PERIOD 1889 TO 2015


WEATHER ITEM   OBSERVED TIME   RECORD YEAR NORMAL DEPARTURE LAST
                VALUE   (LST)  VALUE       VALUE  FROM      YEAR
                                                  NORMAL
..................................................................
TEMPERATURE (F)
 YESTERDAY
  MAXIMUM         24   1159 PM  64    1987  30     -6       47
  MINIMUM        -13    528 AM -28    1916  10    -23       22
  AVERAGE          6                        20    -14       35

PRECIPITATION (IN)
  YESTERDAY        0.00          0.52 2001   0.02  -0.02      T
  MONTH TO DATE    0.24                      0.26  -0.02     0.17
  SINCE DEC 1      1.64                      1.06   0.58     0.35
  SINCE JAN 1      0.24                      0.26  -0.02     0.17

SNOWFALL (IN)
  YESTERDAY        0.0           4.7  2001   0.2   -0.2      0.0
  MONTH TO DATE    4.4                       2.7    1.7      1.2
  SINCE DEC 1      8.2                      10.5   -2.3      3.5
  SINCE JUL 1     12.7                      15.9   -3.2      4.4
  SNOW DEPTH       4

DEGREE DAYS
 HEATING
  YESTERDAY       59                        45     14       30
  MONTH TO DATE  719                       585    134      645
  SINCE DEC 1   1849                      1901    -52     2095
  SINCE JUL 1   3344                      3377    -33     3519

 COOLING
  YESTERDAY        0                         0      0        0
  MONTH TO DATE    0                         0      0        0
  SINCE DEC 1      0                         0      0        0
  SINCE JAN 1      0                         0      0        0
..................................................................


WIND (MPH)
  HIGHEST WIND SPEED    14   HIGHEST WIND DIRECTION     S (200)
  HIGHEST GUST SPEED    17   HIGHEST GUST DIRECTION     S (200)
  AVERAGE WIND SPEED     7.5


SKY COVER
  POSSIBLE SUNSHINE  MM
  AVERAGE SKY COVER 0.5


WEATHER CONDITIONS
 THE FOLLOWING WEATHER WAS RECORDED YESTERDAY.
  FOG
  HAZE


RELATIVE HUMIDITY (PERCENT)
 HIGHEST    92          1200 AM
 LOWEST     54           200 PM
 AVERAGE    73

..........................................................


THE SIOUX CITY IA CLIMATE NORMALS FOR TODAY
                         NORMAL    RECORD    YEAR
 MAXIMUM TEMPERATURE (F)   30        54      1901
 MINIMUM TEMPERATURE (F)   10       -20      1957


SUNRISE AND SUNSET
JANUARY 14 2015.......SUNRISE   753 AM CST   SUNSET   517 PM CST
JANUARY 15 2015.......SUNRISE   752 AM CST   SUNSET   518 PM CST


-  INDICATES NEGATIVE NUMBERS.
R  INDICATES RECORD WAS SET OR TIED.
MM INDICATES DATA IS MISSING.
T  INDICATES TRACE AMOUNT.




$$
