936
CDUS43 KFSD 150645
CLISUX


CLIMATE REPORT
NATIONAL WEATHER SERVICE SIOUX FALLS SD
145 AM CDT MON MAY 15 2017


...................................

...THE SIOUX CITY IA CLIMATE SUMMARY FOR MAY 14 2017...

CLIMATE NORMAL PERIOD 1981 TO 2010
CLIMATE RECORD PERIOD 1889 TO 2017


WEATHER ITEM   OBSERVED TIME   RECORD YEAR NORMAL DEPARTURE LAST
                VALUE   (LST)  VALUE       VALUE  FROM      YEAR
                                                  NORMAL
..................................................................
TEMPERATURE (F)
 YESTERDAY
  MAXIMUM         87    510 PM 106    2013  72     15       60
  MINIMUM         58    547 AM  32    1907  48     10       35
  AVERAGE         73                        60     13       48

PRECIPITATION (IN)
  YESTERDAY        0.00          1.69 1961   0.12  -0.12     0.00
  MONTH TO DATE    0.86                      1.63  -0.77     1.69
  SINCE MAR 1      5.30                      6.58  -1.28    10.56
  SINCE JAN 1      6.89                      7.87  -0.98    12.40

SNOWFALL (IN)
  YESTERDAY        0.0           0.4  1907   0.0    0.0      0.0
  MONTH TO DATE    T                         0.2   -0.2      0.0
  SINCE MAR 1      3.1                       8.5   -5.4     14.5
  SINCE JUL 1     28.6                      35.0   -6.4     57.6
  SNOW DEPTH       0

DEGREE DAYS
 HEATING
  YESTERDAY        0                         6     -6       17
  MONTH TO DATE   86                       111    -25      108
  SINCE MAR 1   1294                      1469   -175     1135
  SINCE JUL 1   5531                      6763  -1232     5594

 COOLING
  YESTERDAY        8                         1      7        0
  MONTH TO DATE   20                        14      6        3
  SINCE MAR 1     21                        25     -4        3
  SINCE JAN 1     21                        25     -4        3
..................................................................


WIND (MPH)
  HIGHEST WIND SPEED    23   HIGHEST WIND DIRECTION     S (200)
  HIGHEST GUST SPEED    30   HIGHEST GUST DIRECTION     S (190)
  AVERAGE WIND SPEED     7.5


SKY COVER
  POSSIBLE SUNSHINE  MM
  AVERAGE SKY COVER 0.0


WEATHER CONDITIONS
 THE FOLLOWING WEATHER WAS RECORDED YESTERDAY.
  NO SIGNIFICANT WEATHER WAS OBSERVED.


RELATIVE HUMIDITY (PERCENT)
 HIGHEST    80           600 AM
 LOWEST     34           500 PM
 AVERAGE    57

..........................................................


THE SIOUX CITY IA CLIMATE NORMALS FOR TODAY
                         NORMAL    RECORD    YEAR
 MAXIMUM TEMPERATURE (F)   73       101      2001
 MINIMUM TEMPERATURE (F)   48        32      2014
                                             1983
                                             1942


SUNRISE AND SUNSET
MAY 15 2017...........SUNRISE   604 AM CDT   SUNSET   841 PM CDT
MAY 16 2017...........SUNRISE   603 AM CDT   SUNSET   842 PM CDT


-  INDICATES NEGATIVE NUMBERS.
R  INDICATES RECORD WAS SET OR TIED.
MM INDICATES DATA IS MISSING.
T  INDICATES TRACE AMOUNT.




$$
