000
CDUS43 KFSD 282231
CLISUX


CLIMATE REPORT
NATIONAL WEATHER SERVICE SIOUX FALLS SD
530 PM CDT MON AUG 28 2017


...................................

...THE SIOUX CITY IA CLIMATE SUMMARY FOR AUGUST 28 2017...
VALID TODAY AS OF 0500 PM LOCAL TIME.

CLIMATE NORMAL PERIOD 1981 TO 2010
CLIMATE RECORD PERIOD 1889 TO 2017


WEATHER ITEM   OBSERVED TIME   RECORD YEAR NORMAL DEPARTURE LAST
                VALUE   (LST)  VALUE       VALUE  FROM      YEAR
                                                  NORMAL
..................................................................
TEMPERATURE (F)
 TODAY
  MAXIMUM         79    356 PM  99    1955  82     -3       88
  MINIMUM         54    552 AM  39    1986  59     -5       63
  AVERAGE         67                        70     -3       76

PRECIPITATION (IN)
  TODAY            0.00          2.34 1960   0.11  -0.11     0.00
  MONTH TO DATE    8.16                      2.90   5.26     4.91
  SINCE JUN 1     10.72                     10.23   0.49     8.48
  SINCE JAN 1     20.19                     20.21  -0.02    24.21

SNOWFALL (IN)
  TODAY            0.0           0.0    MM   0.0    0.0      0.0
  MONTH TO DATE    0.0                       0.0    0.0      0.0
  SINCE JUN 1      0.0                       0.0    0.0      0.0
  SINCE JUL 1      0.0                       0.0    0.0      0.0
  SNOW DEPTH       0

DEGREE DAYS
 HEATING
  TODAY            0                         1     -1        0
  MONTH TO DATE    8                         6      2        0
  SINCE JUN 1     18                        36    -18        0
  SINCE JUL 1      8                         9     -1        0

 COOLING
  TODAY            2                         6     -4       11
  MONTH TO DATE  131                       216    -85      259
  SINCE JUN 1    787                       697     90      941
  SINCE JAN 1    825                       761     64      993
..................................................................


WIND (MPH)
  HIGHEST WIND SPEED    18   HIGHEST WIND DIRECTION     N (360)
  HIGHEST GUST SPEED    22   HIGHEST GUST DIRECTION     N (20)
  AVERAGE WIND SPEED     7.0


SKY COVER
  POSSIBLE SUNSHINE  MM
  AVERAGE SKY COVER 0.1


WEATHER CONDITIONS
 THE FOLLOWING WEATHER WAS RECORDED TODAY.
  NO SIGNIFICANT WEATHER WAS OBSERVED.


RELATIVE HUMIDITY (PERCENT)
 HIGHEST   100          1200 AM
 LOWEST     52           200 PM
 AVERAGE    76

..........................................................


THE SIOUX CITY IA CLIMATE NORMALS FOR TOMORROW
                         NORMAL    RECORD    YEAR
 MAXIMUM TEMPERATURE (F)   82       101      2012
 MINIMUM TEMPERATURE (F)   58        40      1946


SUNRISE AND SUNSET
AUGUST 28 2017........SUNRISE   647 AM CDT   SUNSET   806 PM CDT
AUGUST 29 2017........SUNRISE   648 AM CDT   SUNSET   804 PM CDT


-  INDICATES NEGATIVE NUMBERS.
R  INDICATES RECORD WAS SET OR TIED.
MM INDICATES DATA IS MISSING.
T  INDICATES TRACE AMOUNT.




$$
