000
CDUS43 KFSD 030636
CLISUX


CLIMATE REPORT
NATIONAL WEATHER SERVICE SIOUX FALLS SD
1234 AM CST SUN DEC 3 2017


...................................

...THE SIOUX CITY IA CLIMATE SUMMARY FOR DECEMBER 2 2017...

CLIMATE NORMAL PERIOD 1981 TO 2010
CLIMATE RECORD PERIOD 1889 TO 2017


WEATHER ITEM   OBSERVED TIME   RECORD YEAR NORMAL DEPARTURE LAST
                VALUE   (LST)  VALUE       VALUE  FROM      YEAR
                                                  NORMAL
..................................................................
TEMPERATURE (F)
 YESTERDAY
  MAXIMUM         56    253 PM  62    1998  37     19       40
  MINIMUM         22    701 AM  -7    1942  17      5       27
                                      1897
  AVERAGE         39                        27     12       34

PRECIPITATION (IN)
  YESTERDAY        0.00          0.82 1933   0.04  -0.04      T
  MONTH TO DATE    0.00                      0.07  -0.07      T
  SINCE DEC 1      0.00                      0.07  -0.07      T
  SINCE JAN 1     29.28                     27.01   2.27    30.77

SNOWFALL (IN)
  YESTERDAY        0.0           4.3  1978   0.3   -0.3       T
  MONTH TO DATE    0.0                       0.5   -0.5       T
  SINCE DEC 1      0.0                       0.5   -0.5       T
  SINCE JUL 1      T                         5.9   -5.9      1.0
  SNOW DEPTH       0

DEGREE DAYS
 HEATING
  YESTERDAY       26                        38    -12       31
  MONTH TO DATE   51                        76    -25       61
  SINCE DEC 1     51                        76    -25       61
  SINCE JUL 1   1370                      1552   -182     1005

 COOLING
  YESTERDAY        0                         0      0        0
  MONTH TO DATE    0                         0      0        0
  SINCE DEC 1      0                         0      0        0
  SINCE JAN 1    951                       869     82     1165
..................................................................


WIND (MPH)
  HIGHEST WIND SPEED     9   HIGHEST WIND DIRECTION     E (110)
  HIGHEST GUST SPEED    12   HIGHEST GUST DIRECTION    SE (150)
  AVERAGE WIND SPEED     4.3


SKY COVER
  POSSIBLE SUNSHINE  MM
  AVERAGE SKY COVER 0.0


WEATHER CONDITIONS
 THE FOLLOWING WEATHER WAS RECORDED YESTERDAY.
  NO SIGNIFICANT WEATHER WAS OBSERVED.


RELATIVE HUMIDITY (PERCENT)
 HIGHEST    92           700 AM
 LOWEST     27           300 PM
 AVERAGE    60

..........................................................


THE SIOUX CITY IA CLIMATE NORMALS FOR TODAY
                         NORMAL    RECORD    YEAR
 MAXIMUM TEMPERATURE (F)   36        61      1998
 MINIMUM TEMPERATURE (F)   17        -9      1919


SUNRISE AND SUNSET
DECEMBER  3 2017......SUNRISE   738 AM CST   SUNSET   453 PM CST
DECEMBER  4 2017......SUNRISE   739 AM CST   SUNSET   453 PM CST


-  INDICATES NEGATIVE NUMBERS.
R  INDICATES RECORD WAS SET OR TIED.
MM INDICATES DATA IS MISSING.
T  INDICATES TRACE AMOUNT.




$$
