000
CDUS43 KFSD 180645
CLISUX


CLIMATE REPORT
NATIONAL WEATHER SERVICE SIOUX FALLS SD
1245 AM CST WED FEB 18 2015


...................................

...THE SIOUX CITY IA CLIMATE SUMMARY FOR FEBRUARY 17 2015...

CLIMATE NORMAL PERIOD 1981 TO 2010
CLIMATE RECORD PERIOD 1889 TO 2015


WEATHER ITEM   OBSERVED TIME   RECORD YEAR NORMAL DEPARTURE LAST
                VALUE   (LST)  VALUE       VALUE  FROM      YEAR
                                                  NORMAL
..................................................................
TEMPERATURE (F)
 YESTERDAY
  MAXIMUM         22    412 PM  71    1981  35    -13       52
  MINIMUM         14   1159 PM -19    1978  16     -2       25
  AVERAGE         18                        26     -8       39

PRECIPITATION (IN)
  YESTERDAY        T             0.68 1961   0.02  -0.02     0.15
  MONTH TO DATE    0.18                      0.35  -0.17     0.30
  SINCE DEC 1      2.22                      1.77   0.45     0.67
  SINCE JAN 1      0.82                      0.97  -0.15     0.49

SNOWFALL (IN)
  YESTERDAY        0.1           5.0  1961   0.3   -0.2      1.1
  MONTH TO DATE    3.6                       4.1   -0.5      4.6
  SINCE DEC 1     15.7                      18.6   -2.9      9.0
  SINCE JUL 1     20.2                      24.0   -3.8      9.9
  SNOW DEPTH       T

DEGREE DAYS
 HEATING
  YESTERDAY       47                        39      8       26
  MONTH TO DATE  736                       707     29      835
  SINCE DEC 1   3123                      3407   -284     3726
  SINCE JUL 1   4618                      4883   -265     5150

 COOLING
  YESTERDAY        0                         0      0        0
  MONTH TO DATE    0                         0      0        0
  SINCE DEC 1      0                         0      0        0
  SINCE JAN 1      0                         0      0        0
..................................................................


WIND (MPH)
  HIGHEST WIND SPEED    29   HIGHEST WIND DIRECTION    NW (320)
  HIGHEST GUST SPEED    36   HIGHEST GUST DIRECTION    NW (320)
  AVERAGE WIND SPEED    15.1


SKY COVER
  POSSIBLE SUNSHINE  MM
  AVERAGE SKY COVER 0.5


WEATHER CONDITIONS
 THE FOLLOWING WEATHER WAS RECORDED YESTERDAY.
  LIGHT SNOW
  FOG
  HAZE


RELATIVE HUMIDITY (PERCENT)
 HIGHEST    80           300 AM
 LOWEST     39           400 PM
 AVERAGE    60

..........................................................


THE SIOUX CITY IA CLIMATE NORMALS FOR TODAY
                         NORMAL    RECORD    YEAR
 MAXIMUM TEMPERATURE (F)   36        69      1930
 MINIMUM TEMPERATURE (F)   16       -18      1903


SUNRISE AND SUNSET
FEBRUARY 18 2015......SUNRISE   718 AM CST   SUNSET   601 PM CST
FEBRUARY 19 2015......SUNRISE   717 AM CST   SUNSET   603 PM CST


-  INDICATES NEGATIVE NUMBERS.
R  INDICATES RECORD WAS SET OR TIED.
MM INDICATES DATA IS MISSING.
T  INDICATES TRACE AMOUNT.




$$
