000
CDUS43 KFSD 292228
CLISUX


CLIMATE REPORT
NATIONAL WEATHER SERVICE SIOUX FALLS SD
528 PM CDT WED JUN 29 2016


...................................

...THE SIOUX CITY IA CLIMATE SUMMARY FOR JUNE 29 2016...
VALID TODAY AS OF 0500 PM LOCAL TIME.

CLIMATE NORMAL PERIOD 1981 TO 2010
CLIMATE RECORD PERIOD 1889 TO 2016


WEATHER ITEM   OBSERVED TIME   RECORD YEAR NORMAL DEPARTURE LAST
                VALUE   (LST)  VALUE       VALUE  FROM      YEAR
                                                  NORMAL
..................................................................
TEMPERATURE (F)
 TODAY
  MAXIMUM         87    339 PM 100    1970  85      2       86
                                      1931
                                      1911
  MINIMUM         68    552 AM  44    1923  62      6       62
  AVERAGE         78                        74      4       74

PRECIPITATION (IN)
  TODAY            T             1.81 1986   0.12  -0.12     0.00
  MONTH TO DATE    1.36                      3.77  -2.41     4.14
  SINCE JUN 1      1.36                      3.77  -2.41     4.14
  SINCE JAN 1     17.09                     13.75   3.34    12.04

SNOWFALL (IN)
  TODAY            0.0           0.0    MM   0.0    0.0      0.0
  MONTH TO DATE    0.0                       0.0    0.0      0.0
  SINCE JUN 1      0.0                       0.0    0.0      0.0
  SINCE JUL 1     57.6                      34.8   22.8     21.5
  SNOW DEPTH       0

DEGREE DAYS
 HEATING
  TODAY            0                         0      0        0
  MONTH TO DATE    0                        24    -24        2
  SINCE JUN 1      0                        24    -24        2
  SINCE JUL 1   5655                      6858  -1203     6409

 COOLING
  TODAY           13                         9      4        9
  MONTH TO DATE  322                       178    144      205
  SINCE JUN 1    322                       178    144      205
  SINCE JAN 1    374                       242    132      234
..................................................................


WIND (MPH)
  HIGHEST WIND SPEED    16   HIGHEST WIND DIRECTION    NW (310)
  HIGHEST GUST SPEED    20   HIGHEST GUST DIRECTION    NW (310)
  AVERAGE WIND SPEED     7.3


SKY COVER
  POSSIBLE SUNSHINE  MM
  AVERAGE SKY COVER 0.6


WEATHER CONDITIONS
 THE FOLLOWING WEATHER WAS RECORDED TODAY.
  THUNDERSTORM
  LIGHT RAIN


RELATIVE HUMIDITY (PERCENT)
 HIGHEST    84           700 AM
 LOWEST     55           300 PM
 AVERAGE    70

..........................................................


THE SIOUX CITY IA CLIMATE NORMALS FOR TOMORROW
                         NORMAL    RECORD    YEAR
 MAXIMUM TEMPERATURE (F)   85       104      1961
 MINIMUM TEMPERATURE (F)   62        49      1892


SUNRISE AND SUNSET
JUNE 29 2016..........SUNRISE   552 AM CDT   SUNSET   906 PM CDT
JUNE 30 2016..........SUNRISE   552 AM CDT   SUNSET   906 PM CDT


-  INDICATES NEGATIVE NUMBERS.
R  INDICATES RECORD WAS SET OR TIED.
MM INDICATES DATA IS MISSING.
T  INDICATES TRACE AMOUNT.




$$
