000
CDUS43 KFSD 160632
CLISUX


CLIMATE REPORT
NATIONAL WEATHER SERVICE SIOUX FALLS SD
131 AM CDT WED JUL 16 2014


...................................

...THE SIOUX CITY IA CLIMATE SUMMARY FOR JULY 15 2014...

CLIMATE NORMAL PERIOD 1981 TO 2010
CLIMATE RECORD PERIOD 1889 TO 2014


WEATHER ITEM   OBSERVED TIME   RECORD YEAR NORMAL DEPARTURE LAST
                VALUE   (LST)  VALUE       VALUE  FROM      YEAR
                                                  NORMAL
..................................................................
TEMPERATURE (F)
 YESTERDAY
  MAXIMUM         74    447 PM 106    1936  86    -12       89
  MINIMUM         52    529 AM  51    1952  64    -12       60
  AVERAGE         63                        75    -12       75

PRECIPITATION (IN)
  YESTERDAY        0.00          3.74 1900   0.12  -0.12     0.00
  MONTH TO DATE    3.51                      1.71   1.80     0.19
  SINCE JUN 1     20.16                      5.60  14.56     3.32
  SINCE JAN 1     25.41                     15.58   9.83    16.55

SNOWFALL (IN)
  YESTERDAY        0.0           0.0    MM   0.0    0.0      0.0
  MONTH TO DATE    0.0                       0.0    0.0      0.0
  SINCE JUN 1      0.0                       0.0    0.0      0.0
  SINCE JUL 1      0.0                       0.0    0.0      0.0
  SNOW DEPTH       0

DEGREE DAYS
 HEATING
  YESTERDAY        2                         0      2        0
  MONTH TO DATE    4                         0      4        0
  SINCE JUN 1     24                        27     -3       40
  SINCE JUL 1      4                         0      4        0

 COOLING
  YESTERDAY        0                        10    -10       10
  MONTH TO DATE   86                       144    -58      162
  SINCE JUN 1    281                       332    -51      357
  SINCE JAN 1    402                       396      6      413
..................................................................


WIND (MPH)
  HIGHEST WIND SPEED    17   HIGHEST WIND DIRECTION     N (360)
  HIGHEST GUST SPEED    22   HIGHEST GUST DIRECTION     N (10)
  AVERAGE WIND SPEED     6.9


SKY COVER
  POSSIBLE SUNSHINE  MM
  AVERAGE SKY COVER 0.3


WEATHER CONDITIONS
 THE FOLLOWING WEATHER WAS RECORDED YESTERDAY.
  NO SIGNIFICANT WEATHER WAS OBSERVED.


RELATIVE HUMIDITY (PERCENT)
 HIGHEST    89           200 AM
 LOWEST     44           300 PM
 AVERAGE    67

..........................................................


THE SIOUX CITY IA CLIMATE NORMALS FOR TODAY
                         NORMAL    RECORD    YEAR
 MAXIMUM TEMPERATURE (F)   86       107      1936
 MINIMUM TEMPERATURE (F)   64        50      1976


SUNRISE AND SUNSET
JULY 16 2014..........SUNRISE   603 AM CDT   SUNSET   900 PM CDT
JULY 17 2014..........SUNRISE   604 AM CDT   SUNSET   859 PM CDT


-  INDICATES NEGATIVE NUMBERS.
R  INDICATES RECORD WAS SET OR TIED.
MM INDICATES DATA IS MISSING.
T  INDICATES TRACE AMOUNT.




$$
