000
CDUS43 KFSD 032239
CLISUX


CLIMATE REPORT
NATIONAL WEATHER SERVICE SIOUX FALLS SD
538 PM CDT SAT JUN 3 2017


...................................

...THE SIOUX CITY IA CLIMATE SUMMARY FOR JUNE 3 2017...
VALID TODAY AS OF 0500 PM LOCAL TIME.

CLIMATE NORMAL PERIOD 1981 TO 2010
CLIMATE RECORD PERIOD 1889 TO 2017


WEATHER ITEM   OBSERVED TIME   RECORD YEAR NORMAL DEPARTURE LAST
                VALUE   (LST)  VALUE       VALUE  FROM      YEAR
                                                  NORMAL
..................................................................
TEMPERATURE (F)
 TODAY
  MAXIMUM         93    359 PM  95    1968  79     14       85
  MINIMUM         67    528 AM  39    1946  55     12       58
                                      1945
  AVERAGE         80                        67     13       72

PRECIPITATION (IN)
  TODAY            0.00          4.50 1940   0.14  -0.14     0.15
  MONTH TO DATE    0.00                      0.41  -0.41     0.15
  SINCE JUN 1      0.00                      0.41  -0.41     0.15
  SINCE JAN 1      9.47                     10.39  -0.92    15.88

SNOWFALL (IN)
  TODAY            0.0           0.0    MM   0.0    0.0      0.0
  MONTH TO DATE    0.0                       0.0    0.0      0.0
  SINCE JUN 1      0.0                       0.0    0.0      0.0
  SINCE JUL 1     28.6                      34.8   -6.2     57.6
  SNOW DEPTH       0

DEGREE DAYS
 HEATING
  TODAY            0                         2     -2        0
  MONTH TO DATE    0                         6     -6        0
  SINCE JUN 1      0                         6     -6        0
  SINCE JUL 1   5638                      6840  -1202     5655

 COOLING
  TODAY           15                         4     11        7
  MONTH TO DATE   28                        11     17       11
  SINCE JUN 1     28                        11     17       11
  SINCE JAN 1     66                        75     -9       63
..................................................................


WIND (MPH)
  HIGHEST WIND SPEED    20   HIGHEST WIND DIRECTION    SW (220)
  HIGHEST GUST SPEED    24   HIGHEST GUST DIRECTION     S (200)
  AVERAGE WIND SPEED    10.8


SKY COVER
  POSSIBLE SUNSHINE  MM
  AVERAGE SKY COVER 0.1


WEATHER CONDITIONS
 THE FOLLOWING WEATHER WAS RECORDED TODAY.
  NO SIGNIFICANT WEATHER WAS OBSERVED.


RELATIVE HUMIDITY (PERCENT)
 HIGHEST    81           500 AM
 LOWEST     28           400 PM
 AVERAGE    55

..........................................................


THE SIOUX CITY IA CLIMATE NORMALS FOR TOMORROW
                         NORMAL    RECORD    YEAR
 MAXIMUM TEMPERATURE (F)   79        96      1958
 MINIMUM TEMPERATURE (F)   55        38      1945


SUNRISE AND SUNSET
JUNE  3 2017..........SUNRISE   550 AM CDT   SUNSET   858 PM CDT
JUNE  4 2017..........SUNRISE   550 AM CDT   SUNSET   858 PM CDT


-  INDICATES NEGATIVE NUMBERS.
R  INDICATES RECORD WAS SET OR TIED.
MM INDICATES DATA IS MISSING.
T  INDICATES TRACE AMOUNT.




$$
