000
CDUS43 KFSD 120644
CLISUX


CLIMATE REPORT
NATIONAL WEATHER SERVICE SIOUX FALLS SD
144 AM CDT FRI MAY 12 2017


...................................

...THE SIOUX CITY IA CLIMATE SUMMARY FOR MAY 11 2017...

CLIMATE NORMAL PERIOD 1981 TO 2010
CLIMATE RECORD PERIOD 1889 TO 2017


WEATHER ITEM   OBSERVED TIME   RECORD YEAR NORMAL DEPARTURE LAST
                VALUE   (LST)  VALUE       VALUE  FROM      YEAR
                                                  NORMAL
..................................................................
TEMPERATURE (F)
 YESTERDAY
  MAXIMUM         70    520 PM  92    1962  72     -2       70
  MINIMUM         45    455 AM  27    1946  47     -2       51
  AVERAGE         58                        59     -1       61

PRECIPITATION (IN)
  YESTERDAY        0.00          1.91 1963   0.12  -0.12     0.53
  MONTH TO DATE    0.86                      1.27  -0.41     1.69
  SINCE MAR 1      5.30                      6.22  -0.92    10.56
  SINCE JAN 1      6.89                      7.51  -0.62    12.40

SNOWFALL (IN)
  YESTERDAY        0.0           T    1952   0.0    0.0      0.0
  MONTH TO DATE    T                         0.1   -0.1      0.0
  SINCE MAR 1      3.1                       8.4   -5.3     14.5
  SINCE JUL 1     28.6                      34.9   -6.3     57.6
  SNOW DEPTH       0

DEGREE DAYS
 HEATING
  YESTERDAY        7                         7      0        4
  MONTH TO DATE   80                        92    -12       68
  SINCE MAR 1   1288                      1450   -162     1095
  SINCE JUL 1   5525                      6744  -1219     5554

 COOLING
  YESTERDAY        0                         1     -1        0
  MONTH TO DATE   12                        11      1        3
  SINCE MAR 1     13                        22     -9        3
  SINCE JAN 1     13                        22     -9        3
..................................................................


WIND (MPH)
  HIGHEST WIND SPEED    20   HIGHEST WIND DIRECTION     N (360)
  HIGHEST GUST SPEED    24   HIGHEST GUST DIRECTION    NE (30)
  AVERAGE WIND SPEED     9.2


SKY COVER
  POSSIBLE SUNSHINE  MM
  AVERAGE SKY COVER 0.0


WEATHER CONDITIONS
 THE FOLLOWING WEATHER WAS RECORDED YESTERDAY.
  FOG


RELATIVE HUMIDITY (PERCENT)
 HIGHEST   100           200 AM
 LOWEST     27           600 PM
 AVERAGE    64

..........................................................


THE SIOUX CITY IA CLIMATE NORMALS FOR TODAY
                         NORMAL    RECORD    YEAR
 MAXIMUM TEMPERATURE (F)   72        91      1940
 MINIMUM TEMPERATURE (F)   47        28      1946


SUNRISE AND SUNSET
MAY 12 2017...........SUNRISE   607 AM CDT   SUNSET   838 PM CDT
MAY 13 2017...........SUNRISE   606 AM CDT   SUNSET   839 PM CDT


-  INDICATES NEGATIVE NUMBERS.
R  INDICATES RECORD WAS SET OR TIED.
MM INDICATES DATA IS MISSING.
T  INDICATES TRACE AMOUNT.




$$
