000
CDUS43 KFSD 232229
CLISUX


CLIMATE REPORT
NATIONAL WEATHER SERVICE SIOUX FALLS SD
429 PM CST FRI DEC 23 2016


...................................

...THE SIOUX CITY IA CLIMATE SUMMARY FOR DECEMBER 23 2016...
VALID TODAY AS OF 0400 PM LOCAL TIME.

CLIMATE NORMAL PERIOD 1981 TO 2010
CLIMATE RECORD PERIOD 1889 TO 2016


WEATHER ITEM   OBSERVED TIME   RECORD YEAR NORMAL DEPARTURE LAST
                VALUE   (LST)  VALUE       VALUE  FROM      YEAR
                                                  NORMAL
..................................................................
TEMPERATURE (F)
 TODAY
  MAXIMUM         41   1202 AM  58    1950  30     11       39
  MINIMUM         34   1031 AM -24    1989  11     23       30
  AVERAGE         38                        21     17       35

PRECIPITATION (IN)
  TODAY            0.10          0.35 2009   0.03   0.07     0.22
  MONTH TO DATE    0.39                      0.63  -0.24     2.06
  SINCE DEC 1      0.39                      0.63  -0.24     2.06
  SINCE JAN 1     31.16                     27.57   3.59    34.34

SNOWFALL (IN)
  TODAY            0.7           3.7  2009   0.3    0.4       T
  MONTH TO DATE    4.5                       6.0   -1.5      3.2
  SINCE DEC 1      4.5                       6.0   -1.5      3.2
  SINCE JUL 1      5.5                      11.4   -5.9     15.7
  SNOW DEPTH       T

DEGREE DAYS
 HEATING
  TODAY           27                        44    -17       30
  MONTH TO DATE  972                       958     14      693
  SINCE DEC 1    972                       958     14      693
  SINCE JUL 1   1916                      2434   -518     1799

 COOLING
  TODAY            0                         0      0        0
  MONTH TO DATE    0                         0      0        0
  SINCE DEC 1      0                         0      0        0
  SINCE JAN 1   1165                       869    296      889
..................................................................


WIND (MPH)
  HIGHEST WIND SPEED    23   HIGHEST WIND DIRECTION     S (170)
  HIGHEST GUST SPEED    32   HIGHEST GUST DIRECTION     S (180)
  AVERAGE WIND SPEED    11.3


SKY COVER
  POSSIBLE SUNSHINE  MM
  AVERAGE SKY COVER 1.0


WEATHER CONDITIONS
 THE FOLLOWING WEATHER WAS RECORDED TODAY.
  LIGHT RAIN
  SNOW
  LIGHT SNOW
  FOG


RELATIVE HUMIDITY (PERCENT)
 HIGHEST    96           900 AM
 LOWEST     59          1200 AM
 AVERAGE    78

..........................................................


THE SIOUX CITY IA CLIMATE NORMALS FOR TOMORROW
                         NORMAL    RECORD    YEAR
 MAXIMUM TEMPERATURE (F)   30        62      1889
 MINIMUM TEMPERATURE (F)   11       -18      1983


SUNRISE AND SUNSET
DECEMBER 23 2016......SUNRISE   753 AM CST   SUNSET   457 PM CST
DECEMBER 24 2016......SUNRISE   753 AM CST   SUNSET   458 PM CST


-  INDICATES NEGATIVE NUMBERS.
R  INDICATES RECORD WAS SET OR TIED.
MM INDICATES DATA IS MISSING.
T  INDICATES TRACE AMOUNT.




$$
