000
CDUS43 KFSD 042230
CLISUX


CLIMATE REPORT
NATIONAL WEATHER SERVICE SIOUX FALLS SD
430 PM CST SAT MAR 4 2017


...................................

...THE SIOUX CITY IA CLIMATE SUMMARY FOR MARCH 4 2017...
VALID TODAY AS OF 0400 PM LOCAL TIME.

CLIMATE NORMAL PERIOD 1981 TO 2010
CLIMATE RECORD PERIOD 1889 TO 2017


WEATHER ITEM   OBSERVED TIME   RECORD YEAR NORMAL DEPARTURE LAST
                VALUE   (LST)  VALUE       VALUE  FROM      YEAR
                                                  NORMAL
..................................................................
TEMPERATURE (F)
 TODAY
  MAXIMUM         63    359 PM  74    2000  41     22       58
  MINIMUM         26    720 AM -16    1960  21      5       24
  AVERAGE         45                        31     14       41

PRECIPITATION (IN)
  TODAY            0.00          0.89 1915   0.04  -0.04     0.00
  MONTH TO DATE    T                         0.17  -0.17     0.01
  SINCE MAR 1      T                         0.17  -0.17     0.01
  SINCE JAN 1      1.59                      1.46   0.13     1.85

SNOWFALL (IN)
  TODAY            0.0           7.0  1915   0.2   -0.2      0.0
  MONTH TO DATE    T                         1.0   -1.0      0.1
  SINCE MAR 1      T                         1.0   -1.0      0.1
  SINCE JUL 1     25.5                      27.5   -2.0     43.2
  SNOW DEPTH       0

DEGREE DAYS
 HEATING
  TODAY           20                        34    -14       24
  MONTH TO DATE  124                       138    -14      134
  SINCE MAR 1    124                       138    -14      134
  SINCE JUL 1   4361                      5432  -1071     4593

 COOLING
  TODAY            0                         0      0        0
  MONTH TO DATE    0                         0      0        0
  SINCE MAR 1      0                         0      0        0
  SINCE JAN 1      0                         0      0        0
..................................................................


WIND (MPH)
  HIGHEST WIND SPEED    21   HIGHEST WIND DIRECTION    SE (150)
  HIGHEST GUST SPEED    28   HIGHEST GUST DIRECTION     S (160)
  AVERAGE WIND SPEED    10.7


SKY COVER
  POSSIBLE SUNSHINE  MM
  AVERAGE SKY COVER 0.0


WEATHER CONDITIONS
 THE FOLLOWING WEATHER WAS RECORDED TODAY.
  NO SIGNIFICANT WEATHER WAS OBSERVED.


RELATIVE HUMIDITY (PERCENT)
 HIGHEST    81           300 AM
 LOWEST     36           300 PM
 AVERAGE    59

..........................................................


THE SIOUX CITY IA CLIMATE NORMALS FOR TOMORROW
                         NORMAL    RECORD    YEAR
 MAXIMUM TEMPERATURE (F)   42        74      2000
                                             1991
 MINIMUM TEMPERATURE (F)   22       -22      1960


SUNRISE AND SUNSET
MARCH  4 2017.........SUNRISE   656 AM CST   SUNSET   619 PM CST
MARCH  5 2017.........SUNRISE   654 AM CST   SUNSET   621 PM CST


-  INDICATES NEGATIVE NUMBERS.
R  INDICATES RECORD WAS SET OR TIED.
MM INDICATES DATA IS MISSING.
T  INDICATES TRACE AMOUNT.




$$
