000
CDUS43 KFSD 050722
CLISUX


CLIMATE REPORT
NATIONAL WEATHER SERVICE SIOUX FALLS SD
111 AM CST TUE DEC 5 2017


...................................

...THE SIOUX CITY IA CLIMATE SUMMARY FOR DECEMBER 4 2017...

CLIMATE NORMAL PERIOD 1981 TO 2010
CLIMATE RECORD PERIOD 1889 TO 2017


WEATHER ITEM   OBSERVED TIME   RECORD YEAR NORMAL DEPARTURE LAST
                VALUE   (LST)  VALUE       VALUE  FROM      YEAR
                                                  NORMAL
..................................................................
TEMPERATURE (F)
 YESTERDAY
  MAXIMUM         52    148 AM  59    1916  36     16       51
  MINIMUM         26   1159 PM  -9    1978  16     10       29
                                      1902
  AVERAGE         39                        26     13       40

PRECIPITATION (IN)
  YESTERDAY       MM             1.04 1924   0.03  MM        0.00
  MONTH TO DATE    0.00                      0.13  -0.13     0.05
  SINCE DEC 1      0.00                      0.13  -0.13     0.05
  SINCE JAN 1     29.28                     27.07   2.21    30.82

SNOWFALL (IN)
  YESTERDAY       MM             9.0  1924   0.3   MM        0.0
  MONTH TO DATE    0.0                       1.0   -1.0      0.2
  SINCE DEC 1      0.0                       1.0   -1.0      0.2
  SINCE JUL 1      T                         6.4   -6.4      1.2
  SNOW DEPTH       0

DEGREE DAYS
 HEATING
  YESTERDAY       26                        39    -13       25
  MONTH TO DATE  100                       154    -54      121
  SINCE DEC 1    100                       154    -54      121
  SINCE JUL 1   1419                      1630   -211     1065

 COOLING
  YESTERDAY        0                         0      0        0
  MONTH TO DATE    0                         0      0        0
  SINCE DEC 1      0                         0      0        0
  SINCE JAN 1    951                       869     82     1165
..................................................................


WIND (MPH)
  HIGHEST WIND SPEED    41   HIGHEST WIND DIRECTION    NW (320)
  HIGHEST GUST SPEED    54   HIGHEST GUST DIRECTION    NW (310)
  AVERAGE WIND SPEED    19.4


SKY COVER
  POSSIBLE SUNSHINE  MM
  AVERAGE SKY COVER 0.6


WEATHER CONDITIONS
 THE FOLLOWING WEATHER WAS RECORDED YESTERDAY.
  LIGHT RAIN
  LIGHT SNOW
  FOG
  FOG W/VISIBILITY <= 1/4 MILE


RELATIVE HUMIDITY (PERCENT)
 HIGHEST   100           400 AM
 LOWEST     58          1100 PM
 AVERAGE    79

..........................................................


THE SIOUX CITY IA CLIMATE NORMALS FOR TODAY
                         NORMAL    RECORD    YEAR
 MAXIMUM TEMPERATURE (F)   35        63      1939
 MINIMUM TEMPERATURE (F)   16        -9      2005


SUNRISE AND SUNSET
DECEMBER  5 2017......SUNRISE   740 AM CST   SUNSET   453 PM CST
DECEMBER  6 2017......SUNRISE   740 AM CST   SUNSET   453 PM CST


-  INDICATES NEGATIVE NUMBERS.
R  INDICATES RECORD WAS SET OR TIED.
MM INDICATES DATA IS MISSING.
T  INDICATES TRACE AMOUNT.




$$
