000
CDUS43 KFSD 110638
CLISUX


CLIMATE REPORT
NATIONAL WEATHER SERVICE SIOUX FALLS SD
136 AM CDT MON MAY 11 2015


...................................

...THE SIOUX CITY IA CLIMATE SUMMARY FOR MAY 10 2015...

CLIMATE NORMAL PERIOD 1981 TO 2010
CLIMATE RECORD PERIOD 1889 TO 2015


WEATHER ITEM   OBSERVED TIME   RECORD YEAR NORMAL DEPARTURE LAST
                VALUE   (LST)  VALUE       VALUE  FROM      YEAR
                                                  NORMAL
..................................................................
TEMPERATURE (F)
 YESTERDAY
  MAXIMUM         73   1136 AM  96    2011  71      2       87
  MINIMUM         45   1146 PM  30    2002  47     -2       48
                                      1945
                                      1909
  AVERAGE         59                        59      0       68

PRECIPITATION (IN)
  YESTERDAY        0.36          0.90 1956   0.12   0.24     0.02
                                      1903
  MONTH TO DATE    1.29                      1.15   0.14     0.04
  SINCE MAR 1      4.70                      6.10  -1.40     2.49
  SINCE JAN 1      5.66                      7.39  -1.73     3.26

SNOWFALL (IN)
  YESTERDAY        0.0           0.4  1946   0.0    0.0      0.0
  MONTH TO DATE    0.0                       0.1   -0.1      0.0
  SINCE MAR 1      T                         8.4   -8.4     10.0
  SINCE JUL 1     21.5                      34.9  -13.4     23.8
  SNOW DEPTH       0

DEGREE DAYS
 HEATING
  YESTERDAY        6                         7     -1        0
  MONTH TO DATE   35                        85    -50       70
  SINCE MAR 1   1110                      1443   -333     1515
  SINCE JUL 1   6276                      6737   -461     7119

 COOLING
  YESTERDAY        0                         1     -1        3
  MONTH TO DATE   11                        10      1       17
  SINCE MAR 1     12                        21     -9       26
  SINCE JAN 1     12                        21     -9       26
..................................................................


WIND (MPH)
  HIGHEST WIND SPEED    40   HIGHEST WIND DIRECTION    SE (150)
  HIGHEST GUST SPEED    52   HIGHEST GUST DIRECTION    SE (150)
  AVERAGE WIND SPEED    16.8


SKY COVER
  POSSIBLE SUNSHINE  MM
  AVERAGE SKY COVER 0.7


WEATHER CONDITIONS
 THE FOLLOWING WEATHER WAS RECORDED YESTERDAY.
  THUNDERSTORM
  HEAVY RAIN
  RAIN
  LIGHT RAIN
  FOG


RELATIVE HUMIDITY (PERCENT)
 HIGHEST    90           700 AM
 LOWEST     63          1200 AM
 AVERAGE    77

..........................................................


THE SIOUX CITY IA CLIMATE NORMALS FOR TODAY
                         NORMAL    RECORD    YEAR
 MAXIMUM TEMPERATURE (F)   72        92      1962
 MINIMUM TEMPERATURE (F)   47        27      1946


SUNRISE AND SUNSET
MAY 11 2015...........SUNRISE   609 AM CDT   SUNSET   836 PM CDT
MAY 12 2015...........SUNRISE   607 AM CDT   SUNSET   837 PM CDT


-  INDICATES NEGATIVE NUMBERS.
R  INDICATES RECORD WAS SET OR TIED.
MM INDICATES DATA IS MISSING.
T  INDICATES TRACE AMOUNT.




$$
