000
CDUS43 KFSD 200651
CLISUX


CLIMATE REPORT
NATIONAL WEATHER SERVICE SIOUX FALLS SD
1250 AM CST FRI JAN 20 2017


...................................

...THE SIOUX CITY IA CLIMATE SUMMARY FOR JANUARY 19 2017...

CLIMATE NORMAL PERIOD 1981 TO 2010
CLIMATE RECORD PERIOD 1889 TO 2017


WEATHER ITEM   OBSERVED TIME   RECORD YEAR NORMAL DEPARTURE LAST
                VALUE   (LST)  VALUE       VALUE  FROM      YEAR
                                                  NORMAL
..................................................................
TEMPERATURE (F)
 YESTERDAY
  MAXIMUM         41    504 PM  65    2014  31     10       20
  MINIMUM         32    617 AM -28    1892  10     22       11
  AVERAGE         37                        20     17       16

PRECIPITATION (IN)
  YESTERDAY        0.00          0.69 1952   0.02  -0.02     0.19
  MONTH TO DATE    0.36                      0.38  -0.02     0.68
  SINCE DEC 1      1.84                      1.18   0.66     3.54
  SINCE JAN 1      0.36                      0.38  -0.02     0.68

SNOWFALL (IN)
  YESTERDAY        0.0           5.3  1988   0.2   -0.2      1.1
  MONTH TO DATE    1.0                       4.0   -3.0      4.6
  SINCE DEC 1      5.5                      11.8   -6.3     16.4
  SINCE JUL 1      6.5                      17.2  -10.7     28.9
  SNOW DEPTH       0

DEGREE DAYS
 HEATING
  YESTERDAY       28                        45    -17       49
  MONTH TO DATE  831                       855    -24      888
  SINCE DEC 1   2071                      2171   -100     1933
  SINCE JUL 1   3015                      3647   -632     3039

 COOLING
  YESTERDAY        0                         0      0        0
  MONTH TO DATE    0                         0      0        0
  SINCE DEC 1      0                         0      0        0
  SINCE JAN 1      0                         0      0        0
..................................................................


WIND (MPH)
  HIGHEST WIND SPEED    14   HIGHEST WIND DIRECTION     S (160)
  HIGHEST GUST SPEED    18   HIGHEST GUST DIRECTION    SE (150)
  AVERAGE WIND SPEED     8.3


SKY COVER
  POSSIBLE SUNSHINE  MM
  AVERAGE SKY COVER 0.7


WEATHER CONDITIONS
 THE FOLLOWING WEATHER WAS RECORDED YESTERDAY.
  FOG
  FOG W/VISIBILITY <= 1/4 MILE


RELATIVE HUMIDITY (PERCENT)
 HIGHEST   100           800 AM
 LOWEST     89           700 AM
 AVERAGE    95

..........................................................


THE SIOUX CITY IA CLIMATE NORMALS FOR TODAY
                         NORMAL    RECORD    YEAR
 MAXIMUM TEMPERATURE (F)   31        65      1944
 MINIMUM TEMPERATURE (F)   10       -19      1970


SUNRISE AND SUNSET
JANUARY 20 2017.......SUNRISE   749 AM CST   SUNSET   525 PM CST
JANUARY 21 2017.......SUNRISE   748 AM CST   SUNSET   526 PM CST


-  INDICATES NEGATIVE NUMBERS.
R  INDICATES RECORD WAS SET OR TIED.
MM INDICATES DATA IS MISSING.
T  INDICATES TRACE AMOUNT.




$$
