000
CDUS43 KFSD 260707
CLISUX


CLIMATE REPORT
NATIONAL WEATHER SERVICE SIOUX FALLS SD
207 AM CDT FRI MAY 26 2017


...................................

...THE SIOUX CITY IA CLIMATE SUMMARY FOR MAY 25 2017...

CLIMATE NORMAL PERIOD 1981 TO 2010
CLIMATE RECORD PERIOD 1889 TO 2017


WEATHER ITEM   OBSERVED TIME   RECORD YEAR NORMAL DEPARTURE LAST
                VALUE   (LST)  VALUE       VALUE  FROM      YEAR
                                                  NORMAL
..................................................................
TEMPERATURE (F)
 YESTERDAY
  MAXIMUM         74    546 PM 102    1967  76     -2       84
  MINIMUM         47    535 AM  36    1925  52     -5       62
  AVERAGE         61                        64     -3       73

PRECIPITATION (IN)
  YESTERDAY        T             2.81 2011   0.12  -0.12     0.24
  MONTH TO DATE    3.44                      2.97   0.47     3.56
  SINCE MAR 1      7.88                      7.92  -0.04    12.43
  SINCE JAN 1      9.47                      9.21   0.26    14.27

SNOWFALL (IN)
  YESTERDAY        0.0           0.0    MM   0.0    0.0      0.0
  MONTH TO DATE    T                         0.2   -0.2      0.0
  SINCE MAR 1      3.1                       8.5   -5.4     14.5
  SINCE JUL 1     28.6                      35.0   -6.4     57.6
  SNOW DEPTH       0

DEGREE DAYS
 HEATING
  YESTERDAY        4                         4      0        0
  MONTH TO DATE  174                       164     10      169
  SINCE MAR 1   1382                      1522   -140     1196
  SINCE JUL 1   5619                      6816  -1197     5655

 COOLING
  YESTERDAY        0                         2     -2        8
  MONTH TO DATE   34                        36     -2       25
  SINCE MAR 1     35                        47    -12       25
  SINCE JAN 1     35                        47    -12       25
..................................................................


WIND (MPH)
  HIGHEST WIND SPEED    26   HIGHEST WIND DIRECTION     S (160)
  HIGHEST GUST SPEED    35   HIGHEST GUST DIRECTION     S (180)
  AVERAGE WIND SPEED    11.5


SKY COVER
  POSSIBLE SUNSHINE  MM
  AVERAGE SKY COVER 0.0


WEATHER CONDITIONS
 THE FOLLOWING WEATHER WAS RECORDED YESTERDAY.
  NO SIGNIFICANT WEATHER WAS OBSERVED.


RELATIVE HUMIDITY (PERCENT)
 HIGHEST    93          1200 AM
 LOWEST     49           100 PM
 AVERAGE    71

..........................................................


THE SIOUX CITY IA CLIMATE NORMALS FOR TODAY
                         NORMAL    RECORD    YEAR
 MAXIMUM TEMPERATURE (F)   76        95      1914
 MINIMUM TEMPERATURE (F)   52        34      1992


SUNRISE AND SUNSET
MAY 26 2017...........SUNRISE   554 AM CDT   SUNSET   851 PM CDT
MAY 27 2017...........SUNRISE   554 AM CDT   SUNSET   852 PM CDT


-  INDICATES NEGATIVE NUMBERS.
R  INDICATES RECORD WAS SET OR TIED.
MM INDICATES DATA IS MISSING.
T  INDICATES TRACE AMOUNT.




$$
