000
CDUS43 KFSD 260648
CLISUX


CLIMATE REPORT
NATIONAL WEATHER SERVICE SIOUX FALLS SD
147 AM CDT THU MAY 26 2016


...................................

...THE SIOUX CITY IA CLIMATE SUMMARY FOR MAY 25 2016...

CLIMATE NORMAL PERIOD 1981 TO 2010
CLIMATE RECORD PERIOD 1889 TO 2016


WEATHER ITEM   OBSERVED TIME   RECORD YEAR NORMAL DEPARTURE LAST
                VALUE   (LST)  VALUE       VALUE  FROM      YEAR
                                                  NORMAL
..................................................................
TEMPERATURE (F)
 YESTERDAY
  MAXIMUM         84    344 PM 102    1967  76      8       80
  MINIMUM         62   1159 PM  36    1925  52     10       58
  AVERAGE         73                        64      9       69

PRECIPITATION (IN)
  YESTERDAY        0.24          2.81 2011   0.12   0.12      T
  MONTH TO DATE    3.56                      2.97   0.59     2.70
  SINCE MAR 1     12.43                      7.92   4.51     6.11
  SINCE JAN 1     14.27                      9.21   5.06     7.07

SNOWFALL (IN)
  YESTERDAY        0.0           0.0    MM   0.0    0.0      0.0
  MONTH TO DATE    0.0                       0.2   -0.2      0.0
  SINCE MAR 1     14.5                       8.5    6.0       T
  SINCE JUL 1     57.6                      35.0   22.6     21.5
  SNOW DEPTH       0

DEGREE DAYS
 HEATING
  YESTERDAY        0                         4     -4        0
  MONTH TO DATE  169                       164      5      147
  SINCE MAR 1   1196                      1522   -326     1222
  SINCE JUL 1   5655                      6816  -1161     6388

 COOLING
  YESTERDAY        8                         2      6        4
  MONTH TO DATE   25                        36    -11       22
  SINCE MAR 1     25                        47    -22       23
  SINCE JAN 1     25                        47    -22       23
..................................................................


WIND (MPH)
  HIGHEST WIND SPEED    24   HIGHEST WIND DIRECTION    SE (140)
  HIGHEST GUST SPEED    33   HIGHEST GUST DIRECTION    SE (130)
  AVERAGE WIND SPEED    10.0


SKY COVER
  POSSIBLE SUNSHINE  MM
  AVERAGE SKY COVER 0.4


WEATHER CONDITIONS
 THE FOLLOWING WEATHER WAS RECORDED YESTERDAY.
  THUNDERSTORM
  LIGHT RAIN


RELATIVE HUMIDITY (PERCENT)
 HIGHEST    84          1000 PM
 LOWEST     51           300 PM
 AVERAGE    68

..........................................................


THE SIOUX CITY IA CLIMATE NORMALS FOR TODAY
                         NORMAL    RECORD    YEAR
 MAXIMUM TEMPERATURE (F)   76        95      1914
 MINIMUM TEMPERATURE (F)   52        34      1992


SUNRISE AND SUNSET
MAY 26 2016...........SUNRISE   554 AM CDT   SUNSET   851 PM CDT
MAY 27 2016...........SUNRISE   554 AM CDT   SUNSET   852 PM CDT


-  INDICATES NEGATIVE NUMBERS.
R  INDICATES RECORD WAS SET OR TIED.
MM INDICATES DATA IS MISSING.
T  INDICATES TRACE AMOUNT.




$$
