000
CDUS43 KFSD 170633
CLISUX


CLIMATE REPORT
NATIONAL WEATHER SERVICE SIOUX FALLS SD
1233 AM CST TUE FEB 17 2015


...................................

...THE SIOUX CITY IA CLIMATE SUMMARY FOR FEBRUARY 16 2015...

CLIMATE NORMAL PERIOD 1981 TO 2010
CLIMATE RECORD PERIOD 1889 TO 2015


WEATHER ITEM   OBSERVED TIME   RECORD YEAR NORMAL DEPARTURE LAST
                VALUE   (LST)  VALUE       VALUE  FROM      YEAR
                                                  NORMAL
..................................................................
TEMPERATURE (F)
 YESTERDAY
  MAXIMUM         36    419 PM  66    1981  35      1       34
  MINIMUM         19    427 AM -25    1936  16      3       14
  AVERAGE         28                        25      3       24

PRECIPITATION (IN)
  YESTERDAY        0.00          0.61 1938   0.02  -0.02     0.00
  MONTH TO DATE    0.18                      0.33  -0.15     0.15
  SINCE DEC 1      2.22                      1.75   0.47     0.52
  SINCE JAN 1      0.82                      0.95  -0.13     0.34

SNOWFALL (IN)
  YESTERDAY        0.0           6.1  1938   0.2   -0.2      0.0
  MONTH TO DATE    3.5                       3.8   -0.3      3.5
  SINCE DEC 1     15.6                      18.3   -2.7      7.9
  SINCE JUL 1     20.1                      23.7   -3.6      8.8
  SNOW DEPTH       0

DEGREE DAYS
 HEATING
  YESTERDAY       37                        40     -3       41
  MONTH TO DATE  689                       668     21      809
  SINCE DEC 1   3076                      3368   -292     3700
  SINCE JUL 1   4571                      4844   -273     5124

 COOLING
  YESTERDAY        0                         0      0        0
  MONTH TO DATE    0                         0      0        0
  SINCE DEC 1      0                         0      0        0
  SINCE JAN 1      0                         0      0        0
..................................................................


WIND (MPH)
  HIGHEST WIND SPEED    23   HIGHEST WIND DIRECTION     N (340)
  HIGHEST GUST SPEED    27   HIGHEST GUST DIRECTION     N (340)
  AVERAGE WIND SPEED    10.4


SKY COVER
  POSSIBLE SUNSHINE  MM
  AVERAGE SKY COVER 0.9


WEATHER CONDITIONS
 THE FOLLOWING WEATHER WAS RECORDED YESTERDAY.
  NO SIGNIFICANT WEATHER WAS OBSERVED.


RELATIVE HUMIDITY (PERCENT)
 HIGHEST    65          1000 PM
 LOWEST     51          1200 AM
 AVERAGE    58

..........................................................


THE SIOUX CITY IA CLIMATE NORMALS FOR TODAY
                         NORMAL    RECORD    YEAR
 MAXIMUM TEMPERATURE (F)   35        71      1981
 MINIMUM TEMPERATURE (F)   16       -19      1978


SUNRISE AND SUNSET
FEBRUARY 17 2015......SUNRISE   720 AM CST   SUNSET   600 PM CST
FEBRUARY 18 2015......SUNRISE   718 AM CST   SUNSET   601 PM CST


-  INDICATES NEGATIVE NUMBERS.
R  INDICATES RECORD WAS SET OR TIED.
MM INDICATES DATA IS MISSING.
T  INDICATES TRACE AMOUNT.




$$
