000
CDUS43 KFSD 162230
CLISUX


CLIMATE REPORT
NATIONAL WEATHER SERVICE SIOUX FALLS SD
530 PM CDT MON MAR 16 2015


...................................

...THE SIOUX CITY IA CLIMATE SUMMARY FOR MARCH 16 2015...
VALID TODAY AS OF 0500 PM LOCAL TIME.

CLIMATE NORMAL PERIOD 1981 TO 2010
CLIMATE RECORD PERIOD 1889 TO 2015


WEATHER ITEM   OBSERVED TIME   RECORD YEAR NORMAL DEPARTURE LAST
                VALUE   (LST)  VALUE       VALUE  FROM      YEAR
                                                  NORMAL
..................................................................
TEMPERATURE (F)
 TODAY
  MAXIMUM         90R   147 PM  83    2012  47     43       40
  MINIMUM         46   1235 AM  -8    1900  26     20       20
  AVERAGE         68                        36     32       30

PRECIPITATION (IN)
  TODAY            0.00          0.66 1917   0.07  -0.07     0.00
  MONTH TO DATE    T                         0.83  -0.83     0.30
  SINCE MAR 1      T                         0.83  -0.83     0.30
  SINCE JAN 1      0.96                      2.12  -1.16     1.07

SNOWFALL (IN)
  TODAY            0.0           9.0  1917   0.3   -0.3      0.0
  MONTH TO DATE    T                         3.8   -3.8      4.5
  SINCE MAR 1      T                         3.8   -3.8      4.5
  SINCE JUL 1     21.5                      30.3   -8.8     18.3
  SNOW DEPTH       0

DEGREE DAYS
 HEATING
  TODAY            0                        29    -29       35
  MONTH TO DATE  386                       509   -123      568
  SINCE MAR 1    386                       509   -123      568
  SINCE JUL 1   5552                      5803   -251     6172

 COOLING
  TODAY            3                         0      3        0
  MONTH TO DATE    3                         0      3        0
  SINCE MAR 1      3                         0      3        0
  SINCE JAN 1      3                         0      3        0
..................................................................


WIND (MPH)
  HIGHEST WIND SPEED    33   HIGHEST WIND DIRECTION    NE (30)
  HIGHEST GUST SPEED    44   HIGHEST GUST DIRECTION    NE (30)
  AVERAGE WIND SPEED    13.5


SKY COVER
  POSSIBLE SUNSHINE  MM
  AVERAGE SKY COVER 0.0


WEATHER CONDITIONS
 THE FOLLOWING WEATHER WAS RECORDED TODAY.
  NO SIGNIFICANT WEATHER WAS OBSERVED.


RELATIVE HUMIDITY (PERCENT)
 HIGHEST    53          1200 AM
 LOWEST     10           100 PM
 AVERAGE    32

..........................................................


THE SIOUX CITY IA CLIMATE NORMALS FOR TOMORROW
                         NORMAL    RECORD    YEAR
 MAXIMUM TEMPERATURE (F)   48        85      2012
 MINIMUM TEMPERATURE (F)   26        -4      1923


SUNRISE AND SUNSET
MARCH 16 2015.........SUNRISE   736 AM CDT   SUNSET   733 PM CDT
MARCH 17 2015.........SUNRISE   734 AM CDT   SUNSET   734 PM CDT


-  INDICATES NEGATIVE NUMBERS.
R  INDICATES RECORD WAS SET OR TIED.
MM INDICATES DATA IS MISSING.
T  INDICATES TRACE AMOUNT.




$$
