000
CDUS43 KFSD 060627
CLISUX


CLIMATE REPORT
NATIONAL WEATHER SERVICE SIOUX FALLS SD
124 AM CDT SUN JUL 6 2014


...................................

...THE SIOUX CITY IA CLIMATE SUMMARY FOR JULY 5 2014...

CLIMATE NORMAL PERIOD 1981 TO 2010
CLIMATE RECORD PERIOD 1889 TO 2014


WEATHER ITEM   OBSERVED TIME   RECORD YEAR NORMAL DEPARTURE LAST
                VALUE   (LST)  VALUE       VALUE  FROM      YEAR
                                                  NORMAL
..................................................................
TEMPERATURE (F)
 YESTERDAY
  MAXIMUM         87    343 PM 108    1936  86      1       88
  MINIMUM         66    616 AM  47    1972  63      3       65
  AVERAGE         77                        74      3       77

PRECIPITATION (IN)
  YESTERDAY        0.40          1.35 1982   0.12   0.28     0.00
  MONTH TO DATE    0.41                      0.57  -0.16     0.08
  SINCE JUN 1     17.06                      4.46  12.60     3.21
  SINCE JAN 1     22.31                     14.44   7.87    16.44

SNOWFALL (IN)
  YESTERDAY        0.0           0.0    MM   0.0    0.0      0.0
  MONTH TO DATE    0.0                       0.0    0.0      0.0
  SINCE JUN 1      0.0                       0.0    0.0      0.0
  SINCE JUL 1      0.0                       0.0    0.0      0.0
  SNOW DEPTH       0

DEGREE DAYS
 HEATING
  YESTERDAY        0                         0      0        0
  MONTH TO DATE    2                         0      2        0
  SINCE JUN 1     22                        27     -5       40
  SINCE JUL 1      2                         0      2        0

 COOLING
  YESTERDAY       12                         9      3       12
  MONTH TO DATE   19                        45    -26       33
  SINCE JUN 1    214                       233    -19      228
  SINCE JAN 1    335                       297     38      284
..................................................................


WIND (MPH)
  HIGHEST WIND SPEED    22   HIGHEST WIND DIRECTION     S (180)
  HIGHEST GUST SPEED    32   HIGHEST GUST DIRECTION     S (180)
  AVERAGE WIND SPEED     9.2


SKY COVER
  POSSIBLE SUNSHINE  MM
  AVERAGE SKY COVER 0.3


WEATHER CONDITIONS
 THE FOLLOWING WEATHER WAS RECORDED YESTERDAY.
  THUNDERSTORM
  RAIN
  LIGHT RAIN
  FOG


RELATIVE HUMIDITY (PERCENT)
 HIGHEST    93           300 AM
 LOWEST     68          1200 AM
 AVERAGE    81

..........................................................


THE SIOUX CITY IA CLIMATE NORMALS FOR TODAY
                         NORMAL    RECORD    YEAR
 MAXIMUM TEMPERATURE (F)   86       101      1936
 MINIMUM TEMPERATURE (F)   63        50      1997


SUNRISE AND SUNSET
JULY  6 2014..........SUNRISE   555 AM CDT   SUNSET   905 PM CDT
JULY  7 2014..........SUNRISE   556 AM CDT   SUNSET   905 PM CDT


-  INDICATES NEGATIVE NUMBERS.
R  INDICATES RECORD WAS SET OR TIED.
MM INDICATES DATA IS MISSING.
T  INDICATES TRACE AMOUNT.




$$
