000
CDUS43 KFSD 042233
CLISUX


CLIMATE REPORT
NATIONAL WEATHER SERVICE SIOUX FALLS SD
533 PM CDT MON APR 4 2016


...................................

...THE SIOUX CITY IA CLIMATE SUMMARY FOR APRIL 4 2016...
VALID TODAY AS OF 0500 PM LOCAL TIME.

CLIMATE NORMAL PERIOD 1981 TO 2010
CLIMATE RECORD PERIOD 1889 TO 2016


WEATHER ITEM   OBSERVED TIME   RECORD YEAR NORMAL DEPARTURE LAST
                VALUE   (LST)  VALUE       VALUE  FROM      YEAR
                                                  NORMAL
..................................................................
TEMPERATURE (F)
 TODAY
  MAXIMUM         57    354 PM  90    1929  57      0       70
  MINIMUM         36    713 AM  15    2002  32      4       26
  AVERAGE         47                        45      2       48

PRECIPITATION (IN)
  TODAY            0.00          1.27 1958   0.09  -0.09     0.00
  MONTH TO DATE    0.02                      0.34  -0.32     0.20
  SINCE MAR 1      3.08                      2.34   0.74     1.08
  SINCE JAN 1      4.92                      3.63   1.29     2.04

SNOWFALL (IN)
  TODAY            0.0           6.8  1957   0.1   -0.1      0.0
  MONTH TO DATE    0.0                       0.4   -0.4      0.0
  SINCE MAR 1     14.5                       6.9    7.6       T
  SINCE JUL 1     57.6                      33.4   24.2     21.5
  SNOW DEPTH       0

DEGREE DAYS
 HEATING
  TODAY           18                        20     -2       17
  MONTH TO DATE   72                        84    -12       52
  SINCE MAR 1    705                       968   -263      759
  SINCE JUL 1   5164                      6262  -1098     5925

 COOLING
  TODAY            0                         0      0        0
  MONTH TO DATE    0                         0      0        1
  SINCE MAR 1      0                         0      0        1
  SINCE JAN 1      0                         0      0        1
..................................................................


WIND (MPH)
  HIGHEST WIND SPEED    16   HIGHEST WIND DIRECTION     N (360)
  HIGHEST GUST SPEED    20   HIGHEST GUST DIRECTION     N (20)
  AVERAGE WIND SPEED    10.0


SKY COVER
  POSSIBLE SUNSHINE  MM
  AVERAGE SKY COVER 0.0


WEATHER CONDITIONS
 THE FOLLOWING WEATHER WAS RECORDED TODAY.
  NO SIGNIFICANT WEATHER WAS OBSERVED.


RELATIVE HUMIDITY (PERCENT)
 HIGHEST    64           600 AM
 LOWEST     32           300 PM
 AVERAGE    48

..........................................................


THE SIOUX CITY IA CLIMATE NORMALS FOR TOMORROW
                         NORMAL    RECORD    YEAR
 MAXIMUM TEMPERATURE (F)   58        89      1991
 MINIMUM TEMPERATURE (F)   33        16      1982
                                             1945


SUNRISE AND SUNSET
APRIL  4 2016.........SUNRISE   702 AM CDT   SUNSET   755 PM CDT
APRIL  5 2016.........SUNRISE   700 AM CDT   SUNSET   757 PM CDT


-  INDICATES NEGATIVE NUMBERS.
R  INDICATES RECORD WAS SET OR TIED.
MM INDICATES DATA IS MISSING.
T  INDICATES TRACE AMOUNT.




$$
