000
CDUS43 KFSD 220641
CLISUX


CLIMATE REPORT
NATIONAL WEATHER SERVICE SIOUX FALLS SD
140 AM CDT MON SEP 22 2014


...................................

...THE SIOUX CITY IA CLIMATE SUMMARY FOR SEPTEMBER 21 2014...

CLIMATE NORMAL PERIOD 1981 TO 2010
CLIMATE RECORD PERIOD 1889 TO 2014


WEATHER ITEM   OBSERVED TIME   RECORD YEAR NORMAL DEPARTURE LAST
                VALUE   (LST)  VALUE       VALUE  FROM      YEAR
                                                  NORMAL
..................................................................
TEMPERATURE (F)
 YESTERDAY
  MAXIMUM         73    342 PM  96    2005  74     -1       76
  MINIMUM         48   1159 PM  29    1999  48      0       34
  AVERAGE         61                        61      0       55

PRECIPITATION (IN)
  YESTERDAY        0.00          2.01 2006   0.10  -0.10     0.00
  MONTH TO DATE    2.28                      2.11   0.17     1.17
  SINCE SEP 1      2.28                      2.11   0.17     1.17
  SINCE JAN 1     37.91                     22.65  15.26    21.20

SNOWFALL (IN)
  YESTERDAY        0.0           0.0    MM   0.0    0.0      0.0
  MONTH TO DATE    0.0                       0.0    0.0      0.0
  SINCE SEP 1      0.0                       0.0    0.0      0.0
  SINCE JUL 1      0.0                       0.0    0.0      0.0
  SNOW DEPTH       0

DEGREE DAYS
 HEATING
  YESTERDAY        4                         6     -2       10
  MONTH TO DATE   96                        67     29       32
  SINCE SEP 1     96                        67     29       32
  SINCE JUL 1    102                        82     20       52

 COOLING
  YESTERDAY        0                         2     -2        0
  MONTH TO DATE   58                        72    -14      119
  SINCE SEP 1     58                        72    -14      119
  SINCE JAN 1    824                       849    -25      920
..................................................................


WIND (MPH)
  HIGHEST WIND SPEED    20   HIGHEST WIND DIRECTION    NW (330)
  HIGHEST GUST SPEED    26   HIGHEST GUST DIRECTION    NW (330)
  AVERAGE WIND SPEED     8.3


SKY COVER
  POSSIBLE SUNSHINE  MM
  AVERAGE SKY COVER 0.1


WEATHER CONDITIONS
 THE FOLLOWING WEATHER WAS RECORDED YESTERDAY.
  NO SIGNIFICANT WEATHER WAS OBSERVED.


RELATIVE HUMIDITY (PERCENT)
 HIGHEST    89           900 PM
 LOWEST     41           300 PM
 AVERAGE    65

..........................................................


THE SIOUX CITY IA CLIMATE NORMALS FOR TODAY
                         NORMAL    RECORD    YEAR
 MAXIMUM TEMPERATURE (F)   74        95      1936
 MINIMUM TEMPERATURE (F)   48        25      1995


SUNRISE AND SUNSET
SEPTEMBER 22 2014.....SUNRISE   713 AM CDT   SUNSET   723 PM CDT
SEPTEMBER 23 2014.....SUNRISE   714 AM CDT   SUNSET   721 PM CDT


-  INDICATES NEGATIVE NUMBERS.
R  INDICATES RECORD WAS SET OR TIED.
MM INDICATES DATA IS MISSING.
T  INDICATES TRACE AMOUNT.




$$
