000
CDUS43 KFSD 280659
CLISUX


CLIMATE REPORT
NATIONAL WEATHER SERVICE SIOUX FALLS SD
158 AM CDT SUN MAY 28 2017


...................................

...THE SIOUX CITY IA CLIMATE SUMMARY FOR MAY 27 2017...

CLIMATE NORMAL PERIOD 1981 TO 2010
CLIMATE RECORD PERIOD 1889 TO 2017


WEATHER ITEM   OBSERVED TIME   RECORD YEAR NORMAL DEPARTURE LAST
                VALUE   (LST)  VALUE       VALUE  FROM      YEAR
                                                  NORMAL
..................................................................
TEMPERATURE (F)
 YESTERDAY
  MAXIMUM         74    403 PM  92    1895  76     -2       80
  MINIMUM         51    147 AM  34    1992  53     -2       60
  AVERAGE         63                        65     -2       70

PRECIPITATION (IN)
  YESTERDAY        T             1.59 1995   0.12  -0.12     1.15
  MONTH TO DATE    3.44                      3.22   0.22     4.84
  SINCE MAR 1      7.88                      8.17  -0.29    13.71
  SINCE JAN 1      9.47                      9.46   0.01    15.55

SNOWFALL (IN)
  YESTERDAY        0.0           0.0    MM   0.0    0.0      0.0
  MONTH TO DATE    T                         0.2   -0.2      0.0
  SINCE MAR 1      3.1                       8.5   -5.4     14.5
  SINCE JUL 1     28.6                      35.0   -6.4     57.6
  SNOW DEPTH       0

DEGREE DAYS
 HEATING
  YESTERDAY        2                         3     -1        0
  MONTH TO DATE  176                       170      6      169
  SINCE MAR 1   1384                      1528   -144     1196
  SINCE JUL 1   5621                      6822  -1201     5655

 COOLING
  YESTERDAY        0                         3     -3        5
  MONTH TO DATE   37                        42     -5       33
  SINCE MAR 1     38                        53    -15       33
  SINCE JAN 1     38                        53    -15       33
..................................................................


WIND (MPH)
  HIGHEST WIND SPEED    18   HIGHEST WIND DIRECTION    NW (320)
  HIGHEST GUST SPEED    22   HIGHEST GUST DIRECTION     N (10)
  AVERAGE WIND SPEED     8.2


SKY COVER
  POSSIBLE SUNSHINE  MM
  AVERAGE SKY COVER 0.4


WEATHER CONDITIONS
 THE FOLLOWING WEATHER WAS RECORDED YESTERDAY.
  LIGHT RAIN


RELATIVE HUMIDITY (PERCENT)
 HIGHEST    89           500 AM
 LOWEST     46           100 PM
 AVERAGE    68

..........................................................


THE SIOUX CITY IA CLIMATE NORMALS FOR TODAY
                         NORMAL    RECORD    YEAR
 MAXIMUM TEMPERATURE (F)   77        98      2006
 MINIMUM TEMPERATURE (F)   53        31      1947


SUNRISE AND SUNSET
MAY 28 2017...........SUNRISE   553 AM CDT   SUNSET   853 PM CDT
MAY 29 2017...........SUNRISE   553 AM CDT   SUNSET   854 PM CDT


-  INDICATES NEGATIVE NUMBERS.
R  INDICATES RECORD WAS SET OR TIED.
MM INDICATES DATA IS MISSING.
T  INDICATES TRACE AMOUNT.




$$
