000
CDUS43 KFSD 180615
CLISUX


CLIMATE REPORT
NATIONAL WEATHER SERVICE SIOUX FALLS SD
1213 AM CST SAT NOV 18 2017


...................................

...THE SIOUX CITY IA CLIMATE SUMMARY FOR NOVEMBER 17 2017...

CLIMATE NORMAL PERIOD 1981 TO 2010
CLIMATE RECORD PERIOD 1889 TO 2017


WEATHER ITEM   OBSERVED TIME   RECORD YEAR NORMAL DEPARTURE LAST
                VALUE   (LST)  VALUE       VALUE  FROM      YEAR
                                                  NORMAL
..................................................................
TEMPERATURE (F)
 YESTERDAY
  MAXIMUM         59        MM  72    1941  45     14       58
  MINIMUM         38        MM  -4    1959  25     13       41
  AVERAGE         49                        35     14       50

PRECIPITATION (IN)
  YESTERDAY        0.06          1.05 1971   0.05   0.01     0.00
  MONTH TO DATE    0.06                      0.76  -0.70     0.00
  SINCE SEP 1      9.07                      5.85   3.22     4.38
  SINCE JAN 1     29.26                     26.39   2.87    28.73

SNOWFALL (IN)
  YESTERDAY        0.0           2.8  1986   0.1   -0.1      0.0
  MONTH TO DATE    0.0                       1.8   -1.8      0.0
  SINCE SEP 1      T                         2.8   -2.8      0.0
  SINCE JUL 1      T                         2.8   -2.8      0.0
  SNOW DEPTH       0

DEGREE DAYS
 HEATING
  YESTERDAY       16                        30    -14       15
  MONTH TO DATE  479                       433     46      243
  SINCE SEP 1    969                      1018    -49      597
  SINCE JUL 1    977                      1033    -56      597

 COOLING
  YESTERDAY        0                         0      0        0
  MONTH TO DATE    0                         0      0        0
  SINCE SEP 1    119                        92     27      143
  SINCE JAN 1    951                       869     82     1165
..................................................................


WIND (MPH)
  HIGHEST WIND SPEED    20   HIGHEST WIND DIRECTION     N (340)
  HIGHEST GUST SPEED    22   HIGHEST GUST DIRECTION    SE (150)
  AVERAGE WIND SPEED    10.9


SKY COVER
  POSSIBLE SUNSHINE  MM
  AVERAGE SKY COVER 0.6


WEATHER CONDITIONS
 THE FOLLOWING WEATHER WAS RECORDED YESTERDAY.
  LIGHT RAIN
  FOG


RELATIVE HUMIDITY (PERCENT)
 HIGHEST    93          1100 PM
 LOWEST     59           200 PM
 AVERAGE    76

..........................................................


THE SIOUX CITY IA CLIMATE NORMALS FOR TODAY
                         NORMAL    RECORD    YEAR
 MAXIMUM TEMPERATURE (F)   45        73      1941
 MINIMUM TEMPERATURE (F)   24         3      2014


SUNRISE AND SUNSET
NOVEMBER 18 2017......SUNRISE   720 AM CST   SUNSET   501 PM CST
NOVEMBER 19 2017......SUNRISE   722 AM CST   SUNSET   500 PM CST


-  INDICATES NEGATIVE NUMBERS.
R  INDICATES RECORD WAS SET OR TIED.
MM INDICATES DATA IS MISSING.
T  INDICATES TRACE AMOUNT.




$$
