000
CDUS43 KFSD 290022
CLISUX


CLIMATE REPORT
NATIONAL WEATHER SERVICE SIOUX FALLS SD
720 PM CDT SUN SEP 28 2014


...................................

...THE SIOUX CITY IA CLIMATE SUMMARY FOR SEPTEMBER 28 2014...
VALID AS OF 0700 PM LOCAL TIME.

CLIMATE NORMAL PERIOD 1981 TO 2010
CLIMATE RECORD PERIOD 1889 TO 2014


WEATHER ITEM   OBSERVED TIME   RECORD YEAR NORMAL DEPARTURE LAST
                VALUE   (LST)  VALUE       VALUE  FROM      YEAR
                                                  NORMAL
..................................................................
TEMPERATURE (F)
 TODAY
  MAXIMUM         85    329 PM  91    1897  71     14       74
  MINIMUM         57    529 AM  25    1942  45     12       43
  AVERAGE         71                        58     13       59

PRECIPITATION (IN)
  TODAY            0.00          1.93 1983   0.09  -0.09     0.15
  MONTH TO DATE    2.44                      2.78  -0.34     1.44
  SINCE SEP 1      2.44                      2.78  -0.34     1.44
  SINCE JAN 1     38.07                     23.32  14.75    21.47

SNOWFALL (IN)
  TODAY            0.0           T    1985   0.0    0.0      0.0
                                      1945
  MONTH TO DATE    0.0                       0.0    0.0      0.0
  SINCE SEP 1      0.0                       0.0    0.0      0.0
  SINCE JUL 1      0.0                       0.0    0.0      0.0
  SNOW DEPTH       0

DEGREE DAYS
 HEATING
  TODAY            0                         8     -8        6
  MONTH TO DATE  104                       116    -12       42
  SINCE SEP 1    104                       116    -12       42
  SINCE JUL 1    110                       131    -21       62

 COOLING
  TODAY            6                         1      5        0
  MONTH TO DATE   86                        80      6      147
  SINCE SEP 1     86                        80      6      147
  SINCE JAN 1    852                       857     -5      948
..................................................................


WIND (MPH)
  HIGHEST WIND SPEED    14   HIGHEST WIND DIRECTION     S (170)
  HIGHEST GUST SPEED    18   HIGHEST GUST DIRECTION     S (190)
  AVERAGE WIND SPEED     7.4


SKY COVER
  POSSIBLE SUNSHINE  MM
  AVERAGE SKY COVER 0.2


WEATHER CONDITIONS
 THE FOLLOWING WEATHER WAS RECORDED TODAY.
  FOG


RELATIVE HUMIDITY (PERCENT)
 HIGHEST    93           300 AM
 LOWEST     40           200 PM
 AVERAGE    67

..........................................................


THE SIOUX CITY IA CLIMATE NORMALS FOR TOMORROW
                         NORMAL    RECORD    YEAR
 MAXIMUM TEMPERATURE (F)   71        92      1981
 MINIMUM TEMPERATURE (F)   44        24      1945


SUNRISE AND SUNSET
SEPTEMBER 28 2014.....SUNRISE   719 AM CDT   SUNSET   712 PM CDT
SEPTEMBER 29 2014.....SUNRISE   720 AM CDT   SUNSET   710 PM CDT


-  INDICATES NEGATIVE NUMBERS.
R  INDICATES RECORD WAS SET OR TIED.
MM INDICATES DATA IS MISSING.
T  INDICATES TRACE AMOUNT.



&&
.........................................................

ADDITIONAL WEATHER INFORMATION FOR TODAY
        TEMPERATURE / HUMIDITY
AT  4 AM      58    /    89%
AT  7 AM      59    /    86%
AT 10 AM      66    /    75%
AT  1 PM      80    /    48%
AT  4 PM      84    /    39%
AT  7 PM      77    /    55%

THE CURRENT MISSOURI RIVER STAGE...17.37 FT.

$$
