000
CDUS43 KFSD 060626
CLISUX


CLIMATE REPORT
NATIONAL WEATHER SERVICE SIOUX FALLS SD
125 AM CDT MON JUL 6 2015


...................................

...THE SIOUX CITY IA CLIMATE SUMMARY FOR JULY 5 2015...

CLIMATE NORMAL PERIOD 1981 TO 2010
CLIMATE RECORD PERIOD 1889 TO 2015


WEATHER ITEM   OBSERVED TIME   RECORD YEAR NORMAL DEPARTURE LAST
                VALUE   (LST)  VALUE       VALUE  FROM      YEAR
                                                  NORMAL
..................................................................
TEMPERATURE (F)
 YESTERDAY
  MAXIMUM         88    555 PM 108    1936  86      2       87
  MINIMUM         67    644 AM  47    1972  63      4       66
  AVERAGE         78                        74      4       77

PRECIPITATION (IN)
  YESTERDAY        0.02          1.35 1982   0.12  -0.10     0.40
  MONTH TO DATE    0.58                      0.57   0.01     0.41
  SINCE JUN 1      4.77                      4.46   0.31    17.06
  SINCE JAN 1     12.67                     14.44  -1.77    22.31

SNOWFALL (IN)
  YESTERDAY        0.0           0.0    MM   0.0    0.0      0.0
  MONTH TO DATE    0.0                       0.0    0.0      0.0
  SINCE JUN 1      0.0                       0.0    0.0      0.0
  SINCE JUL 1      0.0                       0.0    0.0      0.0
  SNOW DEPTH       0

DEGREE DAYS
 HEATING
  YESTERDAY        0                         0      0        0
  MONTH TO DATE    0                         0      0        2
  SINCE JUN 1      2                        27    -25       22
  SINCE JUL 1      0                         0      0        2

 COOLING
  YESTERDAY       13                         9      4       12
  MONTH TO DATE   25                        45    -20       19
  SINCE JUN 1    234                       233      1      214
  SINCE JAN 1    263                       297    -34      335
..................................................................


WIND (MPH)
  HIGHEST WIND SPEED    23   HIGHEST WIND DIRECTION     S (160)
  HIGHEST GUST SPEED    29   HIGHEST GUST DIRECTION     S (160)
  AVERAGE WIND SPEED    12.0


SKY COVER
  POSSIBLE SUNSHINE  MM
  AVERAGE SKY COVER 0.1


WEATHER CONDITIONS
 THE FOLLOWING WEATHER WAS RECORDED YESTERDAY.
  LIGHT RAIN
  FOG


RELATIVE HUMIDITY (PERCENT)
 HIGHEST    81           700 AM
 LOWEST     59           400 PM
 AVERAGE    70

..........................................................


THE SIOUX CITY IA CLIMATE NORMALS FOR TODAY
                         NORMAL    RECORD    YEAR
 MAXIMUM TEMPERATURE (F)   86       101      1936
 MINIMUM TEMPERATURE (F)   63        50      1997


SUNRISE AND SUNSET
JULY  6 2015..........SUNRISE   555 AM CDT   SUNSET   905 PM CDT
JULY  7 2015..........SUNRISE   556 AM CDT   SUNSET   905 PM CDT


-  INDICATES NEGATIVE NUMBERS.
R  INDICATES RECORD WAS SET OR TIED.
MM INDICATES DATA IS MISSING.
T  INDICATES TRACE AMOUNT.




$$
