000
CDUS43 KFSD 130714
CLISUX


CLIMATE REPORT
NATIONAL WEATHER SERVICE SIOUX FALLS SD
212 AM CDT SUN JUL 13 2014


...................................

...THE SIOUX CITY IA CLIMATE SUMMARY FOR JULY 12 2014...

CLIMATE NORMAL PERIOD 1981 TO 2010
CLIMATE RECORD PERIOD 1889 TO 2014


WEATHER ITEM   OBSERVED TIME   RECORD YEAR NORMAL DEPARTURE LAST
                VALUE   (LST)  VALUE       VALUE  FROM      YEAR
                                                  NORMAL
..................................................................
TEMPERATURE (F)
 YESTERDAY
  MAXIMUM         79    538 PM 108    1995  86     -7       91
  MINIMUM         66   1159 PM  51    1975  63      3       65
  AVERAGE         73                        75     -2       78

PRECIPITATION (IN)
  YESTERDAY        1.76          2.56 1960   0.12   1.64     0.00
  MONTH TO DATE    3.51                      1.37   2.14     0.19
  SINCE JUN 1     20.16                      5.26  14.90     3.32
  SINCE JAN 1     25.41                     15.24  10.17    16.55

SNOWFALL (IN)
  YESTERDAY        0.0           0.0    MM   0.0    0.0      0.0
  MONTH TO DATE    0.0                       0.0    0.0      0.0
  SINCE JUN 1      0.0                       0.0    0.0      0.0
  SINCE JUL 1      0.0                       0.0    0.0      0.0
  SNOW DEPTH       0

DEGREE DAYS
 HEATING
  YESTERDAY        0                         0      0        0
  MONTH TO DATE    2                         0      2        0
  SINCE JUN 1     22                        27     -5       40
  SINCE JUL 1      2                         0      2        0

 COOLING
  YESTERDAY        8                        10     -2       13
  MONTH TO DATE   77                       114    -37      123
  SINCE JUN 1    272                       302    -30      318
  SINCE JAN 1    393                       366     27      374
..................................................................


WIND (MPH)
  HIGHEST WIND SPEED    15   HIGHEST WIND DIRECTION     N (350)
  HIGHEST GUST SPEED    18   HIGHEST GUST DIRECTION     N (350)
  AVERAGE WIND SPEED     5.4


SKY COVER
  POSSIBLE SUNSHINE  MM
  AVERAGE SKY COVER 0.5


WEATHER CONDITIONS
 THE FOLLOWING WEATHER WAS RECORDED YESTERDAY.
  THUNDERSTORM
  HEAVY RAIN
  RAIN
  LIGHT RAIN
  FOG


RELATIVE HUMIDITY (PERCENT)
 HIGHEST   100          1200 AM
 LOWEST     76           500 PM
 AVERAGE    88

..........................................................


THE SIOUX CITY IA CLIMATE NORMALS FOR TODAY
                         NORMAL    RECORD    YEAR
 MAXIMUM TEMPERATURE (F)   86       105      1995
 MINIMUM TEMPERATURE (F)   63        49      1950


SUNRISE AND SUNSET
JULY 13 2014..........SUNRISE   600 AM CDT   SUNSET   902 PM CDT
JULY 14 2014..........SUNRISE   601 AM CDT   SUNSET   901 PM CDT


-  INDICATES NEGATIVE NUMBERS.
R  INDICATES RECORD WAS SET OR TIED.
MM INDICATES DATA IS MISSING.
T  INDICATES TRACE AMOUNT.




$$
