000
CDUS43 KFSD 310628
CLISUX


CLIMATE REPORT
NATIONAL WEATHER SERVICE SIOUX FALLS SD
126 AM CDT MON AUG 31 2015


...................................

...THE SIOUX CITY IA CLIMATE SUMMARY FOR AUGUST 30 2015...

CLIMATE NORMAL PERIOD 1981 TO 2010
CLIMATE RECORD PERIOD 1889 TO 2015


WEATHER ITEM   OBSERVED TIME   RECORD YEAR NORMAL DEPARTURE LAST
                VALUE   (LST)  VALUE       VALUE  FROM      YEAR
                                                  NORMAL
..................................................................
TEMPERATURE (F)
 YESTERDAY
  MAXIMUM         75    408 PM 102    2012  81     -6       77
  MINIMUM         62    755 AM  38    1915  58      4       64
  AVERAGE         69                        70     -1       71

PRECIPITATION (IN)
  YESTERDAY        0.00          2.49 1969   0.11  -0.11     0.00
  MONTH TO DATE    5.94                      3.12   2.82     8.95
  SINCE JUN 1     15.81                     10.45   5.36    29.21
  SINCE JAN 1     23.71                     20.43   3.28    34.46

SNOWFALL (IN)
  YESTERDAY        0.0           0.0    MM   0.0    0.0      0.0
  MONTH TO DATE    0.0                       0.0    0.0      0.0
  SINCE JUN 1      0.0                       0.0    0.0      0.0
  SINCE JUL 1      0.0                       0.0    0.0      0.0
  SNOW DEPTH       0

DEGREE DAYS
 HEATING
  YESTERDAY        0                         1     -1        0
  MONTH TO DATE   20                         8     12        0
  SINCE JUN 1     25                        38    -13       26
  SINCE JUL 1     23                        11     12        6

 COOLING
  YESTERDAY        4                         6     -2        6
  MONTH TO DATE  185                       228    -43      250
  SINCE JUN 1    682                       709    -27      638
  SINCE JAN 1    711                       773    -62      759
..................................................................


WIND (MPH)
  HIGHEST WIND SPEED    16   HIGHEST WIND DIRECTION     S (170)
  HIGHEST GUST SPEED    20   HIGHEST GUST DIRECTION     S (160)
  AVERAGE WIND SPEED     9.5


SKY COVER
  POSSIBLE SUNSHINE  MM
  AVERAGE SKY COVER  MM


WEATHER CONDITIONS
 THE FOLLOWING WEATHER WAS RECORDED YESTERDAY.
  FOG
  HAZE


RELATIVE HUMIDITY (PERCENT)
 HIGHEST    MM
 LOWEST     MM
 AVERAGE    MM

..........................................................


THE SIOUX CITY IA CLIMATE NORMALS FOR TODAY
                         NORMAL    RECORD    YEAR
 MAXIMUM TEMPERATURE (F)   81        96      1948
 MINIMUM TEMPERATURE (F)   57        43      1967


SUNRISE AND SUNSET
AUGUST 31 2015........SUNRISE   649 AM CDT   SUNSET   802 PM CDT
SEPTEMBER  1 2015.....SUNRISE   650 AM CDT   SUNSET   800 PM CDT


-  INDICATES NEGATIVE NUMBERS.
R  INDICATES RECORD WAS SET OR TIED.
MM INDICATES DATA IS MISSING.
T  INDICATES TRACE AMOUNT.




$$
