474
CDUS43 KFSD 230636
CLISUX


CLIMATE REPORT
NATIONAL WEATHER SERVICE SIOUX FALLS SD
1229 AM CST THU FEB 23 2017


...................................

...THE SIOUX CITY IA CLIMATE SUMMARY FOR FEBRUARY 22 2017...

CLIMATE NORMAL PERIOD 1981 TO 2010
CLIMATE RECORD PERIOD 1889 TO 2017


WEATHER ITEM   OBSERVED TIME   RECORD YEAR NORMAL DEPARTURE LAST
                VALUE   (LST)  VALUE       VALUE  FROM      YEAR
                                                  NORMAL
..................................................................
TEMPERATURE (F)
 YESTERDAY
  MAXIMUM         71R  1232 PM  68    1982  37     34       41
  MINIMUM         34    725 AM -16    1962  18     16       34
  AVERAGE         53                        27     26       38

PRECIPITATION (IN)
  YESTERDAY        0.00          0.66 1909   0.03  -0.03     0.00
  MONTH TO DATE    0.17                      0.49  -0.32     1.07
  SINCE DEC 1      2.32                      1.91   0.41     4.66
  SINCE JAN 1      0.84                      1.11  -0.27     1.80

SNOWFALL (IN)
  YESTERDAY        0.0           8.0  1999   0.2   -0.2      0.0
  MONTH TO DATE    2.9                       5.2   -2.3     13.8
  SINCE DEC 1     14.6                      19.7   -5.1     30.5
  SINCE JUL 1     15.6                      25.1   -9.5     43.0
  SNOW DEPTH       0

DEGREE DAYS
 HEATING
  YESTERDAY       12                        38    -26       27
  MONTH TO DATE  619                       899   -280      800
  SINCE DEC 1   3083                      3599   -516     3167
  SINCE JUL 1   4027                      5075  -1048     4273

 COOLING
  YESTERDAY        0                         0      0        0
  MONTH TO DATE    0                         0      0        0
  SINCE DEC 1      0                         0      0        0
  SINCE JAN 1      0                         0      0        0
..................................................................


WIND (MPH)
  HIGHEST WIND SPEED    26   HIGHEST WIND DIRECTION    NW (320)
  HIGHEST GUST SPEED    33   HIGHEST GUST DIRECTION    NW (320)
  AVERAGE WIND SPEED    12.5


SKY COVER
  POSSIBLE SUNSHINE  MM
  AVERAGE SKY COVER 0.0


WEATHER CONDITIONS
 THE FOLLOWING WEATHER WAS RECORDED YESTERDAY.
  NO SIGNIFICANT WEATHER WAS OBSERVED.


RELATIVE HUMIDITY (PERCENT)
 HIGHEST    89           500 AM
 LOWEST     30           400 PM
 AVERAGE    60

..........................................................


THE SIOUX CITY IA CLIMATE NORMALS FOR TODAY
                         NORMAL    RECORD    YEAR
 MAXIMUM TEMPERATURE (F)   37        68      2002
 MINIMUM TEMPERATURE (F)   18       -15      1993


SUNRISE AND SUNSET
FEBRUARY 23 2017......SUNRISE   710 AM CST   SUNSET   608 PM CST
FEBRUARY 24 2017......SUNRISE   708 AM CST   SUNSET   610 PM CST


-  INDICATES NEGATIVE NUMBERS.
R  INDICATES RECORD WAS SET OR TIED.
MM INDICATES DATA IS MISSING.
T  INDICATES TRACE AMOUNT.




$$
