000
CDUS43 KFSD 230654
CLISUX


CLIMATE REPORT
NATIONAL WEATHER SERVICE SIOUX FALLS SD
1241 AM CST FRI FEB 23 2018


...................................

...THE SIOUX CITY IA CLIMATE SUMMARY FOR FEBRUARY 22 2018...

CLIMATE NORMAL PERIOD 1981 TO 2010
CLIMATE RECORD PERIOD 1889 TO 2018


WEATHER ITEM   OBSERVED TIME   RECORD YEAR NORMAL DEPARTURE LAST
                VALUE   (LST)  VALUE       VALUE  FROM      YEAR
                                                  NORMAL
..................................................................
TEMPERATURE (F)
 YESTERDAY
  MAXIMUM         28    506 PM  71    2017  37     -9       71
  MINIMUM         19    537 AM -16    1962  18      1       34
  AVERAGE         24                        27     -3       53

PRECIPITATION (IN)
  YESTERDAY        0.26          0.66 1909   0.03   0.23     0.00
  MONTH TO DATE    0.98                      0.49   0.49     0.17
  SINCE DEC 1      2.75                      1.91   0.84     2.32
  SINCE JAN 1      2.36                      1.11   1.25     0.84

SNOWFALL (IN)
  YESTERDAY        2.6           8.0  1999   0.2    2.4      0.0
  MONTH TO DATE   10.7                       5.2    5.5      2.9
  SINCE DEC 1     31.4                      19.7   11.7     14.6
  SINCE JUL 1     31.4                      25.1    6.3     15.6
  SNOW DEPTH       8

DEGREE DAYS
 HEATING
  YESTERDAY       41                        38      3       12
  MONTH TO DATE 1095                       899    196      619
  SINCE DEC 1   3784                      3599    185     3083
  SINCE JUL 1   5103                      5075     28     4027

 COOLING
  YESTERDAY        0                         0      0        0
  MONTH TO DATE    0                         0      0        0
  SINCE DEC 1      0                         0      0        0
  SINCE JAN 1      0                         0      0        0
..................................................................


WIND (MPH)
  HIGHEST WIND SPEED    14   HIGHEST WIND DIRECTION    SE (130)
  HIGHEST GUST SPEED    16   HIGHEST GUST DIRECTION    SE (120)
  AVERAGE WIND SPEED     6.8


SKY COVER
  POSSIBLE SUNSHINE  MM
  AVERAGE SKY COVER 1.0


WEATHER CONDITIONS
 THE FOLLOWING WEATHER WAS RECORDED YESTERDAY.
  SNOW
  LIGHT SNOW
  FOG
  HAZE


RELATIVE HUMIDITY (PERCENT)
 HIGHEST   100           400 PM
 LOWEST     67          1200 AM
 AVERAGE    84

..........................................................


THE SIOUX CITY IA CLIMATE NORMALS FOR TODAY
                         NORMAL    RECORD    YEAR
 MAXIMUM TEMPERATURE (F)   37        68      2002
 MINIMUM TEMPERATURE (F)   18       -15      1993


SUNRISE AND SUNSET
FEBRUARY 23 2018......SUNRISE   710 AM CST   SUNSET   608 PM CST
FEBRUARY 24 2018......SUNRISE   709 AM CST   SUNSET   609 PM CST


-  INDICATES NEGATIVE NUMBERS.
R  INDICATES RECORD WAS SET OR TIED.
MM INDICATES DATA IS MISSING.
T  INDICATES TRACE AMOUNT.




$$
