000
CDUS43 KFSD 220633
CLISUX


CLIMATE REPORT
NATIONAL WEATHER SERVICE SIOUX FALLS SD
133 AM CDT SUN OCT 22 2017


...................................

...THE SIOUX CITY IA CLIMATE SUMMARY FOR OCTOBER 21 2017...

CLIMATE NORMAL PERIOD 1981 TO 2010
CLIMATE RECORD PERIOD 1889 TO 2017


WEATHER ITEM   OBSERVED TIME   RECORD YEAR NORMAL DEPARTURE LAST
                VALUE   (LST)  VALUE       VALUE  FROM      YEAR
                                                  NORMAL
..................................................................
TEMPERATURE (F)
 YESTERDAY
  MAXIMUM         71   1103 AM  88    1947  61     10       67
  MINIMUM         41   1156 PM  14    1913  36      5       31
  AVERAGE         56                        49      7       49

PRECIPITATION (IN)
  YESTERDAY        0.28          0.92 1906   0.06   0.22     0.00
  MONTH TO DATE    6.81                      1.62   5.19     1.03
  SINCE SEP 1      8.99                      4.58   4.41     3.81
  SINCE JAN 1     29.18                     25.12   4.06    28.16

SNOWFALL (IN)
  YESTERDAY       MM             0.1  1936   0.0   MM        0.0
  MONTH TO DATE    0.0                       0.4   -0.4      0.0
  SINCE SEP 1      0.0                       0.4   -0.4      0.0
  SINCE JUL 1      0.0                       0.4   -0.4      0.0
  SNOW DEPTH       0

DEGREE DAYS
 HEATING
  YESTERDAY        9                        16     -7       16
  MONTH TO DATE  194                       266    -72      202
  SINCE SEP 1    260                       398   -138      252
  SINCE JUL 1    268                       413   -145      252

 COOLING
  YESTERDAY        0                         0      0        0
  MONTH TO DATE    0                         8     -8        0
  SINCE SEP 1    119                        92     27      143
  SINCE JAN 1    951                       869     82     1165
..................................................................


WIND (MPH)
  HIGHEST WIND SPEED    25   HIGHEST WIND DIRECTION    NW (320)
  HIGHEST GUST SPEED    32   HIGHEST GUST DIRECTION    NW (320)
  AVERAGE WIND SPEED    12.1


SKY COVER
  POSSIBLE SUNSHINE  MM
  AVERAGE SKY COVER 0.7


WEATHER CONDITIONS
 THE FOLLOWING WEATHER WAS RECORDED YESTERDAY.
  THUNDERSTORM
  HEAVY RAIN
  LIGHT RAIN
  FOG


RELATIVE HUMIDITY (PERCENT)
 HIGHEST    93           600 AM
 LOWEST     61           400 PM
 AVERAGE    77

..........................................................


THE SIOUX CITY IA CLIMATE NORMALS FOR TODAY
                         NORMAL    RECORD    YEAR
 MAXIMUM TEMPERATURE (F)   61        85      2003
 MINIMUM TEMPERATURE (F)   36        17      1976


SUNRISE AND SUNSET
OCTOBER 22 2017.......SUNRISE   747 AM CDT   SUNSET   632 PM CDT
OCTOBER 23 2017.......SUNRISE   748 AM CDT   SUNSET   631 PM CDT


-  INDICATES NEGATIVE NUMBERS.
R  INDICATES RECORD WAS SET OR TIED.
MM INDICATES DATA IS MISSING.
T  INDICATES TRACE AMOUNT.




$$
