000
CXUS53 KFSD 020410 RRA
CLMSUX

CLIMATE REPORT
NATIONAL WEATHER SERVICE SIOUX FALLS SD
1108 PM CDT SAT AUG 1 2015

...................................

...THE SIOUX CITY IA CLIMATE SUMMARY FOR THE MONTH OF JULY 2015...

CLIMATE NORMAL PERIOD 1981 TO 2010
CLIMATE RECORD PERIOD 1889 TO 2015

WEATHER         OBSERVED          NORMAL  DEPART  LAST YEAR`S
                 VALUE   DATE(S)  VALUE   FROM    VALUE  DATE(S)
                                          NORMAL
................................................................
TEMPERATURE (F)
RECORD
 HIGH             111   07/11/1939
                        07/17/1936
                        07/04/1936
 LOW               41   07/09/1895
HIGHEST            95   07/24        MM      MM       93  07/21
LOWEST             51   07/08        MM      MM       49  07/16
                                                          07/03
AVG. MAXIMUM     84.5              85.5    -1.0     81.7
AVG. MINIMUM     63.3              63.2     0.1     59.7
MEAN             73.9              74.3    -0.4     70.7
DAYS MAX >= 90      5               7.1    -2.1        2
DAYS MAX <= 32      0               0.0     0.0        0
DAYS MIN <= 32      0               0.0     0.0        0
DAYS MIN <= 0       0               0.0     0.0        0

PRECIPITATION (INCHES)
RECORD
 MAXIMUM        10.33   1972
 MINIMUM         0.18   1936
TOTALS           5.68              3.44    2.24     3.61
DAILY AVG.       0.18              0.11    0.07     0.12
DAYS >= .01        13               9.5     3.5        7
DAYS >= .10        10               5.9     4.1        3
DAYS >= .50         4               2.2     1.8        2
DAYS >= 1.00        2               0.8     1.2        2
GREATEST
 24 HR. TOTAL    1.47   07/28 TO 07/28
                        07/27 TO 07/28
                        07/28 TO 07/28

DEGREE_DAYS
HEATING TOTAL       3                 3       0        6
 SINCE 7/1          3                 3       0        6
COOLING TOTAL     288               293      -5      193
 SINCE 1/1        526               545     -19      509
.................................................................

WIND (MPH)
AVERAGE WIND SPEED              7.6
HIGHEST WIND SPEED/DIRECTION    43/300    DATE  07/13
HIGHEST GUST SPEED/DIRECTION    52/300    DATE  07/13

SKY COVER
POSSIBLE SUNSHINE (PERCENT)   MM
AVERAGE SKY COVER           0.20
NUMBER OF DAYS FAIR           22
NUMBER OF DAYS PC              8
NUMBER OF DAYS CLOUDY          0

AVERAGE RH (PERCENT)     72

WEATHER CONDITIONS. NUMBER OF DAYS WITH
THUNDERSTORM             12     MIXED PRECIP               0
HEAVY RAIN                7     RAIN                       7
LIGHT RAIN               14     FREEZING RAIN              0
LT FREEZING RAIN          0     HAIL                       0
HEAVY SNOW                0     SNOW                       0
LIGHT SNOW                0     SLEET                      0
FOG                      15     FOG W/VIS <= 1/4 MILE      0
HAZE                      0

-  INDICATES NEGATIVE NUMBERS.
R  INDICATES RECORD WAS SET OR TIED.
MM INDICATES DATA IS MISSING.
T  INDICATES TRACE AMOUNT.

$$
