000
CXUS53 KFSD 022316
CLMSUX

CLIMATE REPORT
NATIONAL WEATHER SERVICE SIOUX FALLS SD
516 PM CST MON DEC 2 2013

...................................

...THE SIOUX CITY IA CLIMATE SUMMARY FOR THE MONTH OF NOVEMBER 2013...

CLIMATE NORMAL PERIOD 1981 TO 2010
CLIMATE RECORD PERIOD 1889 TO 2013

WEATHER         OBSERVED          NORMAL  DEPART  LAST YEAR`S
                 VALUE   DATE(S)  VALUE   FROM    VALUE  DATE(S)
                                          NORMAL
................................................................
TEMPERATURE (F)
RECORD
 HIGH              82   11/08/2006
 LOW               -9   11/07/1991
                        11/14/1959
                        11/21/1937
HIGHEST            62   11/19        MM      MM       72  11/21
                        11/16
LOWEST              4   11/27        MM      MM        8  11/27
AVG. MAXIMUM     47.5              46.4     1.1     51.0
AVG. MINIMUM     22.0              25.2    -3.2     25.8
MEAN             34.8              35.8    -1.0     38.4
DAYS MAX >= 90      0               0.0     0.0        0
DAYS MAX <= 32      3               4.4    -1.4        0
DAYS MIN <= 32     27              23.2     3.8       20
DAYS MIN <= 0       0               0.4    -0.4        0

PRECIPITATION (INCHES)
RECORD
 MAXIMUM         4.41   1922
 MINIMUM         0.01   1967
TOTALS           1.09              1.31   -0.22     1.07
DAILY AVG.       0.04              0.04    0.00     0.04
DAYS >= .01         4               6.7    -2.7        2
DAYS >= .10         2               2.9    -0.9        2
DAYS >= .50         1               0.8     0.2        1
DAYS >= 1.00        0               0.2    -0.2        0
GREATEST
 24 HR. TOTAL    0.92   11/05 TO 11/05

SNOWFALL (INCHES)
RECORDS
 TOTAL           16.5   1983
TOTALS            0.9               4.4    -3.5        T
SINCE 7/1         0.9               5.4    -4.5      0.1
SNOWDEPTH AVG.      0                MM      MM        0
DAYS >= 1.0         0               1.4    -1.4        0
GREATEST
 SNOW DEPTH         T   11/12                          0  MM
                        11/22
 24 HR TOTAL      0.5   11/05 TO 11/05

DEGREE_DAYS
HEATING TOTAL     899               876      23      791
 SINCE 7/1       1424              1476     -52     1472
COOLING TOTAL       0                 0       0        0
 SINCE 1/1        960               869      91     1249
.................................................................

WIND (MPH)
AVERAGE WIND SPEED              10.6
HIGHEST WIND SPEED/DIRECTION    37/330    DATE  11/01
HIGHEST GUST SPEED/DIRECTION    47/330    DATE  11/01

SKY COVER
POSSIBLE SUNSHINE (PERCENT)   MM
AVERAGE SKY COVER           0.20
NUMBER OF DAYS FAIR           26
NUMBER OF DAYS PC              3
NUMBER OF DAYS CLOUDY          1

AVERAGE RH (PERCENT)     67

WEATHER CONDITIONS. NUMBER OF DAYS WITH
THUNDERSTORM              0     MIXED PRECIP               0
HEAVY RAIN                0     RAIN                       2
LIGHT RAIN                4     FREEZING RAIN              0
LT FREEZING RAIN          0     HAIL                       0
HEAVY SNOW                0     SNOW                       1
LIGHT SNOW                6     SLEET                      0
FOG                       6     FOG W/VIS <= 1/4 MILE      0
HAZE                      0

-  INDICATES NEGATIVE NUMBERS.
R  INDICATES RECORD WAS SET OR TIED.
MM INDICATES DATA IS MISSING.
T  INDICATES TRACE AMOUNT.

$$
