000
CXUS53 KFSD 020457 CCA
CLMSUX

CLIMATE REPORT...CORRECTED
NATIONAL WEATHER SERVICE SIOUX FALLS SD
1157 PM CDT WED JUL 1 2015

...................................

...THE SIOUX CITY IA CLIMATE SUMMARY FOR THE MONTH OF JUNE 2015...

CLIMATE NORMAL PERIOD 1981 TO 2010
CLIMATE RECORD PERIOD 1889 TO 2015

WEATHER         OBSERVED          NORMAL  DEPART  LAST YEAR`S
                 VALUE   DATE(S)  VALUE   FROM    VALUE  DATE(S)
                                          NORMAL
................................................................
TEMPERATURE (F)
RECORD
 HIGH             108   06/21/1988
 LOW               38   06/04/1945
HIGHEST            99   06/09        MM      MM       91  06/18
                                                          06/01
LOWEST             49   06/01        MM      MM       39  06/13
AVG. MAXIMUM     82.5              82.1     0.4     81.6
AVG. MINIMUM     60.9              58.6     2.3     59.6
MEAN             71.7              70.3     1.4     70.6
DAYS MAX >= 90      3               4.9    -1.9        2
DAYS MAX <= 32      0               0.0     0.0        0
DAYS MIN <= 32      0               0.0     0.0        0
DAYS MIN <= 0       0               0.0     0.0        0

PRECIPITATION (INCHES)
RECORD
 MAXIMUM        16.65   2014
 MINIMUM         0.53   1988
TOTALS           4.19              3.89    0.30    16.65
DAILY AVG.       0.14              0.13    0.01     0.56
DAYS >= .01        11              10.9     0.1       16
DAYS >= .10         7               6.8     0.2       13
DAYS >= .50         3               2.7     0.3       11
DAYS >= 1.00        1               1.2    -0.2        7
GREATEST
 24 HR. TOTAL    1.63   06/15 TO 06/15

DEGREE_DAYS
HEATING TOTAL       2                27     -25       20
 SINCE 7/1       6409              6861    -452     7246
COOLING TOTAL     209               188      21      195
 SINCE 1/1        238               252     -14      316
.................................................................

WIND (MPH)
AVERAGE WIND SPEED              7.9
HIGHEST WIND SPEED/DIRECTION    38/340    DATE  06/22
HIGHEST GUST SPEED/DIRECTION    50/340    DATE  06/22

SKY COVER
POSSIBLE SUNSHINE (PERCENT)   MM
AVERAGE SKY COVER           0.30
NUMBER OF DAYS FAIR           22
NUMBER OF DAYS PC              6
NUMBER OF DAYS CLOUDY          2

AVERAGE RH (PERCENT)     67

WEATHER CONDITIONS. NUMBER OF DAYS WITH
THUNDERSTORM              6     MIXED PRECIP               0
HEAVY RAIN                5     RAIN                       7
LIGHT RAIN               14     FREEZING RAIN              0
LT FREEZING RAIN          0     HAIL                       0
HEAVY SNOW                0     SNOW                       0
LIGHT SNOW                0     SLEET                      0
FOG                      15     FOG W/VIS <= 1/4 MILE      2
HAZE                      2

-  INDICATES NEGATIVE NUMBERS.
R  INDICATES RECORD WAS SET OR TIED.
MM INDICATES DATA IS MISSING.
T  INDICATES TRACE AMOUNT.

$$
