000
CXUS53 KFSD 030154
CLMSUX
CLIMATE REPORT
NATIONAL WEATHER SERVICE SIOUX FALLS SD
854 PM CDT WED AUG 02 2023
...................................
...THE SIOUX CITY IA CLIMATE SUMMARY FOR THE MONTH OF JULY 2023...
CLIMATE NORMAL PERIOD: 1991 TO 2020
CLIMATE RECORD PERIOD: 1889 TO 2023
WEATHER OBSERVED NORMAL DEPART LAST YEAR`S
VALUE DATE(S) VALUE FROM VALUE DATE(S)
NORMAL
................................................................
TEMPERATURE (F)
RECORD
HIGH 111 07/11/1939
07/17/1936
07/04/1936
LOW 41 07/09/1895
HIGHEST 99 07/26 MM MM 97 07/31
LOWEST 48 07/09 MM MM 52 07/29
AVG. MAXIMUM 85.5 85.0 0.5 89.2
AVG. MINIMUM 60.7 63.4 -2.7 63.9
MEAN 73.1 74.2 -1.1 76.6
DAYS MAX >= 90 8 8.4 -0.4 15
DAYS MAX <= 32 0 0.0 0.0 0
DAYS MIN <= 32 0 0.0 0.0 0
DAYS MIN <= 0 0 0.0 0.0 0
PRECIPITATION (INCHES)
RECORD
MAXIMUM 10.33 1972
MINIMUM 0.18 1936
TOTALS 2.94 3.35 -0.41 1.86
DAILY AVG. 0.09 0.11 -0.02 0.06
DAYS >= .01 9 9.0 0.0 10
DAYS >= .10 6 5.6 0.4 4
DAYS >= .50 3 2.1 0.9 1
DAYS >= 1.00 1 0.9 0.1 0
GREATEST
24 HR. TOTAL 1.16 07/04 TO 07/04
DEGREE DAYS
HEATING TOTAL 8 4 4 0
SINCE 7/1 8 0 8 MM
COOLING TOTAL 270 289 -19 366
SINCE 1/1 631 549 82 MM
................................................................
WIND (MPH)
AVERAGE WIND SPEED 6.7
HIGHEST WIND SPEED/DIRECTION 45/320 DATE 07/12
HIGHEST GUST SPEED/DIRECTION 59/320 DATE 07/12
SKY COVER
POSSIBLE SUNSHINE (PERCENT) MM
AVERAGE SKY COVER 0.18
NUMBER OF DAYS FAIR 25
NUMBER OF DAYS PC 6
NUMBER OF DAYS CLOUDY 0
AVERAGE RH (PERCENT) 74
WEATHER CONDITIONS. NUMBER OF DAYS WITH
THUNDERSTORM 10 MIXED PRECIP 0
HEAVY RAIN 3 RAIN 3
LIGHT RAIN 16 FREEZING RAIN 0
LT FREEZING RAIN 0 HAIL 0
HEAVY SNOW 0 SNOW 0
LIGHT SNOW 0 SLEET 0
FOG 20 FOG W/VIS <= 1/4 MILE 3
HAZE 3
- INDICATES NEGATIVE NUMBERS.
R INDICATES RECORD WAS SET OR TIED.
MM INDICATES DATA IS MISSING.
T INDICATES TRACE AMOUNT.
$$