940
CXUS53 KFSD 011817
CLMSUX

CLIMATE REPORT
NATIONAL WEATHER SERVICE SIOUX FALLS SD

113 PM CDT MON AUG 1 2016

...................................

...THE SIOUX CITY IA CLIMATE SUMMARY FOR THE MONTH OF JULY 2016...

CLIMATE NORMAL PERIOD 1981 TO 2010
CLIMATE RECORD PERIOD 1889 TO 2016

WEATHER         OBSERVED          NORMAL  DEPART  LAST YEAR`S
                 VALUE   DATE(S)  VALUE   FROM    VALUE  DATE(S)
                                          NORMAL
................................................................
TEMPERATURE (F)
RECORD
 HIGH             111   07/11/1939
                        07/17/1936
                        07/04/1936
 LOW               41   07/09/1895
HIGHEST            97   07/21        MM      MM       95  07/24
                        07/20
LOWEST             52   07/01        MM      MM       51  07/08
AVG. MAXIMUM     86.7              85.5     1.2     84.5
AVG. MINIMUM     65.3              63.2     2.1     63.3
MEAN             76.0              74.3     1.7     73.9
DAYS MAX >= 90      9               7.1     1.9        5
DAYS MAX <= 32      0               0.0     0.0        0
DAYS MIN <= 32      0               0.0     0.0        0
DAYS MIN <= 0       0               0.0     0.0        0

PRECIPITATION (INCHES)
RECORD
 MAXIMUM        10.33   1972
 MINIMUM         0.18   1936
TOTALS           2.19              3.44   -1.25     5.68
DAILY AVG.       0.07              0.11   -0.04     0.18
DAYS >= .01         7               9.5    -2.5       13
DAYS >= .10         3               5.9    -2.9       10
DAYS >= .50         2               2.2    -0.2        4
DAYS >= 1.00        1               0.8     0.2        2
GREATEST
 24 HR. TOTAL    1.21   07/06 TO 07/07

DEGREE_DAYS
HEATING TOTAL       0                 3      -3        3
 SINCE 7/1          0                 3      -3        3
COOLING TOTAL     349               293      56      288
 SINCE 1/1        734               545     189      526
.................................................................

WIND (MPH)
AVERAGE WIND SPEED              8.3
HIGHEST WIND SPEED/DIRECTION    31/330    DATE  07/17
HIGHEST GUST SPEED/DIRECTION    43/300    DATE  07/17

SKY COVER
POSSIBLE SUNSHINE (PERCENT)   MM
AVERAGE SKY COVER           0.20
NUMBER OF DAYS FAIR           26
NUMBER OF DAYS PC              2
NUMBER OF DAYS CLOUDY          3

AVERAGE RH (PERCENT)     71

WEATHER CONDITIONS. NUMBER OF DAYS WITH
THUNDERSTORM              6     MIXED PRECIP               0
HEAVY RAIN                2     RAIN                       4
LIGHT RAIN               10     FREEZING RAIN              0
LT FREEZING RAIN          0     HAIL                       0
HEAVY SNOW                0     SNOW                       0
LIGHT SNOW                0     SLEET                      0
FOG                      10     FOG W/VIS <= 1/4 MILE      2
HAZE                      3

-  INDICATES NEGATIVE NUMBERS.
R  INDICATES RECORD WAS SET OR TIED.
MM INDICATES DATA IS MISSING.
T  INDICATES TRACE AMOUNT.

$$
