000
CXUS53 KFSD 012228
CLMSUX

CLIMATE REPORT
NATIONAL WEATHER SERVICE SIOUX FALLS SD
425 PM CST MON DEC 1 2014

...................................

...THE SIOUX CITY IA CLIMATE SUMMARY FOR THE MONTH OF NOVEMBER 2014...

CLIMATE NORMAL PERIOD 1981 TO 2010
CLIMATE RECORD PERIOD 1889 TO 2014

WEATHER         OBSERVED          NORMAL  DEPART  LAST YEAR`S
                 VALUE   DATE(S)  VALUE   FROM    VALUE  DATE(S)
                                          NORMAL
................................................................
TEMPERATURE (F)
RECORD
 HIGH              82   11/08/2006
 LOW               -9   11/07/1991
                        11/14/1959
                        11/21/1937
HIGHEST            67   11/05        MM      MM       62  11/19
                                                          11/16
LOWEST                  11/16        MM      MM        4  11/27
AVG. MAXIMUM     41.8              46.4    -4.6     47.5
AVG. MINIMUM     20.1              25.2    -5.1     22.0
MEAN             31.0              35.8    -4.8     34.8
DAYS MAX >= 90      0               0.0     0.0        0
DAYS MAX <= 32     11               4.4     6.6        3
DAYS MIN <= 32     25              23.2     1.8       27
DAYS MIN <= 0       1               0.4     0.6        0

PRECIPITATION (INCHES)
RECORD
 MAXIMUM         4.41   1922
 MINIMUM         0.01   1967
TOTALS           0.41              1.31   -0.90     1.09
DAILY AVG.       0.01              0.04   -0.03     0.04
DAYS >= .01         5               6.7    -1.7        4
DAYS >= .10         2               2.9    -0.9        2
DAYS >= .50         0               0.8    -0.8        1
DAYS >= 1.00        0               0.2    -0.2        0
GREATEST
 24 HR. TOTAL    0.19   11/15 TO 11/15

SNOWFALL (INCHES)
RECORDS
 TOTAL           16.5   1983
TOTALS            4.5               4.4     0.1      0.9
SINCE 7/1         4.5               5.4    -0.9      0.9
SNOWDEPTH AVG.      1                MM      MM        0
DAYS >= 1.0         1               1.4    -0.4        0
GREATEST
 SNOW DEPTH         4R  11/17                          0  MM
                        11/16
 24 HR TOTAL      4.0   11/15 TO 11/15

DEGREE_DAYS
HEATING TOTAL    1015               876     139      899
 SINCE 7/1       1495              1476      19     1424
COOLING TOTAL       0                 0       0        0
 SINCE 1/1        862               869      -7      960
.................................................................

WIND (MPH)
AVERAGE WIND SPEED              13.0
HIGHEST WIND SPEED/DIRECTION    38/360    DATE  11/10
HIGHEST GUST SPEED/DIRECTION    45/320    DATE  11/19

SKY COVER
POSSIBLE SUNSHINE (PERCENT)   MM
AVERAGE SKY COVER           0.40
NUMBER OF DAYS FAIR           15
NUMBER OF DAYS PC             10
NUMBER OF DAYS CLOUDY          5

AVERAGE RH (PERCENT)     68

WEATHER CONDITIONS. NUMBER OF DAYS WITH
THUNDERSTORM              0     MIXED PRECIP               0
HEAVY RAIN                0     RAIN                       0
LIGHT RAIN                6     FREEZING RAIN              0
LT FREEZING RAIN          0     HAIL                       0
HEAVY SNOW                0     SNOW                       1
LIGHT SNOW               10     SLEET                      0
FOG                       8     FOG W/VIS <= 1/4 MILE      1
HAZE                      0

-  INDICATES NEGATIVE NUMBERS.
R  INDICATES RECORD WAS SET OR TIED.
MM INDICATES DATA IS MISSING.
T  INDICATES TRACE AMOUNT.

$$
