000
CXUS53 KFSD 011508
CLMSUX

CLIMATE REPORT
NATIONAL WEATHER SERVICE SIOUX FALLS SD
1008 AM CDT THU MAY 1 2014

...................................

...THE SIOUX CITY IA CLIMATE SUMMARY FOR THE MONTH OF APRIL 2014...

CLIMATE NORMAL PERIOD 1981 TO 2010
CLIMATE RECORD PERIOD 1889 TO 2014

WEATHER         OBSERVED          NORMAL  DEPART  LAST YEAR`S
                 VALUE   DATE(S)  VALUE   FROM    VALUE  DATE(S)
                                          NORMAL
................................................................
TEMPERATURE (F)
RECORD
 HIGH              98   MM
 LOW               -2   MM
HIGHEST            85   04/20        MM      MM       MM  MM
LOWEST             16   04/15        MM      MM       MM  MM
AVG. MAXIMUM     62.9              62.3     0.6       MM
AVG. MINIMUM     36.2              36.8    -0.6       MM
MEAN             49.6              49.6     0.0       MM
DAYS MAX >= 90      0               0.5    -0.5       MM
DAYS MAX <= 32      0               0.1    -0.1       MM
DAYS MIN <= 32     12               9.7     2.3       MM
DAYS MIN <= 0       0               0.0     0.0       MM

PRECIPITATION (INCHES)
RECORD
 MAXIMUM         6.73   1984
 MINIMUM         0.22   1928
TOTALS           2.07              2.95   -0.88       MM
DAILY AVG.       0.07              0.10   -0.03       MM
DAYS >= .01        12               9.9     2.1       MM
DAYS >= .10         6               5.6     0.4       MM
DAYS >= .50         1               2.0    -1.0       MM
DAYS >= 1.00        0               0.8    -0.8       MM
GREATEST
 24 HR. TOTAL    0.63   04/03 TO 04/04

SNOWFALL (INCHES)
RECORDS
 TOTAL           11.5   1997
TOTALS            5.3               1.8     3.5       MM
SINCE 7/1        23.8              34.8   -11.0       MM
SNOWDEPTH AVG.      0                MM      MM       MM
DAYS >= 1.0         2               0.6     1.4       MM
GREATEST
 SNOW DEPTH         4   04/04                         MM  MM
 24 HR TOTAL      3.5   04/03 TO 04/04

DEGREE_DAYS
HEATING TOTAL     465               474      -9       MM
 SINCE 7/1       7049              6652     397       MM
COOLING TOTAL       9                11      -2       MM
 SINCE 1/1          9                11      -2       MM
.................................................................

WIND (MPH)
AVERAGE WIND SPEED              13.9
HIGHEST WIND SPEED/DIRECTION    38/160    DATE  04/23
HIGHEST GUST SPEED/DIRECTION    49/160    DATE  04/23

SKY COVER
POSSIBLE SUNSHINE (PERCENT)   MM
AVERAGE SKY COVER           0.40
NUMBER OF DAYS FAIR           15
NUMBER OF DAYS PC              9
NUMBER OF DAYS CLOUDY          6

AVERAGE RH (PERCENT)     61

WEATHER CONDITIONS. NUMBER OF DAYS WITH
THUNDERSTORM              0     MIXED PRECIP               0
HEAVY RAIN                1     RAIN                       4
LIGHT RAIN               15     FREEZING RAIN              0
LT FREEZING RAIN          0     HAIL                       0
HEAVY SNOW                0     SNOW                       1
LIGHT SNOW                6     SLEET                      0
FOG                      10     FOG W/VIS <= 1/4 MILE      1
HAZE                      3

-  INDICATES NEGATIVE NUMBERS.
R  INDICATES RECORD WAS SET OR TIED.
MM INDICATES DATA IS MISSING.
T  INDICATES TRACE AMOUNT.

$$
