000
CXUS53 KFSD 011304
CLMSUX

CLIMATE REPORT
NATIONAL WEATHER SERVICE SIOUX FALLS SD
702 AM CST SAT MAR 1 2014

...................................

...THE SIOUX CITY IA CLIMATE SUMMARY FOR THE MONTH OF FEBRUARY 2014...

CLIMATE NORMAL PERIOD 1981 TO 2010
CLIMATE RECORD PERIOD 1889 TO 2014

WEATHER         OBSERVED          NORMAL  DEPART  LAST YEAR`S
                 VALUE   DATE(S)  VALUE   FROM    VALUE  DATE(S)
                                          NORMAL
................................................................
TEMPERATURE (F)
RECORD
 HIGH              75   02/26/1896
 LOW              -31   02/11/1899
HIGHEST            62   02/18        MM      MM       52  02/13
LOWEST            -12   02/10        MM      MM       -7  02/01
                        02/07
AVG. MAXIMUM     30.6              34.9    -4.3     35.8
AVG. MINIMUM      6.8              15.2    -8.4     15.3
MEAN             18.7              25.1    -6.4     25.5
DAYS MAX >= 90      0               0.0     0.0        0
DAYS MAX <= 32     18              11.5     6.5       11
DAYS MIN <= 32     28              26.4     1.6       28
DAYS MIN <= 0       9               4.2     4.8        3

PRECIPITATION (INCHES)
RECORD
 MAXIMUM         3.12   1915
 MINIMUM         0.04   1931
TOTALS           0.58              0.67   -0.09     1.01
DAILY AVG.       0.02              0.02    0.00     0.04
DAYS >= .01         8               6.0     2.0        6
DAYS >= .10         2               2.1    -0.1        3
DAYS >= .50         0               0.2    -0.2        1
DAYS >= 1.00        0               0.1    -0.1        0
GREATEST
 24 HR. TOTAL    0.19   02/19 TO 02/20
                        02/20 TO 02/20
                        02/20 TO 02/21

SNOWFALL (INCHES)
RECORDS
 TOTAL           24.5   1993
TOTALS            8.5               6.6     1.9      9.4
SINCE 7/1        13.8              26.5   -12.7     20.8
SNOWDEPTH AVG.      1                 4      -3        2
DAYS >= 1.0         4               2.1     1.9        1
GREATEST
 SNOW DEPTH         2   02/27                          9  02/25
                        02/26                             02/24
                        02/25                             02/23
 24 HR TOTAL      2.2   MM

DEGREE_DAYS
HEATING TOTAL    1289              1118     171     1097
 SINCE 7/1       5604              5294     310     5149
COOLING TOTAL       0                 0       0        0
 SINCE 1/1          0                 0       0        0
.................................................................

WIND (MPH)
AVERAGE WIND SPEED              11.3
HIGHEST WIND SPEED/DIRECTION    39/330    DATE  02/15
HIGHEST GUST SPEED/DIRECTION    49/330    DATE  02/15

SKY COVER
POSSIBLE SUNSHINE (PERCENT)   MM
AVERAGE SKY COVER           0.40
NUMBER OF DAYS FAIR           13
NUMBER OF DAYS PC              9
NUMBER OF DAYS CLOUDY          6

AVERAGE RH (PERCENT)     67

WEATHER CONDITIONS. NUMBER OF DAYS WITH
THUNDERSTORM              0     MIXED PRECIP               0
HEAVY RAIN                0     RAIN                       0
LIGHT RAIN                2     FREEZING RAIN              0
LT FREEZING RAIN          1     HAIL                       0
HEAVY SNOW                0     SNOW                       1
LIGHT SNOW               12     SLEET                      0
FOG                       8     FOG W/VIS <= 1/4 MILE      0
HAZE                      3

-  INDICATES NEGATIVE NUMBERS.
R  INDICATES RECORD WAS SET OR TIED.
MM INDICATES DATA IS MISSING.
T  INDICATES TRACE AMOUNT.

$$
