000
CXUS53 KFSD 011419
CLMSUX

CLIMATE REPORT
NATIONAL WEATHER SERVICE SIOUX FALLS SD
918 AM CDT THU AUG 1 2013

...................................

...THE SIOUX CITY IA CLIMATE SUMMARY FOR THE MONTH OF JULY 2013...

CLIMATE NORMAL PERIOD 1981 TO 2010
CLIMATE RECORD PERIOD 1889 TO 2013

WEATHER         OBSERVED          NORMAL  DEPART  LAST YEAR`S
                 VALUE   DATE(S)  VALUE   FROM    VALUE  DATE(S)
                                          NORMAL
................................................................
TEMPERATURE (F)
RECORD
 HIGH             111   07/11/1939
                        07/17/1936
                        07/04/1936
 LOW               41   07/09/1895
HIGHEST            94   07/22        MM      MM      104  07/22
LOWEST             44   07/28        MM      MM       56  07/11
                                                          07/10
AVG. MAXIMUM     85.9              85.5     0.4     93.3
AVG. MINIMUM     61.0              63.2    -2.2     67.3
MEAN             73.5              74.3    -0.8     80.3
DAYS MAX >= 90     10               7.1     2.9       24
DAYS MAX <= 32      0               0.0     0.0        0
DAYS MIN <= 32      0               0.0     0.0        0
DAYS MIN <= 0       0               0.0     0.0        0

PRECIPITATION (INCHES)
RECORD
 MAXIMUM        10.33   1972
 MINIMUM         0.18   1936
TOTALS           0.60              3.44   -2.84     0.78
DAILY AVG.       0.02              0.11   -0.09     0.03
DAYS >= .01         4               9.5    -5.5        3
DAYS >= .10         2               5.9    -3.9        3
DAYS >= .50         0               2.2    -2.2        0
DAYS >= 1.00        0               0.8    -0.8        0
GREATEST
 24 HR. TOTAL    0.40   07/25 TO 07/25
                        07/24 TO 07/25
                        07/25 TO 07/25

DEGREE_DAYS
HEATING TOTAL      15                 3      12        0
 SINCE 7/1         15                 3      12        0
COOLING TOTAL     286               293      -7      482
 SINCE 1/1        537               545      -8      912
.................................................................

WIND (MPH)
AVERAGE WIND SPEED              7.4
HIGHEST WIND SPEED/DIRECTION    37/330    DATE  07/07
HIGHEST GUST SPEED/DIRECTION    44/340    DATE  07/07

SKY COVER
POSSIBLE SUNSHINE (PERCENT)   MM
AVERAGE SKY COVER           0.10
NUMBER OF DAYS FAIR           29
NUMBER OF DAYS PC              0
NUMBER OF DAYS CLOUDY          2

AVERAGE RH (PERCENT)     67

WEATHER CONDITIONS. NUMBER OF DAYS WITH
THUNDERSTORM              0     MIXED PRECIP               0
HEAVY RAIN                1     RAIN                       2
LIGHT RAIN               10     FREEZING RAIN              0
LT FREEZING RAIN          0     HAIL                       0
HEAVY SNOW                0     SNOW                       0
LIGHT SNOW                0     SLEET                      0
FOG                       9     FOG W/VIS <= 1/4 MILE      1
HAZE                      0

-  INDICATES NEGATIVE NUMBERS.
R  INDICATES RECORD WAS SET OR TIED.
MM INDICATES DATA IS MISSING.
T  INDICATES TRACE AMOUNT.

$$
