000
CXUS53 KFSD 012344
CLMSUX

CLIMATE REPORT
NATIONAL WEATHER SERVICE SIOUX FALLS SD
644 PM CDT TUE JUL 1 2014

...................................

...THE SIOUX CITY IA CLIMATE SUMMARY FOR THE MONTH OF JUNE 2014...

CLIMATE NORMAL PERIOD 1981 TO 2010
CLIMATE RECORD PERIOD 1889 TO 2014

WEATHER         OBSERVED          NORMAL  DEPART  LAST YEAR`S
                 VALUE   DATE(S)  VALUE   FROM    VALUE  DATE(S)
                                          NORMAL
................................................................
TEMPERATURE (F)
RECORD
 HIGH             108   06/21/1988
 LOW               38   06/04/1945
HIGHEST            91   06/18        MM      MM       94  06/21
                        06/01
LOWEST             39   06/13        MM      MM       45  06/07
                                                          06/03
AVG. MAXIMUM     81.6              82.1    -0.5     79.9
AVG. MINIMUM     59.6              58.6     1.0     59.7
MEAN             70.6              70.3     0.3     69.8
DAYS MAX >= 90      2               4.9    -2.9        3
DAYS MAX <= 32      0               0.0     0.0        0
DAYS MIN <= 32      0               0.0     0.0        0
DAYS MIN <= 0       0               0.0     0.0        0

PRECIPITATION (INCHES)
RECORD
 MAXIMUM        16.65   2014
 MINIMUM         0.53   1988
TOTALS          16.65              3.89   12.76     3.13
DAILY AVG.       0.56              0.13    0.43     0.10
DAYS >= .01        16              10.9     5.1       12
DAYS >= .10        13               6.8     6.2        8
DAYS >= .50        11               2.7     8.3        3
DAYS >= 1.00        7               1.2     5.8        0
GREATEST
 24 HR. TOTAL    5.05   06/14 TO 06/14

DEGREE_DAYS
HEATING TOTAL      20                27      -7       40
 SINCE 7/1       7246              6861     385     7092
COOLING TOTAL     195               188       7      195
 SINCE 1/1        316               252      64      251
.................................................................

WIND (MPH)
AVERAGE WIND SPEED              9.3
HIGHEST WIND SPEED/DIRECTION    52/240    DATE  06/01
HIGHEST GUST SPEED/DIRECTION    65/250    DATE  06/01

SKY COVER
POSSIBLE SUNSHINE (PERCENT)   MM
AVERAGE SKY COVER           0.30
NUMBER OF DAYS FAIR           18
NUMBER OF DAYS PC             10
NUMBER OF DAYS CLOUDY          2

AVERAGE RH (PERCENT)     72

WEATHER CONDITIONS. NUMBER OF DAYS WITH
THUNDERSTORM              0     MIXED PRECIP               0
HEAVY RAIN               11     RAIN                      10
LIGHT RAIN               17     FREEZING RAIN              0
LT FREEZING RAIN          0     HAIL                       0
HEAVY SNOW                0     SNOW                       0
LIGHT SNOW                0     SLEET                      0
FOG                      19     FOG W/VIS <= 1/4 MILE      1
HAZE                      0

-  INDICATES NEGATIVE NUMBERS.
R  INDICATES RECORD WAS SET OR TIED.
MM INDICATES DATA IS MISSING.
T  INDICATES TRACE AMOUNT.

$$
