000
CXUS53 KFSD 012019
CLMSUX

CLIMATE REPORT
NATIONAL WEATHER SERVICE SIOUX FALLS SD
219 PM CST TUE DEC 1 2015

...................................

...THE SIOUX CITY IA CLIMATE SUMMARY FOR THE MONTH OF NOVEMBER 2015...

CLIMATE NORMAL PERIOD 1981 TO 2010
CLIMATE RECORD PERIOD 1889 TO 2015

WEATHER         OBSERVED          NORMAL  DEPART  LAST YEAR`S
                 VALUE   DATE(S)  VALUE   FROM    VALUE  DATE(S)
                                          NORMAL
................................................................
TEMPERATURE (F)
RECORD
 HIGH              82   11/08/2006
 LOW               -9   11/07/1991
                        11/14/1959
                        11/21/1937
HIGHEST            74   11/04        MM      MM       67  11/05
                        11/02
LOWEST             10   11/21        MM      MM       -1  11/16
AVG. MAXIMUM     51.9              46.4     5.5     41.8
AVG. MINIMUM     30.8              25.2     5.6     20.1
MEAN             41.4              35.8     5.6     31.0
DAYS MAX >= 90      0               0.0     0.0        0
DAYS MAX <= 32      3               4.4    -1.4       11
DAYS MIN <= 32     17              23.2    -6.2       25
DAYS MIN <= 0       0               0.4    -0.4        1

PRECIPITATION (INCHES)
RECORD
 MAXIMUM         4.41   1922
 MINIMUM         0.01   1967
TOTALS           4.55R             1.31    3.24     0.41
DAILY AVG.       0.15              0.04    0.11     0.01
DAYS >= .01         7               6.7     0.3        5
DAYS >= .10         7               2.9     4.1        2
DAYS >= .50         3               0.8     2.2        0
DAYS >= 1.00        1               0.2     0.8        0
GREATEST
 24 HR. TOTAL    1.65   11/11 TO 11/11
                        11/10 TO 11/11
                        11/11 TO 11/11

SNOWFALL (INCHES)
RECORDS
 TOTAL           16.5   1983
TOTALS           12.5               4.4     8.1      4.5
SINCE 7/1        12.5               5.4     7.1      4.5
SNOWDEPTH AVG.      1                MM      MM        1
DAYS >= 1.0         2               1.4     0.6        1
GREATEST
 SNOW DEPTH         6R  11/22                          4  11/17
                        11/21                             11/16
 24 HR TOTAL      6.6R  MM

DEGREE_DAYS
HEATING TOTAL     702               876    -174     1015
 SINCE 7/1       1106              1476    -370     1495
COOLING TOTAL       0                 0       0        0
 SINCE 1/1        889               869      20      862
.................................................................

WIND (MPH)
AVERAGE WIND SPEED              10.6
HIGHEST WIND SPEED/DIRECTION    44/320    DATE  11/11
HIGHEST GUST SPEED/DIRECTION    54/330    DATE  11/11

SKY COVER
POSSIBLE SUNSHINE (PERCENT)   MM
AVERAGE SKY COVER           0.40
NUMBER OF DAYS FAIR           17
NUMBER OF DAYS PC              4
NUMBER OF DAYS CLOUDY          9

AVERAGE RH (PERCENT)     71

WEATHER CONDITIONS. NUMBER OF DAYS WITH
THUNDERSTORM              3     MIXED PRECIP               0
HEAVY RAIN                2     RAIN                       4
LIGHT RAIN                6     FREEZING RAIN              1
LT FREEZING RAIN          1     HAIL                       0
HEAVY SNOW                3     SNOW                       5
LIGHT SNOW                5     SLEET                      0
FOG                       8     FOG W/VIS <= 1/4 MILE      2
HAZE                      0

-  INDICATES NEGATIVE NUMBERS.
R  INDICATES RECORD WAS SET OR TIED.
MM INDICATES DATA IS MISSING.
T  INDICATES TRACE AMOUNT.

$$
