000
CXUS53 KFSD 011603
CLMSUX

CLIMATE REPORT
NATIONAL WEATHER SERVICE SIOUX FALLS SD
1103 AM CDT SAT JUL 1 2017

...................................

...THE SIOUX CITY IA CLIMATE SUMMARY FOR THE MONTH OF JUNE 2017...

CLIMATE NORMAL PERIOD 1981 TO 2010
CLIMATE RECORD PERIOD 1889 TO 2017

WEATHER         OBSERVED          NORMAL  DEPART  LAST YEAR`S
                 VALUE   DATE(S)  VALUE   FROM    VALUE  DATE(S)
                                          NORMAL
................................................................
TEMPERATURE (F)
RECORD
 HIGH             108   06/21/1988
 LOW               38   06/04/1945
HIGHEST            96   06/21        MM      MM       95  06/17
                                                          06/12
                                                          06/11
LOWEST             44   06/24        MM      MM       50  06/07
                        06/01                             06/02
AVG. MAXIMUM     87.1              82.1     5.0     88.2
AVG. MINIMUM     58.7              58.6     0.1     63.5
MEAN             72.9              70.3     2.6     75.8
DAYS MAX >= 90     13               4.9     8.1       14
DAYS MAX <= 32      0               0.0     0.0        0
DAYS MIN <= 32      0               0.0     0.0        0
DAYS MIN <= 0       0               0.0     0.0        0

PRECIPITATION (INCHES)
RECORD
 MAXIMUM        16.65   2014
 MINIMUM         0.53   1988
TOTALS           1.72              3.89   -2.17     1.38
DAILY AVG.       0.06              0.13   -0.07     0.05
DAYS >= .01         7              10.9    -3.9        8
DAYS >= .10         6               6.8    -0.8        3
DAYS >= .50         1               2.7    -1.7        1
DAYS >= 1.00        0               1.2    -1.2        0
GREATEST
 24 HR. TOTAL    0.59   06/29

DEGREE_DAYS
HEATING TOTAL      10                27     -17        0
 SINCE 7/1       5648              6861   -1213     5655
COOLING TOTAL     255               188      67      333
 SINCE 1/1        293               252      41      385
.................................................................

WIND (MPH)
AVERAGE WIND SPEED              9.8
HIGHEST WIND SPEED/DIRECTION    55/220    DATE  06/13
HIGHEST GUST SPEED/DIRECTION    65/230    DATE  06/13

SKY COVER
POSSIBLE SUNSHINE (PERCENT)   MM
AVERAGE SKY COVER           0.20
NUMBER OF DAYS FAIR           26
NUMBER OF DAYS PC              3
NUMBER OF DAYS CLOUDY          0

AVERAGE RH (PERCENT)     62

WEATHER CONDITIONS. NUMBER OF DAYS WITH
THUNDERSTORM              7     MIXED PRECIP               0
HEAVY RAIN                4     RAIN                       5
LIGHT RAIN                8     FREEZING RAIN              0
LT FREEZING RAIN          0     HAIL                       0
HEAVY SNOW                0     SNOW                       0
LIGHT SNOW                0     SLEET                      0
FOG                       6     FOG W/VIS <= 1/4 MILE      0
HAZE                      0

-  INDICATES NEGATIVE NUMBERS.
R  INDICATES RECORD WAS SET OR TIED.
MM INDICATES DATA IS MISSING.
T  INDICATES TRACE AMOUNT.

$$
