000
CXUS53 KFSD 011745
CLMSUX
CLIMATE REPORT
NATIONAL WEATHER SERVICE SIOUX FALLS SD
1138 AM CST FRI DEC 01 2023
...................................
...THE SIOUX CITY IA CLIMATE SUMMARY FOR THE MONTH OF NOVEMBER 2023...
CLIMATE NORMAL PERIOD: 1991 TO 2020
CLIMATE RECORD PERIOD: 1889 TO 2023
WEATHER OBSERVED NORMAL DEPART LAST YEAR`S
VALUE DATE(S) VALUE FROM VALUE DATE(S)
NORMAL
................................................................
TEMPERATURE (F)
RECORD
HIGH 82 11/08/2006
LOW -9 11/07/1991
11/14/1959
11/21/1937
HIGHEST 70 11/14 MM MM 78 11/02
LOWEST 8 11/28 MM MM 5 11/30
AVG. MAXIMUM 54.0 46.8 7.2 47.8
AVG. MINIMUM 25.9 25.0 0.9 21.3
MEAN 40.0 35.9 4.0 34.5
DAYS MAX >= 90 0 0.0 0.0 0
DAYS MAX <= 32 3 4.1 -1.1 8
DAYS MIN <= 32 22 23.4 -1.4 25
DAYS MIN <= 0 0 0.3 -0.3 0
PRECIPITATION (INCHES)
RECORD
MAXIMUM 4.55 2015
MINIMUM 0.01 1967
TOTALS 0.20 1.27 -1.07 0.73
DAILY AVG. 0.01 0.04 -0.03 0.02
DAYS >= .01 4 5.9 -1.9 7
DAYS >= .10 1 2.6 -1.6 2
DAYS >= .50 0 0.8 -0.8 0
DAYS >= 1.00 0 0.2 -0.2 0
GREATEST
24 HR. TOTAL 0.15 11/25 TO 11/25
SNOWFALL (INCHES)
RECORDS
TOTAL 16.5 1983
TOTALS 1.8 3.2 -1.4 2.9
SINCE 7/1 5.8 4.0 1.8 MM
SNOWDEPTH AVG. 0 0
DAYS >= 1.0 1 1.0 0.0 1
GREATEST
SNOW DEPTH 2 11/25 2 11/30
11/26
24 HR TOTAL 1.8 11/25 TO 11/25
DEGREE DAYS
HEATING TOTAL 744 873 -129 908
SINCE 7/1 1219 1472 -253 MM
COOLING TOTAL 0 0 0 0
SINCE 1/1 1133 865 268 MM
WIND (MPH)
AVERAGE WIND SPEED 9.2
HIGHEST WIND SPEED/DIRECTION 38/330 DATE 11/26
HIGHEST GUST SPEED/DIRECTION 49/320 DATE 11/26
SKY COVER
POSSIBLE SUNSHINE (PERCENT) MM
AVERAGE SKY COVER 0.22
NUMBER OF DAYS FAIR 23
NUMBER OF DAYS PC 4
NUMBER OF DAYS CLOUDY 3
AVERAGE RH (PERCENT) 67
WEATHER CONDITIONS. NUMBER OF DAYS WITH
THUNDERSTORM 0 MIXED PRECIP 0
HEAVY RAIN 0 RAIN 0
LIGHT RAIN 4 FREEZING RAIN 0
LT FREEZING RAIN 0 HAIL 0
HEAVY SNOW 0 SNOW 0
LIGHT SNOW 2 SLEET 0
FOG 11 FOG W/VIS <= 1/4 MILE 0
HAZE 0
- INDICATES NEGATIVE NUMBERS.
R INDICATES RECORD WAS SET OR TIED.
MM INDICATES DATA IS MISSING.
T INDICATES TRACE AMOUNT.
$$