000
CXUS53 KFSD 011726
CLMSUX

CLIMATE REPORT
NATIONAL WEATHER SERVICE SIOUX FALLS SD
1226 PM CDT FRI AUG 1 2014

...................................

...THE SIOUX CITY IA CLIMATE SUMMARY FOR THE MONTH OF JULY 2014...

CLIMATE NORMAL PERIOD 1981 TO 2010
CLIMATE RECORD PERIOD 1889 TO 2014

WEATHER         OBSERVED          NORMAL  DEPART  LAST YEAR`S
                 VALUE   DATE(S)  VALUE   FROM    VALUE  DATE(S)
                                          NORMAL
................................................................
TEMPERATURE (F)
RECORD
 HIGH             111   07/11/1939
                        07/17/1936
                        07/04/1936
 LOW               41   07/09/1895
HIGHEST            93   07/21        MM      MM       94  07/22
LOWEST             49   07/16        MM      MM       44  07/28
                        07/03
AVG. MAXIMUM     81.7              85.5    -3.8     85.9
AVG. MINIMUM     59.7              63.2    -3.5     61.0
MEAN             70.7              74.3    -3.6     73.5
DAYS MAX >= 90      2               7.1    -5.1       10
DAYS MAX <= 32      0               0.0     0.0        0
DAYS MIN <= 32      0               0.0     0.0        0
DAYS MIN <= 0       0               0.0     0.0        0

PRECIPITATION (INCHES)
RECORD
 MAXIMUM        10.33   1972
 MINIMUM         0.18   1936
TOTALS           3.61              3.44    0.17     0.60
DAILY AVG.       0.12              0.11    0.01     0.02
DAYS >= .01         7               9.5    -2.5        4
DAYS >= .10         3               5.9    -2.9        2
DAYS >= .50         2               2.2    -0.2        0
DAYS >= 1.00        2               0.8     1.2        0
GREATEST
 24 HR. TOTAL    3.07   07/11 TO 07/12

DEGREE_DAYS
HEATING TOTAL       6                 3       3       15
 SINCE 7/1          6                 3       3       15
COOLING TOTAL     193               293    -100      286
 SINCE 1/1        509               545     -36      537
.................................................................

WIND (MPH)
AVERAGE WIND SPEED              7.8
HIGHEST WIND SPEED/DIRECTION    33/MM     DATE   MM
HIGHEST GUST SPEED/DIRECTION    47/MM     DATE   MM

SKY COVER
POSSIBLE SUNSHINE (PERCENT)   MM
AVERAGE SKY COVER           0.20
NUMBER OF DAYS FAIR           26
NUMBER OF DAYS PC              5
NUMBER OF DAYS CLOUDY          0

AVERAGE RH (PERCENT)     73

WEATHER CONDITIONS. NUMBER OF DAYS WITH
THUNDERSTORM              0     MIXED PRECIP               0
HEAVY RAIN                3     RAIN                       3
LIGHT RAIN               10     FREEZING RAIN              0
LT FREEZING RAIN          0     HAIL                       0
HEAVY SNOW                0     SNOW                       0
LIGHT SNOW                0     SLEET                      0
FOG                      15     FOG W/VIS <= 1/4 MILE      2
HAZE                      0

-  INDICATES NEGATIVE NUMBERS.
R  INDICATES RECORD WAS SET OR TIED.
MM INDICATES DATA IS MISSING.
T  INDICATES TRACE AMOUNT.

$$
