000
CXUS54 KOUN 010810
CF6SWO
PRELIMINARY LOCAL CLIMATOLOGICAL DATA (WS FORM: F-6)
STATION: STILLWATER
MONTH: APRIL
YEAR: 2022
LATITUDE: 36 10 N
LONGITUDE: 97 5 W
TEMPERATURE IN F: :PCPN: SNOW: WIND :SUNSHINE: SKY :PK WND
================================================================================
1 2 3 4 5 6A 6B 7 8 9 10 11 12 13 14 15 16 17 18
12Z AVG MX 2MIN
DY MAX MIN AVG DEP HDD CDD WTR SNW DPTH SPD SPD DIR MIN PSBL S-S WX SPD DR
================================================================================
1 71 33 52 -5 13 0 0.01 M M 11.0 22 160 M M 3 28 160
2 74 42 58 0 7 0 0.03 M M 5.9 16 50 M M 3 12 23 360
3 84 50 67 9 0 2 T M M 14.1 29 170 M M 2 36 170
4 69 56 63 5 2 0 0.09 0.0 0 10.0 21 80 M M 10 13 25 360
5 80 51 66 8 0 1 0.00 M M 13.6 39 20 M M 6 12 51 40
6 69 44 57 -1 8 0 0.00 M M 13.5 32 20 M M 4 8 44 20
7 63 40 52 -7 13 0 0.00 M M 13.9 32 310 M M 4 45 330
8 62 30 46 -13 19 0 0.00 M M 12.2 25 310 M M 0 40 320
9 86 29 58 -1 7 0 0.00 M M 13.5 28 180 M M 0 34 180
10 85 65 75 15 0 10 0.00 0.0 M 14.4 28 200 M M 1 3 36 200
11 74 55 65 5 0 0 0.05 0.0 M 12.2 24 70 M M 5 3 36 360
12 89 57 73 13 0 8 0.00 0.0 M 22.1 38 190 M M 2 46 170
13 74 35 55 -5 10 0 0.00 0.0 M 14.6 31 350 M M 4 40 350
14 72 30 51 -10 14 0 0.00 M M 8.3 21 160 M M 0 27 190
15 88 57 73 12 0 8 0.00 M M 16.8 30 190 M M 1 8 41 180
16 62 49 56 -5 9 0 T M M 17.2 31 40 M M 10 39 30
17 65 42 54 -7 11 0 0.00 M M 8.9 17 10 M M 7 23 330
18 67 36 52 -10 13 0 0.00 M M 10.3 20 40 M M 1 24 30
19 75 36 56 -6 9 0 T M M 17.0 31 170 M M 3 38 170
20 94 59 77 15 0 12 0.00 M M 16.5 30 170 M M 6 1 36 160
21 87 62 75 13 0 10 0.00 M M 17.3 32 160 M M 6 39 150
22 83 72 78 15 0 13 0.00 M M 23.7 35 180 M M 7 44 190
23 83 67 75 12 0 10 0.84 M M 22.7 39 190 M M 6 13 55 190
24 70 48 59 -4 6 0 0.01 M M 9.8 25 20 M M 7 1 31 10
25 69 45 57 -6 8 0 0.00 M M 12.7 23 10 M M 0 29 20
26 74 38 56 -8 9 0 0.00 M M 7.6 16 150 M M 0 19 130
27 80 48 64 0 1 0 0.00 M M 13.9 25 180 M M 3 34 160
28 81 61 71 7 0 6 0.09 0.0 0 15.5 39 180 M M 7 3 47 180
29 87 64 76 12 0 11 0.16 0.0 0 21.2 36 170 M M 4 138 45 160
30 78 50 64 -1 1 0 0.00 0.0 0 7.9 21 310 M M 1 3 30 310
================================================================================
SM 2295 1451 160 91 1.28 0.0 418.3 M 113
================================================================================
AV 76.5 48.4 13.9 FASTST M M 4 MAX(MPH)
MISC ----> # 39 20 55 190
================================================================================
NOTES:
# LAST OF SEVERAL OCCURRENCES
COLUMN 17 PEAK WIND IN M.P.H.
PRELIMINARY LOCAL CLIMATOLOGICAL DATA (WS FORM: F-6) , PAGE 2
STATION: STILLWATER
MONTH: APRIL
YEAR: 2022
LATITUDE: 36 10 N
LONGITUDE: 97 5 W
[TEMPERATURE DATA] [PRECIPITATION DATA] SYMBOLS USED IN COLUMN 16
AVERAGE MONTHLY: 62.4 TOTAL FOR MONTH: 1.28 1 = FOG OR MIST
DPTR FM NORMAL: 1.5 DPTR FM NORMAL: -2.44 2 = FOG REDUCING VISIBILITY
HIGHEST: 94 ON 20 GRTST 24HR 0.85 ON 23-24 TO 1/4 MILE OR LESS
LOWEST: 29 ON 9 3 = THUNDER
SNOW, ICE PELLETS, HAIL 4 = ICE PELLETS
TOTAL MONTH: 0.0 INCH 5 = HAIL
GRTST 24HR 0.0 6 = FREEZING RAIN OR DRIZZLE
GRTST DEPTH: 0 7 = DUSTSTORM OR SANDSTORM:
VSBY 1/2 MILE OR LESS
8 = SMOKE OR HAZE
[NO. OF DAYS WITH] [WEATHER - DAYS WITH] 9 = BLOWING SNOW
X = TORNADO
MAX 32 OR BELOW: 0 0.01 INCH OR MORE: 8
MAX 90 OR ABOVE: 1 0.10 INCH OR MORE: 2
MIN 32 OR BELOW: 3 0.50 INCH OR MORE: 1
MIN 0 OR BELOW: 0 1.00 INCH OR MORE: 0
[HDD (BASE 65) ]
TOTAL THIS MO. 160 CLEAR (SCALE 0-3) 15
DPTR FM NORMAL -25 PTCLDY (SCALE 4-7) 13
TOTAL FM JUL 1 3032 CLOUDY (SCALE 8-10) 2
DPTR FM NORMAL -375
[CDD (BASE 65) ]
TOTAL THIS MO. 91
DPTR FM NORMAL 28 [PRESSURE DATA]
TOTAL FM JAN 1 101 HIGHEST SLP M ON M
DPTR FM NORMAL 18 LOWEST SLP 29.36 ON 5
[REMARKS]
#FINAL-04-22#