000
CXUS54 KEWX 011012
CF6T82
PRELIMINARY LOCAL CLIMATOLOGICAL DATA (WS FORM: F-6)
STATION: FREDERICKSBURG
MONTH: MAY
YEAR: 2023
LATITUDE: 30 15 N
LONGITUDE: 98 55 W
TEMPERATURE IN F: :PCPN: SNOW: WIND :SUNSHINE: SKY :PK WND
================================================================================
1 2 3 4 5 6A 6B 7 8 9 10 11 12 13 14 15 16 17 18
12Z AVG MX 2MIN
DY MAX MIN AVG DEP HDD CDD WTR SNW DPTH SPD SPD DIR MIN PSBL S-S WX SPD DR
================================================================================
1 85 54 70 M 0 5 0.00 M M 5.7 12 90 M M 1 18 100
2 78 61 70 M 0 5 0.00 M M 5.8 10 170 M M 5 20 140
3 84 58 71 M 0 6 0.00 M M 5.1 12 180 M M 2 1 17 180
4 82 66 74 M 0 9 0.00 M M 7.9 15 190 M M 6 20 200
5 95 69 82 M 0 17 0.00 M M 9.5 17 190 M M 4 1 24 200
6 88 69 79 M 0 14 0.00 M M 9.9 15 170 M M 6 18 20 180
7 81 72 77 M 0 12 0.00 M M 9.0 15 170 M M 5 1 22 170
8 92 62 77 M 0 12 0.21 M M 6.3 13 150 M M 3 13 31 0
9 73 61 67 M 0 2 0.16 M M 5.5 23 340 M M 5 35 340
10 83 60 72 M 0 7 0.00 M M 3.4 9 130 M M 8 1 M M
11 88 69 79 M 0 14 0.00 M M 8.8 13 170 M M 8 1 21 170
12 87 64 76 M 0 11 0.37 M M 10.5 16 250 M M 8 138 28 150
13 71 61 66 M 0 1 0.71 M M 3.5 10 320 M M 7 3 18 90
14 83 57 70 M 0 5 0.00 M M 1.5 5 80 M M 1 1 M M
15 83 64 74 M 0 9 0.38 M M 3.4 14 350 M M 4 3 20 160
16 78 64 71 M 0 6 0.22 M M 3.9 12 250 M M 3 18 250
17 84 60 72 M 0 7 0.00 M M 1.8 8 80 M M 2 M M
18 87 60 74 M 0 9 0.00 M M 4.1 12 180 M M 1 16 150
19 87 65 76 M 0 11 0.22 M M 7.0 13 330 M M 5 3 20 220
20 75 64 70 M 0 5 0.00 M M 6.5 14 360 M M 6 20 350
21 69 60 65 M 0 0 0.28 M M 0.8 5 40 M M 8 M M
22 83 58 71 M 0 6 0.00 M M 1.9 7 180 M M 4 12 M M
23 88 64 76 M 0 11 0.00 M M 5.1 10 200 M M 4 18 20
24 80 62 71 M 0 6 0.24 M M 5.5 17 40 M M 3 3 29 40
25 80 62 71 M 0 6 0.00 M M 3.3 13 130 M M 5 22 130
26 83 64 74 M 0 9 0.00 M M 4.1 9 110 M M 4 16 110
27 82 64 73 M 0 8 0.00 M M 4.4 10 180 M M 5 16 180
28 80 66 73 M 0 8 0.00 M M 7.3 14 170 M M 3 22 170
29 81 61 71 M 0 6 0.68 M M 2.3 12 220 M M 5 3 20 220
30 85 57 71 M 0 6 0.00 M M 2.6 9 140 M M 3 1 M M
31 85 64 75 M 0 10 0.00 M M 5.3 9 150 M M 3 16 150
================================================================================
SM 2560 1942 0 243 3.47 M 161.7 M 137
================================================================================
AV 82.6 62.6 5.2 FASTST M M 4 MAX(MPH)
MISC ----> 23 340 35 340
================================================================================
NOTES:
# LAST OF SEVERAL OCCURRENCES
COLUMN 17 PEAK WIND IN M.P.H.
PRELIMINARY LOCAL CLIMATOLOGICAL DATA (WS FORM: F-6) , PAGE 2
STATION: FREDERICKSBURG
MONTH: MAY
YEAR: 2023
LATITUDE: 30 15 N
LONGITUDE: 98 55 W
[TEMPERATURE DATA] [PRECIPITATION DATA] SYMBOLS USED IN COLUMN 16
AVERAGE MONTHLY: 72.6 TOTAL FOR MONTH: 3.47 1 = FOG OR MIST
DPTR FM NORMAL: 0.0 DPTR FM NORMAL: M 2 = FOG REDUCING VISIBILITY
HIGHEST: 95 ON 5 GRTST 24HR 0.71 ON 13-13 TO 1/4 MILE OR LESS
LOWEST: 54 ON 1 3 = THUNDER
SNOW, ICE PELLETS, HAIL 4 = ICE PELLETS
TOTAL MONTH: M 5 = HAIL
GRTST 24HR M ON M 6 = FREEZING RAIN OR DRIZZLE
GRTST DEPTH: M ON M 7 = DUSTSTORM OR SANDSTORM:
VSBY 1/2 MILE OR LESS
8 = SMOKE OR HAZE
[NO. OF DAYS WITH] [WEATHER - DAYS WITH] 9 = BLOWING SNOW
X = TORNADO
MAX 32 OR BELOW: 0 0.01 INCH OR MORE: 10
MAX 90 OR ABOVE: 2 0.10 INCH OR MORE: 10
MIN 32 OR BELOW: 0 0.50 INCH OR MORE: 2
MIN 0 OR BELOW: 0 1.00 INCH OR MORE: 0
[HDD (BASE 65) ]
TOTAL THIS MO. 0 CLEAR (SCALE 0-3) 9
DPTR FM NORMAL M PTCLDY (SCALE 4-7) 21
TOTAL FM JUL 1 1813 CLOUDY (SCALE 8-10) 1
DPTR FM NORMAL M
[CDD (BASE 65) ]
TOTAL THIS MO. 243
DPTR FM NORMAL M [PRESSURE DATA]
TOTAL FM JAN 1 405 HIGHEST SLP M ON M
DPTR FM NORMAL M LOWEST SLP M ON M
[REMARKS]
#FINAL-05-23#