000
CXUS54 KEWX 011010
CF6T82
PRELIMINARY LOCAL CLIMATOLOGICAL DATA (WS FORM: F-6)
STATION: FREDERICKSBURG
MONTH: AUGUST
YEAR: 2022
LATITUDE: 30 15 N
LONGITUDE: 98 55 W
TEMPERATURE IN F: :PCPN: SNOW: WIND :SUNSHINE: SKY :PK WND
================================================================================
1 2 3 4 5 6A 6B 7 8 9 10 11 12 13 14 15 16 17 18
12Z AVG MX 2MIN
DY MAX MIN AVG DEP HDD CDD WTR SNW DPTH SPD SPD DIR MIN PSBL S-S WX SPD DR
================================================================================
1 95 72 84 M 0 19 0.00 M M 6.9 14 170 M M 1 18 160
2 98 74 86 M 0 21 0.00 M M 11.4 20 200 M M 0 25 190
3 99 74 87 M 0 22 0.00 M M 10.0 17 200 M M 2 27 170
4 100 74 87 M 0 22 0.00 M M 8.1 14 220 M M 2 20 180
5 98 73 86 M 0 21 0.00 M M 6.4 13 190 M M 1 23 230
6 95 75 85 M 0 20 0.00 M M 6.6 12 110 M M 2 18 140
7 96 72 84 M 0 19 0.00 M M 8.0 14 200 M M 3 21 200
8 97 73 85 M 0 20 0.00 M M 6.8 12 150 M M 2 8 17 150
9 97 72 85 M 0 20 0.00 M M 4.1 10 170 M M 2 17 130
10 100 74 87 M 0 22 0.00 M M 4.4 22 40 M M 1 30 0
11 93 74 84 M 0 19 0.00 0.0 M 3.5 14 240 M M 4 3 21 240
12 98 71 85 M 0 20 0.00 0.0 M 3.7 14 70 M M 3 18 70
13 98 71 85 M 0 20 0.00 M M 4.1 16 80 M M 2 21 80
14 91 70 81 M 0 16 0.00 M M 5.8 13 150 M M 3 18 110
15 87 73 80 M 0 15 0.00 M M 6.4 13 120 M M 5 20 120
16 94 68 81 M 0 16 0.00 M M 5.6 12 180 M M 4 21 150
17 97 73 85 M 0 20 0.00 0.0 M 4.2 9 170 M M 1 M M
18 96 72 84 M 0 19 0.09 M M 4.5 18 30 M M 2 24 30
19 92 72 82 M 0 17 0.39 M M 3.4 10 140 M M 4 8 18 20
20 94 71 83 M 0 18 0.00 M M 7.7 12 150 M M 3 20 190
21 92 73 83 M 0 18 0.00 M M 6.7 12 160 M M 5 17 160
22 91 71 81 M 0 16 1.35 M M 5.4 17 330 M M 8 3 26 20
23 85 72 79 M 0 14 0.10 M M 1.9 7 350 M M 9 18 0
24 90 74 82 M 0 17 0.04 M M 3.2 12 30 M M 8 M M
25 90 71 81 M 0 16 0.00 M M 2.7 8 90 M M 4 M M
26 94 69 82 M 0 17 0.00 M M 2.8 10 20 M M 2 M M
27 93 71 82 M 0 17 0.00 M M 4.6 13 170 M M 3 16 170
28 92 73 83 M 0 18 0.00 M M 7.3 14 200 M M 4 18 140
29 94 74 84 M 0 19 0.00 M M 5.3 9 140 M M 5 18 100
30 86 73 80 M 0 15 0.33 M M 4.8 12 340 M M 7 3 24 340
31 84 69 77 M 0 12 1.37 M M 2.5 8 50 M M 7 3 29 0
================================================================================
SM 2906 2238 0 565 3.67 0.0 168.9 M 109
================================================================================
AV 93.7 72.2 5.4 FASTST M M 4 MAX(MPH)
MISC ----> 22 40 30 0
================================================================================
NOTES:
# LAST OF SEVERAL OCCURRENCES
COLUMN 17 PEAK WIND IN M.P.H.
PRELIMINARY LOCAL CLIMATOLOGICAL DATA (WS FORM: F-6) , PAGE 2
STATION: FREDERICKSBURG
MONTH: AUGUST
YEAR: 2022
LATITUDE: 30 15 N
LONGITUDE: 98 55 W
[TEMPERATURE DATA] [PRECIPITATION DATA] SYMBOLS USED IN COLUMN 16
AVERAGE MONTHLY: 83.0 TOTAL FOR MONTH: 3.67 1 = FOG OR MIST
DPTR FM NORMAL: 0.0 DPTR FM NORMAL: M 2 = FOG REDUCING VISIBILITY
HIGHEST: 100 ON 10, 4 GRTST 24HR 1.37 ON 31-31 TO 1/4 MILE OR LESS
LOWEST: 68 ON 16 3 = THUNDER
SNOW, ICE PELLETS, HAIL 4 = ICE PELLETS
TOTAL MONTH: 0.0 INCH 5 = HAIL
GRTST 24HR 0.0 6 = FREEZING RAIN OR DRIZZLE
GRTST DEPTH: M ON M 7 = DUSTSTORM OR SANDSTORM:
VSBY 1/2 MILE OR LESS
8 = SMOKE OR HAZE
[NO. OF DAYS WITH] [WEATHER - DAYS WITH] 9 = BLOWING SNOW
X = TORNADO
MAX 32 OR BELOW: 0 0.01 INCH OR MORE: 7
MAX 90 OR ABOVE: 27 0.10 INCH OR MORE: 5
MIN 32 OR BELOW: 0 0.50 INCH OR MORE: 2
MIN 0 OR BELOW: 0 1.00 INCH OR MORE: 2
[HDD (BASE 65) ]
TOTAL THIS MO. 0 CLEAR (SCALE 0-3) 17
DPTR FM NORMAL M PTCLDY (SCALE 4-7) 12
TOTAL FM JUL 1 0 CLOUDY (SCALE 8-10) 2
DPTR FM NORMAL M
[CDD (BASE 65) ]
TOTAL THIS MO. 565
DPTR FM NORMAL M [PRESSURE DATA]
TOTAL FM JAN 1 2425 HIGHEST SLP M ON M
DPTR FM NORMAL M LOWEST SLP M ON M
[REMARKS]
#FINAL-08-22#