000
CXUS55 KPUB 011210
CF6TAD
PRELIMINARY LOCAL CLIMATOLOGICAL DATA (WS FORM: F-6)
STATION: TRINIDAD CO
MONTH: MARCH
YEAR: 2022
LATITUDE: 37 16 N
LONGITUDE: 104 20 W
TEMPERATURE IN F: :PCPN: SNOW: WIND :SUNSHINE: SKY :PK WND
================================================================================
1 2 3 4 5 6A 6B 7 8 9 10 11 12 13 14 15 16 17 18
12Z AVG MX 2MIN
DY MAX MIN AVG DEP HDD CDD WTR SNW DPTH SPD SPD DIR MIN PSBL S-S WX SPD DR
================================================================================
1 71 26 49 9 16 0 0.00 M M 10.1 18 250 M M 0 24 240
2 72 28 50 10 15 0 0.00 M M 8.3 17 260 M M 0 23 260
3 75 30 53 13 12 0 0.00 M M 12.5 26 200 M M 0 36 190
4 70 41 56 16 9 0 0.00 M M 12.7 32 200 M M 3 49 200
5 61 28 45 4 20 0 0.00 M M 15.7 31 250 M M 1 40 250
6 29 12 21 -20 44 0 0.05 M M 8.3 14 10 M M 10 128 19 20
7 34 6 20 -21 45 0 T M M 5.8 13 60 M M 7 18 15 60
8 40 12 26 -16 39 0 0.00 M M 5.4 22 20 M M 3 29 30
9 48 12 30 -12 35 0 T M M 9.2 23 40 M M 5 12 33 30
10 17 6 12 -30 53 0 0.15 M M 5.6 14 60 M M 10 128 18 50
11 28 0 14 -29 51 0 T M M 5.8 12 250 M M 2 1 13 250
12 58 11 35 -8 30 0 0.00 M M 9.1 15 260 M M 0 19 270
13 68 25 47 4 18 0 0.00 M M 10.9 26 270 M M 0 34 260
14 56 26 41 -3 24 0 T M M 12.9 26 350 M M 2 1 37 350
15 71 22 47 3 18 0 0.00 M M 9.9 20 290 M M 0 27 210
16 65 40 53 9 12 0 0.01 M M 10.9 23 30 M M 3 32 30
17 45 22 34 -10 31 0 0.23 M M 12.1 25 360 M M 9 12 36 360
18 49 19 34 -11 31 0 0.00 M M 9.0 18 250 M M 1 24 250
19 61 26 44 -1 21 0 0.00 M M 11.4 22 210 M M 0 29 200
20 69 37 53 8 12 0 0.00 M M 14.8 30 170 M M 0 43 200
21 52 28 40 -5 25 0 0.20 M M 13.4 30 10 M M 9 12 49 350
22 39 26 33 -13 32 0 T M M 15.9 25 350 M M 7 18 35 350
23 49 22 36 -10 29 0 0.00 M M 16.0 39 20 M M 2 55 360
24 68 26 47 1 18 0 0.00 M M 12.1 22 350 M M 0 31 350
25 62 36 49 3 16 0 0.00 M M 11.4 21 250 M M 0 38 40
26 80 42 61 15 4 0 0.00 M M 14.0 22 320 M M 0 33 330
27 74 37 56 9 9 0 0.00 M M 8.5 21 250 M M 0 26 240
28 78 43 61 14 4 0 0.00 M M 13.3 26 250 M M 0 33 250
29 66 33 50 3 15 0 0.13 M M 14.5 33 10 M M 3 1 45 10
30 41 27 34 -13 31 0 0.03 M M 7.2 20 360 M M 8 12 27 10
31 62 23 43 -4 22 0 0.00 M M 8.5 17 180 M M 0 28 200
================================================================================
SM 1758 772 741 0 0.80 M 335.2 M 85
================================================================================
AV 56.7 24.9 10.8 FASTST M M 3 MAX(MPH)
MISC ----> 39 20 55 360
================================================================================
NOTES:
# LAST OF SEVERAL OCCURRENCES
COLUMN 17 PEAK WIND IN M.P.H.
PRELIMINARY LOCAL CLIMATOLOGICAL DATA (WS FORM: F-6) , PAGE 2
STATION: TRINIDAD CO
MONTH: MARCH
YEAR: 2022
LATITUDE: 37 16 N
LONGITUDE: 104 20 W
[TEMPERATURE DATA] [PRECIPITATION DATA] SYMBOLS USED IN COLUMN 16
AVERAGE MONTHLY: 40.8 TOTAL FOR MONTH: 0.80 1 = FOG OR MIST
DPTR FM NORMAL: -3.0 DPTR FM NORMAL: -0.01 2 = FOG REDUCING VISIBILITY
HIGHEST: 80 ON 26 GRTST 24HR 0.24 ON 16-17 TO 1/4 MILE OR LESS
LOWEST: 0 ON 11 3 = THUNDER
SNOW, ICE PELLETS, HAIL 4 = ICE PELLETS
TOTAL MONTH: M 5 = HAIL
GRTST 24HR M ON M 6 = FREEZING RAIN OR DRIZZLE
GRTST DEPTH: M ON M 7 = DUSTSTORM OR SANDSTORM:
VSBY 1/2 MILE OR LESS
8 = SMOKE OR HAZE
[NO. OF DAYS WITH] [WEATHER - DAYS WITH] 9 = BLOWING SNOW
X = TORNADO
MAX 32 OR BELOW: 3 0.01 INCH OR MORE: 7
MAX 90 OR ABOVE: 0 0.10 INCH OR MORE: 4
MIN 32 OR BELOW: 23 0.50 INCH OR MORE: 0
MIN 0 OR BELOW: 1 1.00 INCH OR MORE: 0
[HDD (BASE 65) ]
TOTAL THIS MO. 741 CLEAR (SCALE 0-3) 21
DPTR FM NORMAL 85 PTCLDY (SCALE 4-7) 6
TOTAL FM JUL 1 4247 CLOUDY (SCALE 8-10) 4
DPTR FM NORMAL -360
[CDD (BASE 65) ]
TOTAL THIS MO. 0
DPTR FM NORMAL 0 [PRESSURE DATA]
TOTAL FM JAN 1 0 HIGHEST SLP 30.39 ON 11
DPTR FM NORMAL 0 LOWEST SLP 29.23 ON 29
[REMARKS]
#FINAL-03-22#