000
CXUS52 KTBW 040230
CF6TBW
PRELIMINARY LOCAL CLIMATOLOGICAL DATA (WS FORM: F-6)
STATION: RUSKIN WFO
MONTH: FEBRUARY
YEAR: 2024
LATITUDE: 27 42 N
LONGITUDE: 82 24 W
TEMPERATURE IN F: :PCPN: SNOW: WIND :SUNSHINE: SKY :PK WND
================================================================================
1 2 3 4 5 6A 6B 7 8 9 10 11 12 13 14 15 16 17 18
12Z AVG MX 2MIN
DY MAX MIN AVG DEP HDD CDD WTR SNW DPTH SPD SPD DIR MIN PSBL S-S WX SPD DR
================================================================================
1 70 46 58 -4 7 0 0.00 0.0 0 M M M M M M M M
2 70 49 60 -2 5 0 0.00 0.0 0 M M M M M M M M
3 76 45 61 -1 4 0 0.00 0.0 0 M M M M M M 12 M M
4 75 52 64 2 1 0 0.32 0.0 0 M M M M M M 1 M M
5 69 54 62 -1 3 0 0.24 0.0 0 M M M M M M 1 M M
6 69 53 61 -2 4 0 0.00 0.0 0 M M M M M M M M
7 74 48 61 -2 4 0 0.00 0.0 0 M M M M M M M M
8 77 50 64 1 1 0 0.00 0.0 0 M M M M M M M M
9 79 52 66 3 0 1 0.00 0.0 0 M M M M M M M M
10 82 57 70 7 0 5 0.00 0.0 0 M M M M M M M M
11 85 65 75 11 0 10 0.00 0.0 0 M M M M M M M M
12 83 66 75 11 0 10 0.33 0.0 0 M M M M M M 13 M M
13 69 55 62 -2 3 0 0.00 0.0 0 M M M M M M M M
14 75 48 62 -2 3 0 0.00 0.0 0 M M M M M M M M
15 79 54 67 3 0 2 0.00 0.0 0 M M M M M M M M
16 77 56 67 3 0 2 0.00 0.0 0 M M M M M M M M
17 72 59 66 2 0 1 0.77 0.0 0 M M M M M M 1 M M
18 59 55 57 -7 8 0 1.16 0.0 0 M M M M M M 1 M M
19 67 50 59 -6 6 0 0.09 0.0 0 M M M M M M M M
20 69 44 57 -8 8 0 0.00 0.0 0 M M M M M M M M
21 73 45 59 -6 6 0 0.00 0.0 0 M M M M M M M M
22 74 43 59 -6 6 0 0.00 0.0 0 M M M M M M M M
23 77 49 63 -2 2 0 0.07 0.0 0 M M M M M M M M
24 73 54 64 -1 1 0 0.00 0.0 0 M M M M M M M M
25 76 49 63 -2 2 0 0.00 0.0 0 M M M M M M M M
26 77 49 63 -3 2 0 0.00 0.0 0 M M M M M M M M
27 81 52 67 1 0 2 0.00 0.0 0 M M M M M M M M
28 83 59 71 5 0 6 0.00 0.0 0 M M M M M M M M
29 82 63 73 7 0 8 0.00 0.0 0 M M M M M M M M
================================================================================
SM 2172 1521 76 47 2.98 0.0 M M M
================================================================================
AV 74.9 52.4 M FASTST M M M MAX(MPH)
MISC ----> M M M M
================================================================================
NOTES:
# LAST OF SEVERAL OCCURRENCES
COLUMN 17 PEAK WIND IN M.P.H.
PRELIMINARY LOCAL CLIMATOLOGICAL DATA (WS FORM: F-6) , PAGE 2
STATION: RUSKIN WFO
MONTH: FEBRUARY
YEAR: 2024
LATITUDE: 27 42 N
LONGITUDE: 82 24 W
[TEMPERATURE DATA] [PRECIPITATION DATA] SYMBOLS USED IN COLUMN 16
AVERAGE MONTHLY: 63.7 TOTAL FOR MONTH: 2.98 1 = FOG OR MIST
DPTR FM NORMAL: -0.3 DPTR FM NORMAL: 0.77 2 = FOG REDUCING VISIBILITY
HIGHEST: 85 ON 11 GRTST 24HR 1.16 ON 18-18 TO 1/4 MILE OR LESS
LOWEST: 43 ON 22 3 = THUNDER
SNOW, ICE PELLETS, HAIL 4 = ICE PELLETS
TOTAL MONTH: 0.0 INCH 5 = HAIL
GRTST 24HR 0.0 6 = FREEZING RAIN OR DRIZZLE
GRTST DEPTH: 0 7 = DUSTSTORM OR SANDSTORM:
VSBY 1/2 MILE OR LESS
8 = SMOKE OR HAZE
[NO. OF DAYS WITH] [WEATHER - DAYS WITH] 9 = BLOWING SNOW
X = TORNADO
MAX 32 OR BELOW: 0 0.01 INCH OR MORE: 7
MAX 90 OR ABOVE: 0 0.10 INCH OR MORE: 5
MIN 32 OR BELOW: 0 0.50 INCH OR MORE: 2
MIN 0 OR BELOW: 0 1.00 INCH OR MORE: 1
[HDD (BASE 65) ]
TOTAL THIS MO. 76 CLEAR (SCALE 0-3) 0
DPTR FM NORMAL -23 PTCLDY (SCALE 4-7) 0
TOTAL FM JUL 1 325 CLOUDY (SCALE 8-10) 29
DPTR FM NORMAL -116
[CDD (BASE 65) ]
TOTAL THIS MO. 47
DPTR FM NORMAL -22 [PRESSURE DATA]
TOTAL FM JAN 1 114 HIGHEST SLP M ON M
DPTR FM NORMAL -9 LOWEST SLP M ON M
[REMARKS]
#FINAL-02-24#