000
CXUS54 KBMX 011010
CF6TCL
PRELIMINARY LOCAL CLIMATOLOGICAL DATA (WS FORM: F-6)
STATION: TUSCALOOSA
MONTH: APRIL
YEAR: 2021
LATITUDE: 33 13 N
LONGITUDE: 87 37 W
TEMPERATURE IN F: :PCPN: SNOW: WIND :SUNSHINE: SKY :PK WND
================================================================================
1 2 3 4 5 6A 6B 7 8 9 10 11 12 13 14 15 16 17 18
12Z AVG MX 2MIN
DY MAX MIN AVG DEP HDD CDD WTR SNW DPTH SPD SPD DIR MIN PSBL S-S WX SPD DR
================================================================================
1 59 39 49 -11 16 0 0.00 0.0 0 10.0 22 320 M M 0 32 350
2 62 32 47 -13 18 0 0.00 0.0 0 5.0 15 10 M M 0 20 10
3 67 34 51 -9 14 0 0.00 0.0 0 1.6 10 140 M M 0 15 150
4 76 37 57 -3 8 0 0.00 0.0 0 1.6 8 160 M M 0 12 160
5 79 43 61 1 4 0 0.00 0.0 M 2.7 13 170 M M 0 1 16 170
6 80 51 66 5 0 1 0.00 0.0 M 3.6 15 200 M M 2 20 190
7 83 59 71 10 0 6 0.01 0.0 M 7.6 18 200 M M 3 1 25 200
8 83 57 70 9 0 5 0.02 0.0 0 9.8 22 190 M M 5 28 190
9 83 55 69 8 0 4 0.67 0.0 0 6.7 22 350 M M 5 13 26 340
10 77 60 69 7 0 4 1.04 0.0 0 7.6 15 240 M M 6 13 22 240
11 76 51 64 2 1 0 0.00 0.0 0 4.2 13 250 M M 1 18 250
12 86 47 67 5 0 2 0.00 0.0 0 2.0 10 310 M M 0 1 15 260
13 83 52 68 6 0 3 0.00 0.0 0 2.7 15 240 M M 0 1 19 210
14 73 51 62 -1 3 0 0.02 0.0 0 3.5 14 200 M M 6 13 17 180
15 75 58 67 4 0 2 0.00 0.0 0 7.3 20 20 M M 3 1 23 20
16 69 55 62 -1 3 0 T 0.0 0 3.0 12 60 M M 2 15 50
17 74 55 65 2 0 0 T 0.0 0 4.5 15 290 M M 6 19 300
18 71 47 59 -5 6 0 0.00 0.0 0 5.2 13 320 M M 3 20 320
19 74 46 60 -4 5 0 0.00 0.0 M 3.2 14 360 M M 0 16 360
20 78 49 64 0 1 0 T M M 2.8 13 260 M M 0 21 300
21 61 40 51 -14 14 0 0.00 0.0 0 9.4 18 360 M M 3 26 310
22 68 36 52 -13 13 0 0.00 0.0 0 1.3 10 260 M M 0 13 320
23 73 45 59 -6 6 0 0.05 0.0 M 4.5 14 180 M M 5 18 190
24 83 56 70 4 0 5 1.42 0.0 M 10.4 24 290 M M 8 13 41 300
25 77 52 65 -1 0 0 0.00 0.0 0 6.2 15 10 M M 2 23 330
26 80 48 64 -2 1 0 0.00 0.0 0 2.5 12 160 M M 0 1 16 150
27 85 55 70 4 0 5 0.00 0.0 0 5.2 15 200 M M 0 22 170
28 85 65 75 8 0 10 0.00 0.0 M 5.7 15 200 M M 2 17 190
29 83 65 74 7 0 9 T 0.0 0 6.0 13 200 M M 5 1 18 200
30 78 58 68 1 0 3 T 0.0 0 5.7 18 40 M M 2 1 24 40
================================================================================
SM 2281 1498 113 59 3.23 0.0 151.5 M 69
================================================================================
AV 76.0 49.9 5.0 FASTST M M 2 MAX(MPH)
MISC ----> 24 290 41 300
================================================================================
NOTES:
# LAST OF SEVERAL OCCURRENCES
COLUMN 17 PEAK WIND IN M.P.H.
PRELIMINARY LOCAL CLIMATOLOGICAL DATA (WS FORM: F-6) , PAGE 2
STATION: TUSCALOOSA
MONTH: APRIL
YEAR: 2021
LATITUDE: 33 13 N
LONGITUDE: 87 37 W
[TEMPERATURE DATA] [PRECIPITATION DATA] SYMBOLS USED IN COLUMN 16
AVERAGE MONTHLY: 63.0 TOTAL FOR MONTH: 3.23 1 = FOG OR MIST
DPTR FM NORMAL: -0.2 DPTR FM NORMAL: -0.98 2 = FOG REDUCING VISIBILITY
HIGHEST: 86 ON 12 GRTST 24HR 1.71 ON 9-10 TO 1/4 MILE OR LESS
LOWEST: 32 ON 2 3 = THUNDER
SNOW, ICE PELLETS, HAIL 4 = ICE PELLETS
TOTAL MONTH: 0.0 INCH 5 = HAIL
GRTST 24HR 0.0 6 = FREEZING RAIN OR DRIZZLE
GRTST DEPTH: 0 7 = DUSTSTORM OR SANDSTORM:
VSBY 1/2 MILE OR LESS
8 = SMOKE OR HAZE
[NO. OF DAYS WITH] [WEATHER - DAYS WITH] 9 = BLOWING SNOW
X = TORNADO
MAX 32 OR BELOW: 0 0.01 INCH OR MORE: 7
MAX 90 OR ABOVE: 0 0.10 INCH OR MORE: 3
MIN 32 OR BELOW: 1 0.50 INCH OR MORE: 3
MIN 0 OR BELOW: 0 1.00 INCH OR MORE: 2
[HDD (BASE 65) ]
TOTAL THIS MO. 113 CLEAR (SCALE 0-3) 21
DPTR FM NORMAL -8 PTCLDY (SCALE 4-7) 9
TOTAL FM JUL 1 2239 CLOUDY (SCALE 8-10) 0
DPTR FM NORMAL -265
[CDD (BASE 65) ]
TOTAL THIS MO. 59
DPTR FM NORMAL -6 [PRESSURE DATA]
TOTAL FM JAN 1 125 HIGHEST SLP 30.53 ON 2
DPTR FM NORMAL 37 LOWEST SLP 29.60 ON 24
[REMARKS]
#FINAL-04-21#