000
CXUS52 KMFL 011130
CF6TMB
PRELIMINARY LOCAL CLIMATOLOGICAL DATA (WS FORM: F-6)
STATION: KENDALL-TAMIAMI EXEC ARPT
MONTH: NOVEMBER
YEAR: 2023
LATITUDE: 25 38 N
LONGITUDE: 80 26 W
TEMPERATURE IN F: :PCPN: SNOW: WIND :SUNSHINE: SKY :PK WND
================================================================================
1 2 3 4 5 6A 6B 7 8 9 10 11 12 13 14 15 16 17 18
12Z AVG MX 2MIN
DY MAX MIN AVG DEP HDD CDD WTR SNW DPTH SPD SPD DIR MIN PSBL S-S WX SPD DR
================================================================================
1 86 69 78 2 0 13 T M M 12.5 21 360 M M 2 30 10
2 80 69 75 -1 0 10 0.27 M M 15.5 28 50 M M 8 1 37 70
3 83 72 78 3 0 13 0.00 0.0 0 15.0 24 50 M M 6 33 90
4 82 72 77 2 0 12 T 0.0 0 9.6 17 40 M M 7 22 40
5 83 69 76 1 0 11 T 0.0 0 9.0 16 50 M M 4 22 60
6 84 58 71 -4 0 6 T 0.0 0 8.0 16 350 M M 1 21 10
7 85 63 74 0 0 9 T 0.0 0 5.8 16 90 M M 1 1 23 110
8 85 64 75 1 0 10 0.04 0.0 0 5.2 17 90 M M 2 1 22 80
9 86 66 76 2 0 11 T 0.0 0 7.7 16 80 M M 3 1 22 120
10 88 71 80 6 0 15 0.00 M M 7.8 15 100 M M 3 22 90
11 88 74 81 7 0 16 0.00 M M 9.4 16 100 M M 3 20 100
12 87 70 79 5 0 14 0.00 M M 6.5 14 110 M M 1 19 120
13 85 70 78 5 0 13 T M M 7.3 17 90 M M 5 21 100
14 84 73 79 6 0 14 0.15 0.0 0 8.9 21 100 M M 6 1 30 110
15 78 68 73 0 0 8 7.05 0.0 0 19.0 33 70 M M 10 1 47 60
16 81 68 75 2 0 10 0.39 0.0 0 11.4 35 70 M M 7 1 50 60
17 83 66 75 2 0 10 0.00 0.0 0 4.4 13 270 M M 5 12 16 270
18 79 65 72 0 0 7 0.00 0.0 0 8.6 18 330 M M 4 23 340
19 83 64 74 2 0 9 T 0.0 0 6.7 14 360 M M 1 22 360
20 84 65 75 3 0 10 0.00 0.0 0 7.4 16 130 M M 1 128 22 130
21 83 70 77 5 0 12 0.00 0.0 0 11.0 20 90 M M 1 27 100
22 85 64 75 3 0 10 0.00 0.0 0 4.7 13 240 M M 2 1 20 170
23 83 69 76 4 0 11 T 0.0 0 4.8 12 360 M M 7 1 16 10
24 79 67 73 1 0 8 T 0.0 0 3.8 13 110 M M 7 15 100
25 85 71 78 6 0 13 T 0.0 0 6.4 14 100 M M 6 18 100
26 84 68 76 4 0 11 0.05 M M 4.6 16 140 M M 4 1 24 130
27 80 67 74 3 0 9 0.00 M M 7.8 18 350 M M 2 128 24 360
28 76 61 69 -2 0 4 0.00 M M 9.4 18 360 M M 0 24 350
29 74 58 66 -5 0 1 0.00 0.0 0 8.5 16 360 M M 0 23 360
30 80 60 70 -1 0 5 0.00 0.0 0 8.1 24 90 M M 2 32 80
================================================================================
SM 2483 2011 0 305 7.95 0.0 254.8 M 111
================================================================================
AV 82.8 67.0 8.5 FASTST M M 4 MAX(MPH)
MISC ----> 35 70 50 60
================================================================================
NOTES:
# LAST OF SEVERAL OCCURRENCES
COLUMN 17 PEAK WIND IN M.P.H.
PRELIMINARY LOCAL CLIMATOLOGICAL DATA (WS FORM: F-6) , PAGE 2
STATION: KENDALL-TAMIAMI EXEC ARPT
MONTH: NOVEMBER
YEAR: 2023
LATITUDE: 25 38 N
LONGITUDE: 80 26 W
[TEMPERATURE DATA] [PRECIPITATION DATA] SYMBOLS USED IN COLUMN 16
AVERAGE MONTHLY: 74.9 TOTAL FOR MONTH: 7.95 1 = FOG OR MIST
DPTR FM NORMAL: 1.8 DPTR FM NORMAL: 5.86 2 = FOG REDUCING VISIBILITY
HIGHEST: 88 ON 11,10 GRTST 24HR 7.35 ON 15-16 TO 1/4 MILE OR LESS
LOWEST: 58 ON 29, 6 3 = THUNDER
SNOW, ICE PELLETS, HAIL 4 = ICE PELLETS
TOTAL MONTH: 0.0 INCH 5 = HAIL
GRTST 24HR 0.0 6 = FREEZING RAIN OR DRIZZLE
GRTST DEPTH: 0 7 = DUSTSTORM OR SANDSTORM:
VSBY 1/2 MILE OR LESS
8 = SMOKE OR HAZE
[NO. OF DAYS WITH] [WEATHER - DAYS WITH] 9 = BLOWING SNOW
X = TORNADO
MAX 32 OR BELOW: 0 0.01 INCH OR MORE: 6
MAX 90 OR ABOVE: 0 0.10 INCH OR MORE: 4
MIN 32 OR BELOW: 0 0.50 INCH OR MORE: 1
MIN 0 OR BELOW: 0 1.00 INCH OR MORE: 1
[HDD (BASE 65) ]
TOTAL THIS MO. 0 CLEAR (SCALE 0-3) 14
DPTR FM NORMAL -7 PTCLDY (SCALE 4-7) 14
TOTAL FM JUL 1 0 CLOUDY (SCALE 8-10) 2
DPTR FM NORMAL 0
[CDD (BASE 65) ]
TOTAL THIS MO. 305
DPTR FM NORMAL 55 [PRESSURE DATA]
TOTAL FM JAN 1 4670 HIGHEST SLP 30.16 ON 29
DPTR FM NORMAL 602 LOWEST SLP 29.72 ON 18
[REMARKS]
#FINAL-11-23#