000
CXUS51 KCLE 010800
CF6TOL
PRELIMINARY LOCAL CLIMATOLOGICAL DATA (WS FORM: F-6)
STATION: TOLEDO OH
MONTH: OCTOBER
YEAR: 2021
LATITUDE: 41 35 N
LONGITUDE: 83 48 W
TEMPERATURE IN F: :PCPN: SNOW: WIND :SUNSHINE: SKY :PK WND
================================================================================
1 2 3 4 5 6A 6B 7 8 9 10 11 12 13 14 15 16 17 18
12Z AVG MX 2MIN
DY MAX MIN AVG DEP HDD CDD WTR SNW DPTH SPD SPD DIR MIN PSBL S-S WX SPD DR
================================================================================
1 78 47 63 3 2 0 0.00 0.0 0 2.1 9 170 M M 0 13 190
2 81 50 66 6 0 1 0.10 0.0 0 3.3 16 290 M M 4 18 19 300
3 79 65 72 12 0 7 0.56 0.0 0 6.3 14 250 M M 8 138 17 240
4 76 63 70 11 0 5 0.24 0.0 0 4.5 12 280 M M 10 1 14 330
5 74 64 69 10 0 4 0.05 0.0 0 7.7 16 60 M M 10 18 18 60
6 70 64 67 9 0 2 0.00 0.0 0 9.1 16 70 M M 9 18 20 70
7 75 67 71 13 0 6 0.03 0.0 0 5.1 10 90 M M 10 18 14 100
8 78 62 70 12 0 5 0.98 0.0 0 2.7 23 260 M M 8 13 28 260
9 80 59 70 13 0 5 0.00 0.0 0 3.2 12 240 M M 4 128 13 240
10 85 65 75 18 0 10 0.04 0.0 0 6.4 18 200 M M 3 1 28 210
11 85 64 75 19 0 10 T 0.0 0 6.3 14 210 M M 1 21 200
12 74 65 70 14 0 5 0.00 0.0 0 10.1 21 250 M M 9 28 240
13 77 58 68 12 0 3 0.00 0.0 0 4.8 14 240 M M 4 18 17 250
14 83 64 74 19 0 9 0.47 0.0 0 6.2 22 310 M M 4 18 28 310
15 65 57 61 6 4 0 1.17 0.0 0 6.9 14 320 M M 9 18 19 290
16 59 50 55 0 10 0 0.29 0.0 0 12.3 23 270 M M 9 1 30 270
17 65 46 56 2 9 0 0.00 0.0 0 11.2 22 300 M M 3 27 290
18 71 44 58 4 7 0 0.00 0.0 0 4.6 15 280 M M 0 20 280
19 75 44 60 6 5 0 0.00 0.0 0 6.3 22 260 M M 0 25 270
20 74 46 60 7 5 0 T 0.0 0 5.4 15 230 M M 1 20 230
21 69 50 60 7 5 0 0.30 0.0 0 12.7 29 240 M M 8 138 36 240
22 54 41 48 -4 17 0 0.00 0.0 0 4.9 16 340 M M 4 18 22 360
23 57 38 48 -4 17 0 0.03 0.0 0 3.6 10 260 M M 7 14 260
24 52 34 43 -9 22 0 0.88 0.0 0 6.9 28 60 M M 6 1 33 60
25 51 48 50 -1 15 0 1.19 0.0 0 12.2 28 60 M M 10 18 34 50
26 53 37 45 -6 20 0 0.00 0.0 0 8.8 18 310 M M 4 23 340
27 53 37 45 -5 20 0 0.00 0.0 0 3.5 9 80 M M 9 18 11 70
28 65 49 57 7 8 0 0.32 0.0 0 10.3 22 90 M M 6 1 26 90
29 58 53 56 6 9 0 0.77 0.0 0 9.4 17 70 M M 10 1 23 60
30 55 50 53 4 12 0 0.01 0.0 0 9.0 17 30 M M 10 1 23 20
31 61 45 53 4 12 0 0.00 0.0 0 10.7 23 280 M M 7 29 270
================================================================================
SM 2132 1626 199 72 7.43 0.0 216.5 M 187
================================================================================
AV 68.8 52.5 7.0 FASTST M M 6 MAX(MPH)
MISC ----> 29 240 36 240
================================================================================
NOTES:
# LAST OF SEVERAL OCCURRENCES
COLUMN 17 PEAK WIND IN M.P.H.
PRELIMINARY LOCAL CLIMATOLOGICAL DATA (WS FORM: F-6) , PAGE 2
STATION: TOLEDO OH
MONTH: OCTOBER
YEAR: 2021
LATITUDE: 41 35 N
LONGITUDE: 83 48 W
[TEMPERATURE DATA] [PRECIPITATION DATA] SYMBOLS USED IN COLUMN 16
AVERAGE MONTHLY: 60.6 TOTAL FOR MONTH: 7.43 1 = FOG OR MIST
DPTR FM NORMAL: 6.0 DPTR FM NORMAL: 4.84 2 = FOG REDUCING VISIBILITY
HIGHEST: 85 ON 11,10 GRTST 24HR 1.94 ON 24-25 TO 1/4 MILE OR LESS
LOWEST: 34 ON 24 3 = THUNDER
SNOW, ICE PELLETS, HAIL 4 = ICE PELLETS
TOTAL MONTH: 0.0 INCH 5 = HAIL
GRTST 24HR 0.0 6 = FREEZING RAIN OR DRIZZLE
GRTST DEPTH: 0 7 = DUSTSTORM OR SANDSTORM:
VSBY 1/2 MILE OR LESS
8 = SMOKE OR HAZE
[NO. OF DAYS WITH] [WEATHER - DAYS WITH] 9 = BLOWING SNOW
X = TORNADO
MAX 32 OR BELOW: 0 0.01 INCH OR MORE: 17
MAX 90 OR ABOVE: 0 0.10 INCH OR MORE: 12
MIN 32 OR BELOW: 0 0.50 INCH OR MORE: 6
MIN 0 OR BELOW: 0 1.00 INCH OR MORE: 2
[HDD (BASE 65) ]
TOTAL THIS MO. 199 CLEAR (SCALE 0-3) 7
DPTR FM NORMAL -139 PTCLDY (SCALE 4-7) 13
TOTAL FM JUL 1 231 CLOUDY (SCALE 8-10) 11
DPTR FM NORMAL -184
[CDD (BASE 65) ]
TOTAL THIS MO. 72
DPTR FM NORMAL 55 [PRESSURE DATA]
TOTAL FM JAN 1 1317 HIGHEST SLP 30.30 ON 1
DPTR FM NORMAL 298 LOWEST SLP 29.46 ON 29
[REMARKS]
#FINAL-10-21#