000
CXUS51 KCLE 041429
CLMTOL
CLIMATE REPORT
NATIONAL WEATHER SERVICE CLEVELAND, OH
929 AM EST MON MAR 04 2024
...................................
...THE TOLEDO OH CLIMATE SUMMARY FOR THE MONTH OF FEBRUARY 2024...
CLIMATE NORMAL PERIOD 1991 TO 2020
CLIMATE RECORD PERIOD 1873 TO 2024
WEATHER OBSERVED NORMAL DEPART LAST YEAR`S
VALUE DATE(S) VALUE FROM VALUE
NORMAL
..............................................................
TEMPERATURE (F)
RECORD
HIGH 73 02/27/2024
LOW -19 02/20/2015
HIGHEST 73R 02/27
LOWEST 16 02/17
02/18
AVG. MAXIMUM 48.8 37.8 11.0 45.1
AVG. MINIMUM 28.6 22.1 6.5 27.1
MEAN 38.7 29.9 8.8 36.1
DAYS MAX >= 90 0 0.0 0.0 0
DAYS MAX <= 32 2 10.9 -8.9 3
DAYS MIN <= 32 22 24.3 -2.3 21
DAYS MIN <= 0 0 1.6 -1.6 0
PRECIPITATION (INCHES)
RECORD
MAXIMUM 6.84 1887
MINIMUM 0.08 1877
TOTALS 0.60 2.28 -1.68 4.93
DAYS >= .01 6 10.9 -4.9 9
DAYS >= .10 1 5.5 -4.5 4
DAYS >= .50 0 1.3 -1.3 3
DAYS >= 1.00 0 0.3 -0.3 3
GREATEST
24 HR. TOTAL 0.35 02/22 TO 02/22 2.07
SNOWFALL (INCHES)
RECORDS
TOTAL 26.3 2011
TOTALS 0.5 10.2 -9.7 0.9
SINCE 7/1 9.5 30.8 -21.3 10.4
DAYS >= 1.0 0 3.3 -3.3 0
GREATEST
24 HR TOTAL 0.4 02/16 TO 02/16
DEGREE DAYS
HEATING TOTAL 759 981 -222 802
SINCE 7/1 3579 4225 -646 3675
COOLING TOTAL 0 0 0 0
SINCE 1/1 0 0 0 0
..............................................................
WIND (MPH)
AVERAGE WIND SPEED 7.8
HIGHEST WIND SPEED/DIRECTION 37/240 DATE 02/28
HIGHEST GUST SPEED/DIRECTION 54/250 DATE 02/28
SKY COVER
AVERAGE SKY COVER 0.41
AVERAGE RH (PERCENT) 65
WEATHER CONDITIONS. NUMBER OF DAYS WITH
THUNDERSTORM 2 MIXED PRECIP 0
HEAVY RAIN 0 RAIN 1
LIGHT RAIN 4 FREEZING RAIN 0
LT FREEZING RAIN 0 HAIL 0
HEAVY SNOW 0 SNOW 0
LIGHT SNOW 6 SLEET 0
FOG 10 FOG W/VIS <= 1/4 MILE 4
HAZE 9
- INDICATES NEGATIVE NUMBERS.
R INDICATES RECORD WAS SET OR TIED.
MM INDICATES DATA IS MISSING.
T INDICATES TRACE AMOUNT.
$$