000
CXUS52 KTBW 011129
CF6TPA
PRELIMINARY LOCAL CLIMATOLOGICAL DATA (WS FORM: F-6)
STATION: TAMPA
MONTH: APRIL
YEAR: 2023
LATITUDE: 27 58 N
LONGITUDE: 82 32 W
TEMPERATURE IN F: :PCPN: SNOW: WIND :SUNSHINE: SKY :PK WND
================================================================================
1 2 3 4 5 6A 6B 7 8 9 10 11 12 13 14 15 16 17 18
12Z AVG MX 2MIN
DY MAX MIN AVG DEP HDD CDD WTR SNW DPTH SPD SPD DIR MIN PSBL S-S WX SPD DR
================================================================================
1 85 69 77 6 0 12 0.00 0.0 0 9.8 17 240 M M 5 24 240
2 85 71 78 7 0 13 0.00 0.0 0 8.7 14 250 M M 6 21 300
3 87 69 78 7 0 13 0.00 0.0 0 5.3 16 190 M M 4 18 20 190
4 88 68 78 6 0 13 0.00 0.0 0 5.4 16 260 M M 3 22 270
5 91 74 83 11 0 18 0.00 0.0 0 8.1 15 120 M M 6 23 100
6 92 73 83 11 0 18 0.00 0.0 0 7.6 16 260 M M 6 25 290
7 87 72 80 8 0 15 0.00 0.0 0 7.5 15 260 M M 5 22 290
8 86 73 80 8 0 15 0.00 0.0 0 7.3 14 180 M M 7 22 280
9 78 66 72 -1 0 7 T 0.0 0 8.4 18 20 M M 8 27 30
10 84 66 75 2 0 10 0.00 0.0 0 10.7 18 50 M M 6 33 50
11 82 64 73 0 0 8 0.00 0.0 0 9.2 17 50 M M 6 32 60
12 78 65 72 -1 0 7 0.02 0.0 0 9.9 20 90 M M 9 34 100
13 85 70 78 5 0 13 T 0.0 0 9.3 18 190 M M 5 1 27 190
14 85 72 79 5 0 14 T 0.0 0 6.8 15 190 M M 7 22 180
15 88 73 81 7 0 16 0.00 0.0 0 6.0 14 240 M M 5 1 19 240
16 88 69 79 5 0 14 0.18 0.0 0 8.0 21 250 M M 7 13 32 310
17 81 65 73 -1 0 8 0.07 0.0 0 8.9 18 320 M M 6 13 27 280
18 84 58 71 -3 0 6 0.00 0.0 0 6.9 15 350 M M 0 24 80
19 86 63 75 0 0 10 0.00 0.0 0 6.3 15 90 M M 5 24 120
20 87 65 76 1 0 11 0.00 0.0 0 6.1 14 40 M M 3 24 40
21 87 66 77 2 0 12 0.00 0.0 0 6.2 16 280 M M 3 30 280
22 85 71 78 3 0 13 0.00 0.0 0 6.5 15 180 M M 5 23 270
23 89 69 79 4 0 14 0.00 0.0 0 7.1 15 30 M M 3 24 20
24 84 69 77 1 0 12 0.00 0.0 0 6.6 15 30 M M 7 3 22 20
25 85 69 77 1 0 12 0.00 0.0 0 7.0 16 260 M M 5 3 23 280
26 88 68 78 2 0 13 0.00 0.0 0 6.6 15 270 M M 4 3 23 270
27 88 68 78 2 0 13 0.43 0.0 0 8.3 38 300 M M 8 13 54 300
28 88 69 79 3 0 14 T 0.0 0 7.3 21 230 M M 7 28 230
29 81 71 76 -1 0 11 0.06 0.0 0 11.9 30 180 M M 8 13 45 290
30 79 71 75 -2 0 10 0.12 0.0 0 17.2 33 260 M M 6 138 46 240
================================================================================
SM 2561 2056 0 365 0.88 0.0 240.9 M 165
================================================================================
AV 85.4 68.5 8.0 FASTST M M 6 MAX(MPH)
MISC ----> 38 300 54 300
================================================================================
NOTES:
# LAST OF SEVERAL OCCURRENCES
COLUMN 17 PEAK WIND IN M.P.H.
PRELIMINARY LOCAL CLIMATOLOGICAL DATA (WS FORM: F-6) , PAGE 2
STATION: TAMPA
MONTH: APRIL
YEAR: 2023
LATITUDE: 27 58 N
LONGITUDE: 82 32 W
[TEMPERATURE DATA] [PRECIPITATION DATA] SYMBOLS USED IN COLUMN 16
AVERAGE MONTHLY: 77.0 TOTAL FOR MONTH: 0.88 1 = FOG OR MIST
DPTR FM NORMAL: 3.0 DPTR FM NORMAL: -1.67 2 = FOG REDUCING VISIBILITY
HIGHEST: 92 ON 6 GRTST 24HR 0.43 ON 27-27 TO 1/4 MILE OR LESS
LOWEST: 58 ON 18 3 = THUNDER
SNOW, ICE PELLETS, HAIL 4 = ICE PELLETS
TOTAL MONTH: 0.0 INCH 5 = HAIL
GRTST 24HR 0.0 6 = FREEZING RAIN OR DRIZZLE
GRTST DEPTH: 0 7 = DUSTSTORM OR SANDSTORM:
VSBY 1/2 MILE OR LESS
8 = SMOKE OR HAZE
[NO. OF DAYS WITH] [WEATHER - DAYS WITH] 9 = BLOWING SNOW
X = TORNADO
MAX 32 OR BELOW: 0 0.01 INCH OR MORE: 6
MAX 90 OR ABOVE: 2 0.10 INCH OR MORE: 3
MIN 32 OR BELOW: 0 0.50 INCH OR MORE: 0
MIN 0 OR BELOW: 0 1.00 INCH OR MORE: 0
[HDD (BASE 65) ]
TOTAL THIS MO. 0 CLEAR (SCALE 0-3) 2
DPTR FM NORMAL -7 PTCLDY (SCALE 4-7) 26
TOTAL FM JUL 1 266 CLOUDY (SCALE 8-10) 2
DPTR FM NORMAL -160
[CDD (BASE 65) ]
TOTAL THIS MO. 365
DPTR FM NORMAL 91 [PRESSURE DATA]
TOTAL FM JAN 1 877 HIGHEST SLP 30.21 ON 6
DPTR FM NORMAL 307 LOWEST SLP 29.62 ON 30
[REMARKS]
#FINAL-04-23#