000
CXUS52 KTBW 031027
CF6TPA
PRELIMINARY LOCAL CLIMATOLOGICAL DATA (WS FORM: F-6)
STATION: TAMPA
MONTH: FEBRUARY
YEAR: 2023
LATITUDE: 27 58 N
LONGITUDE: 82 32 W
TEMPERATURE IN F: :PCPN: SNOW: WIND :SUNSHINE: SKY :PK WND
================================================================================
1 2 3 4 5 6A 6B 7 8 9 10 11 12 13 14 15 16 17 18
12Z AVG MX 2MIN
DY MAX MIN AVG DEP HDD CDD WTR SNW DPTH SPD SPD DIR MIN PSBL S-S WX SPD DR
================================================================================
1 79 64 72 9 0 7 0.00 0.0 0 2.5 9 330 M M 4 1 14 310
2 80 62 71 8 0 6 0.00 0.0 0 4.7 14 180 M M 1 19 200
3 74 54 64 1 1 0 0.34 0.0 0 10.6 23 340 M M 8 1 31 360
4 76 51 64 1 1 0 0.00 0.0 0 9.3 16 20 M M 1 27 40
5 79 60 70 7 0 5 0.00 0.0 0 5.9 10 30 M M 7 19 290
6 79 61 70 6 0 5 0.00 0.0 0 4.8 12 30 M M 2 20 310
7 81 59 70 6 0 5 0.00 0.0 0 6.8 15 110 M M 2 24 110
8 82 62 72 8 0 7 0.00 0.0 0 6.5 14 110 M M 1 24 120
9 83 65 74 10 0 9 0.00 0.0 0 7.0 14 200 M M 5 23 130
10 82 69 76 12 0 11 0.00 0.0 0 8.5 18 200 M M 5 27 190
11 80 67 74 10 0 9 0.07 0.0 0 11.3 26 200 M M 8 1 42 210
12 68 58 63 -1 2 0 0.03 0.0 0 17.3 28 260 M M 8 1 39 250
13 70 50 60 -5 5 0 0.00 0.0 0 5.7 15 330 M M 1 24 300
14 77 49 63 -2 2 0 0.00 0.0 0 3.6 12 140 M M 1 20 120
15 79 60 70 5 0 5 0.00 0.0 0 5.7 14 170 M M 1 21 140
16 82 65 74 9 0 9 0.00 0.0 0 6.8 14 200 M M 4 23 120
17 82 63 73 8 0 8 0.02 0.0 0 8.4 17 330 M M 5 1 27 270
18 73 53 63 -2 2 0 0.00 0.0 0 9.1 17 360 M M 2 25 40
19 79 57 68 3 0 3 0.00 0.0 0 6.5 15 290 M M 4 24 290
20 76 59 68 2 0 3 0.00 0.0 0 5.6 15 290 M M 3 24 270
21 80 67 74 8 0 9 0.00 0.0 0 7.6 13 270 M M 3 20 270
22 83 67 75 9 0 10 0.00 0.0 0 6.8 15 200 M M 1 1 24 170
23 85 70 78 12 0 13 0.00 0.0 0 6.1 13 200 M M 3 2 17 160
24 83 67 75 9 0 10 0.00 0.0 0 4.4 13 290 M M 6 18 24 290
25 83 65 74 8 0 9 0.00 0.0 0 5.4 14 260 M M 5 23 280
26 80 63 72 6 0 7 0.00 0.0 0 5.7 15 300 M M 2 12 21 270
27 80 61 71 5 0 6 0.00 0.0 0 7.9 15 200 M M 2 22 210
28 81 71 76 10 0 11 0.00 0.0 0 11.0 15 250 M M 4 18 21 260
================================================================================
SM 2216 1719 13 167 0.46 0.0 201.5 M 99
================================================================================
AV 79.1 61.4 7.2 FASTST M M 4 MAX(MPH)
MISC ----> 28 260 42 210
================================================================================
NOTES:
# LAST OF SEVERAL OCCURRENCES
COLUMN 17 PEAK WIND IN M.P.H.
PRELIMINARY LOCAL CLIMATOLOGICAL DATA (WS FORM: F-6) , PAGE 2
STATION: TAMPA
MONTH: FEBRUARY
YEAR: 2023
LATITUDE: 27 58 N
LONGITUDE: 82 32 W
[TEMPERATURE DATA] [PRECIPITATION DATA] SYMBOLS USED IN COLUMN 16
AVERAGE MONTHLY: 70.3 TOTAL FOR MONTH: 0.46 1 = FOG OR MIST
DPTR FM NORMAL: 5.6 DPTR FM NORMAL: -2.16 2 = FOG REDUCING VISIBILITY
HIGHEST: 85 ON 23 GRTST 24HR 0.34 ON 3- 3 TO 1/4 MILE OR LESS
LOWEST: 49 ON 14 3 = THUNDER
SNOW, ICE PELLETS, HAIL 4 = ICE PELLETS
TOTAL MONTH: 0.0 INCH 5 = HAIL
GRTST 24HR 0.0 6 = FREEZING RAIN OR DRIZZLE
GRTST DEPTH: 0 7 = DUSTSTORM OR SANDSTORM:
VSBY 1/2 MILE OR LESS
8 = SMOKE OR HAZE
[NO. OF DAYS WITH] [WEATHER - DAYS WITH] 9 = BLOWING SNOW
X = TORNADO
MAX 32 OR BELOW: 0 0.01 INCH OR MORE: 4
MAX 90 OR ABOVE: 0 0.10 INCH OR MORE: 1
MIN 32 OR BELOW: 0 0.50 INCH OR MORE: 0
MIN 0 OR BELOW: 0 1.00 INCH OR MORE: 0
[HDD (BASE 65) ]
TOTAL THIS MO. 13 CLEAR (SCALE 0-3) 14
DPTR FM NORMAL -75 PTCLDY (SCALE 4-7) 13
TOTAL FM JUL 1 244 CLOUDY (SCALE 8-10) 1
DPTR FM NORMAL -138
[CDD (BASE 65) ]
TOTAL THIS MO. 167
DPTR FM NORMAL 86 [PRESSURE DATA]
TOTAL FM JAN 1 258 HIGHEST SLP 30.38 ON 4
DPTR FM NORMAL 116 LOWEST SLP 29.90 ON 11
[REMARKS]
#FINAL-02-23#