000
CXUS52 KTBW 090544
CF6TPA
PRELIMINARY LOCAL CLIMATOLOGICAL DATA (WS FORM: F-6)
STATION: TAMPA
MONTH: DECEMBER
YEAR: 2022
LATITUDE: 27 58 N
LONGITUDE: 82 32 W
TEMPERATURE IN F: :PCPN: SNOW: WIND :SUNSHINE: SKY :PK WND
================================================================================
1 2 3 4 5 6A 6B 7 8 9 10 11 12 13 14 15 16 17 18
12Z AVG MX 2MIN
DY MAX MIN AVG DEP HDD CDD WTR SNW DPTH SPD SPD DIR MIN PSBL S-S WX SPD DR
================================================================================
1 77 63 70 3 0 5 0.00 0.0 0 7.9 16 30 M M 5 24 10
2 81 62 72 5 0 7 0.00 0.0 0 6.2 15 100 M M 3 22 50
3 82 63 73 6 0 8 0.00 0.0 0 4.7 10 30 M M 5 15 320
4 80 61 71 4 0 6 0.00 0.0 0 4.1 13 320 M M 3 23 260
5 81 63 72 6 0 7 0.00 0.0 0 3.5 10 260 M M 4 19 280
6 81 66 74 8 0 9 0.00 0.0 0 4.2 8 290 M M 3 17 280
7 84 67 76 10 0 11 0.00 0.0 0 4.1 12 330 M M 1 16 340
8 84 65 75 9 0 10 0.00 0.0 0 4.6 13 270 M M 1 17 260
9 79 63 71 5 0 6 0.00 0.0 0 4.9 13 270 M M 4 12 24 290
10 80 62 71 5 0 6 0.00 0.0 0 5.5 10 280 M M 5 24 270
11 70 64 67 1 0 2 0.00 0.0 0 4.5 9 10 M M 10 18 17 300
12 76 59 68 2 0 3 0.00 0.0 0 3.8 10 250 M M 3 18 14 260
13 80 60 70 5 0 5 0.00 0.0 0 6.9 16 70 M M 4 27 70
14 81 66 74 9 0 9 0.00 0.0 0 8.4 15 190 M M 6 24 110
15 76 64 70 5 0 5 1.09 0.0 0 8.3 26 260 M M 7 123 38 250
16 68 56 62 -3 3 0 0.05 0.0 0 5.5 14 360 M M 7 20 360
17 70 54 62 -3 3 0 0.02 0.0 0 5.4 10 350 M M 7 15 50
18 69 51 60 -5 5 0 0.04 0.0 0 6.4 14 330 M M 7 23 290
19 74 46 60 -4 5 0 0.00 0.0 0 5.9 10 100 M M 4 17 20
20 67 58 63 -1 2 0 0.11 0.0 0 5.5 15 130 M M 8 26 120
21 69 60 65 1 0 0 0.60 0.0 0 7.3 17 350 M M 9 13 24 360
22 69 59 64 0 1 0 0.15 0.0 0 4.9 15 180 M M 10 12 21 180
23 70 42 56 -8 9 0 T 0.0 0 10.3 24 330 M M 4 1 34 340
24 45 31 38 -26 27 0 0.00 0.0 0 9.2 16 320 M M 5 22 10
25 46 31 39 -25 26 0 0.00 0.0 0 7.0 16 340 M M 8 31 270
26 55 38 47 -16 18 0 0.00 0.0 0 6.1 14 350 M M 8 18 340
27 68 40 54 -9 11 0 0.00 0.0 0 5.6 12 360 M M 4 17 10
28 75 48 62 -1 3 0 0.00 0.0 0 4.8 9 60 M M 0 14 60
29 80 56 68 5 0 3 0.00 0.0 0 5.0 12 120 M M 3 16 120
30 81 61 71 8 0 6 0.00 0.0 0 5.0 12 100 M M 6 19 90
31 71 66 69 6 0 4 0.29 0.0 0 6.3 14 180 M M 7 12 20 170
================================================================================
SM 2269 1745 113 112 2.35 0.0 181.8 M 161
================================================================================
AV 73.2 56.3 5.9 FASTST M M 5 MAX(MPH)
MISC ----> 26 260 38 250
================================================================================
NOTES:
# LAST OF SEVERAL OCCURRENCES
COLUMN 17 PEAK WIND IN M.P.H.
PRELIMINARY LOCAL CLIMATOLOGICAL DATA (WS FORM: F-6) , PAGE 2
STATION: TAMPA
MONTH: DECEMBER
YEAR: 2022
LATITUDE: 27 58 N
LONGITUDE: 82 32 W
[TEMPERATURE DATA] [PRECIPITATION DATA] SYMBOLS USED IN COLUMN 16
AVERAGE MONTHLY: 64.7 TOTAL FOR MONTH: 2.35 1 = FOG OR MIST
DPTR FM NORMAL: -0.2 DPTR FM NORMAL: -0.21 2 = FOG REDUCING VISIBILITY
HIGHEST: 84 ON 8, 7 GRTST 24HR 1.14 ON 15-16 TO 1/4 MILE OR LESS
LOWEST: 31 ON 25,24 3 = THUNDER
SNOW, ICE PELLETS, HAIL 4 = ICE PELLETS
TOTAL MONTH: 0.0 INCH 5 = HAIL
GRTST 24HR 0.0 6 = FREEZING RAIN OR DRIZZLE
GRTST DEPTH: 0 7 = DUSTSTORM OR SANDSTORM:
VSBY 1/2 MILE OR LESS
8 = SMOKE OR HAZE
[NO. OF DAYS WITH] [WEATHER - DAYS WITH] 9 = BLOWING SNOW
X = TORNADO
MAX 32 OR BELOW: 0 0.01 INCH OR MORE: 8
MAX 90 OR ABOVE: 0 0.10 INCH OR MORE: 5
MIN 32 OR BELOW: 2 0.50 INCH OR MORE: 2
MIN 0 OR BELOW: 0 1.00 INCH OR MORE: 1
[HDD (BASE 65) ]
TOTAL THIS MO. 113 CLEAR (SCALE 0-3) 6
DPTR FM NORMAL 8 PTCLDY (SCALE 4-7) 21
TOTAL FM JUL 1 138 CLOUDY (SCALE 8-10) 4
DPTR FM NORMAL -4
[CDD (BASE 65) ]
TOTAL THIS MO. 112
DPTR FM NORMAL 10 [PRESSURE DATA]
TOTAL FM JAN 1 4563 HIGHEST SLP 30.39 ON 25
DPTR FM NORMAL 635 LOWEST SLP 29.86 ON 15
[REMARKS]
#FINAL-12-22#