000
CXUS52 KTBW 041653
CF6TPA
PRELIMINARY LOCAL CLIMATOLOGICAL DATA (WS FORM: F-6)
STATION: TAMPA
MONTH: JULY
YEAR: 2022
LATITUDE: 27 58 N
LONGITUDE: 82 32 W
TEMPERATURE IN F: :PCPN: SNOW: WIND :SUNSHINE: SKY :PK WND
================================================================================
1 2 3 4 5 6A 6B 7 8 9 10 11 12 13 14 15 16 17 18
12Z AVG MX 2MIN
DY MAX MIN AVG DEP HDD CDD WTR SNW DPTH SPD SPD DIR MIN PSBL S-S WX SPD DR
================================================================================
1 91 78 85 1 0 20 T 0.0 0 5.0 21 270 M M 6 3 25 260
2 91 80 86 2 0 21 T 0.0 0 4.5 22 270 M M 7 3 33 290
3 91 79 85 1 0 20 0.00 0.0 0 4.7 22 230 M M 6 3 31 230
4 94 78 86 2 0 21 T 0.0 0 3.9 15 300 M M 5 38 22 310
5 94 81 88 4 0 23 0.01 0.0 0 5.3 16 290 M M 5 3 23 290
6 96 80 88 4 0 23 0.05 0.0 0 5.9 22 140 M M 5 3 42 140
7 93 81 87 3 0 22 0.03 0.0 0 5.5 18 260 M M 6 3 25 250
8 94 79 87 3 0 22 0.19 0.0 0 5.8 14 240 M M 4 3 20 270
9 92 81 87 3 0 22 0.00 0.0 0 7.0 21 260 M M 6 3 31 290
10 93 78 86 2 0 21 0.87 0.0 0 6.9 25 220 M M 7 138 42 210
11 89 79 84 0 0 19 0.63 0.0 0 7.6 23 200 M M 6 138 42 200
12 93 82 88 4 0 23 0.00 0.0 0 8.3 16 190 M M 4 23 190
13 94 80 87 3 0 22 0.00 0.0 0 5.1 16 160 M M 4 3 23 170
14 92 73 83 -1 0 18 2.08 0.0 0 5.8 36 200 M M 7 123 47 200
15 93 74 84 0 0 19 0.00 0.0 0 4.2 15 130 M M 6 3 24 130
16 93 76 85 1 0 20 2.86 0.0 0 5.8 18 360 M M 7 138 27 60
17 90 77 84 0 0 19 0.78 0.0 0 4.9 28 180 M M 5 38 44 190
18 93 81 87 3 0 22 0.00 0.0 0 8.4 16 180 M M 4 22 260
19 93 83 88 4 0 23 0.02 0.0 0 5.8 16 310 M M 5 3 26 300
20 93 83 88 4 0 23 0.00 0.0 0 5.6 14 270 M M 5 3 25 290
21 93 80 87 3 0 22 0.00 0.0 0 4.9 15 240 M M 5 3 22 230
22 95 77 86 2 0 21 1.64 0.0 0 6.1 23 140 M M 4 13 26 250
23 94 77 86 2 0 21 1.69 0.0 0 5.4 28 120 M M 3 3 50 130
24 95 79 87 3 0 22 0.00 0.0 0 5.6 13 350 M M 6 3 19 300
25 94 81 88 4 0 23 0.02 0.0 0 5.1 16 360 M M 5 3 22 10
26 94 76 85 1 0 20 1.12 0.0 0 4.9 36 180 M M 6 13 59 190
27 93 77 85 1 0 20 0.00 0.0 0 5.6 17 200 M M 4 22 170
28 95 81 88 4 0 23 0.00 0.0 0 5.3 10 300 M M 2 20 230
29 97 82 90 6 0 25 0.00 0.0 0 5.4 12 120 M M 3 21 240
30 97 81 89 5 0 24 0.00 0.0 0 4.1 12 110 M M 6 22 120
31 97 81 89 5 0 24 0.00 0.0 0 6.8 13 360 M M 5 3 21 320
================================================================================
SM 2896 2455 0 668 11.99 0.0 175.2 M 159
================================================================================
AV 93.4 79.2 5.7 FASTST M M 5 MAX(MPH)
MISC ----> # 36 200 59 190
================================================================================
NOTES:
# LAST OF SEVERAL OCCURRENCES
COLUMN 17 PEAK WIND IN M.P.H.
PRELIMINARY LOCAL CLIMATOLOGICAL DATA (WS FORM: F-6) , PAGE 2
STATION: TAMPA
MONTH: JULY
YEAR: 2022
LATITUDE: 27 58 N
LONGITUDE: 82 32 W
[TEMPERATURE DATA] [PRECIPITATION DATA] SYMBOLS USED IN COLUMN 16
AVERAGE MONTHLY: 86.3 TOTAL FOR MONTH: 11.99 1 = FOG OR MIST
DPTR FM NORMAL: 2.5 DPTR FM NORMAL: 4.24 2 = FOG REDUCING VISIBILITY
HIGHEST: 97 ON 29,31 GRTST 24HR 3.64 ON 16-17 TO 1/4 MILE OR LESS
LOWEST: 73 ON 14 3 = THUNDER
SNOW, ICE PELLETS, HAIL 4 = ICE PELLETS
TOTAL MONTH: 0.0 INCH 5 = HAIL
GRTST 24HR 0.0 6 = FREEZING RAIN OR DRIZZLE
GRTST DEPTH: 0 7 = DUSTSTORM OR SANDSTORM:
VSBY 1/2 MILE OR LESS
8 = SMOKE OR HAZE
[NO. OF DAYS WITH] [WEATHER - DAYS WITH] 9 = BLOWING SNOW
X = TORNADO
MAX 32 OR BELOW: 0 0.01 INCH OR MORE: 14
MAX 90 OR ABOVE: 30 0.10 INCH OR MORE: 9
MIN 32 OR BELOW: 0 0.50 INCH OR MORE: 8
MIN 0 OR BELOW: 0 1.00 INCH OR MORE: 5
[HDD (BASE 65) ]
TOTAL THIS MO. 0 CLEAR (SCALE 0-3) 2
DPTR FM NORMAL 0 PTCLDY (SCALE 4-7) 29
TOTAL FM JUL 1 0 CLOUDY (SCALE 8-10) 0
DPTR FM NORMAL 0
[CDD (BASE 65) ]
TOTAL THIS MO. 668
DPTR FM NORMAL 85 [PRESSURE DATA]
TOTAL FM JAN 1 2672 HIGHEST SLP 30.21 ON 31
DPTR FM NORMAL 533 LOWEST SLP 29.89 ON 11
[REMARKS]
#FINAL-07-22#