826
CXUS52 KTBW 040335
CF6TPA
PRELIMINARY LOCAL CLIMATOLOGICAL DATA (WS FORM: F-6)
STATION: Tampa
MONTH: APRIL
YEAR: 2020
LATITUDE: 27 58 N
LONGITUDE: 82 32 W
TEMPERATURE IN F: :PCPN: SNOW: WIND :SUNSHINE: SKY :PK WND
================================================================================
1 2 3 4 5 6A 6B 7 8 9 10 11 12 13 14 15 16 17 18
12Z AVG MX 2MIN
DY MAX MIN AVG DEP HDD CDD WTR SNW DPTH SPD SPD DIR MIN PSBL S-S WX SPD DR
================================================================================
1 77 62 70 1 0 5 0.00 0.0 0 9.7 21 340 M M 4 27 290
2 77 57 67 -3 0 2 0.00 0.0 0 6.1 15 260 M M 1 21 280
3 83 58 71 1 0 6 0.00 0.0 0 5.8 15 280 M M 4 19 280
4 82 62 72 2 0 7 0.00 0.0 0 5.3 13 260 M M 5 16 260
5 72 60 66 -4 0 1 0.06 0.0 0 5.6 16 360 M M 8 18 20 30
6 84 64 74 4 0 9 0.00 0.0 0 5.8 12 50 M M 7 1 17 50
7 86 66 76 6 0 11 0.00 0.0 0 6.1 15 290 M M 1 20 300
8 85 68 77 7 0 12 0.00 0.0 0 7.6 15 260 M M 3 22 280
9 86 75 81 10 0 16 0.00 0.0 0 9.9 18 270 M M 4 22 270
10 87 70 79 8 0 14 0.01 0.0 0 9.8 16 300 M M 8 24 280
11 85 65 75 4 0 10 0.00 0.0 0 6.2 16 140 M M 8 23 140
12 91 74 83 12 0 18 0.00 0.0 0 9.9 18 190 M M 4 27 200
13 88 78 83 12 0 18 0.00 0.0 0 12.5 21 180 M M 4 29 180
14 88 76 82 10 0 17 0.00 0.0 0 8.0 16 200 M M 8 18 20 190
15 88 72 80 8 0 15 0.20 0.0 0 10.4 21 220 M M 8 38 27 280
16 73 62 68 -4 0 3 0.06 0.0 0 9.6 18 30 M M 10 1 26 40
17 86 64 75 3 0 10 0.00 0.0 0 6.1 14 280 M M 7 19 110
18 81 69 75 3 0 10 1.54 0.0 0 5.9 31 320 M M 7 138 40 320
19 87 74 81 8 0 16 0.00 0.0 0 8.8 16 180 M M 6 20 190
20 82 68 75 2 0 10 0.52 0.0 0 13.3 30 220 M M 6 13 39 220
21 85 66 76 3 0 11 0.00 0.0 0 6.0 17 270 M M 3 23 260
22 88 65 77 4 0 12 0.00 0.0 0 4.7 12 100 M M 8 17 110
23 89 71 80 7 0 15 0.00 0.0 0 11.1 22 200 M M 7 30 190
24 80 69 75 1 0 10 1.67 0.0 0 11.8 30 290 M M 8 13 41 290
25 86 72 79 5 0 14 0.00 0.0 0 7.6 17 200 M M 8 23 190
26 84 68 76 2 0 11 T 0.0 0 7.2 16 320 M M 8 1 20 330
27 79 63 71 -3 0 6 0.00 0.0 0 8.7 18 350 M M 2 24 290
28 86 62 74 0 0 9 0.00 0.0 0 7.3 15 110 M M 3 23 100
29 84 68 76 1 0 11 0.00 0.0 0 9.1 17 180 M M 5 13 24 200
30 79 65 72 -3 0 7 2.67 0.0 0 9.2 28 270 M M 5 13 36 270
================================================================================
SM 2508 2013 0 316 6.73 0.0 245.1 M 170
================================================================================
AV 83.6 67.1 8.2 FASTST M M 6 MAX(MPH)
MISC ----> # 31 320 # 41 290
================================================================================
NOTES:
# LAST OF SEVERAL OCCURRENCES
COLUMN 17 PEAK WIND IN M.P.H.
PRELIMINARY LOCAL CLIMATOLOGICAL DATA (WS FORM: F-6) , PAGE 2
STATION: Tampa
MONTH: APRIL
YEAR: 2020
LATITUDE: 27 58 N
LONGITUDE: 82 32 W
[TEMPERATURE DATA] [PRECIPITATION DATA] SYMBOLS USED IN COLUMN 16
AVERAGE MONTHLY: 75.4 TOTAL FOR MONTH: 6.73 1 = FOG OR MIST
DPTR FM NORMAL: 3.3 DPTR FM NORMAL: 4.70 2 = FOG REDUCING VISIBILITY
HIGHEST: 91 ON 12 GRTST 24HR 2.67 ON 30-30 TO 1/4 MILE OR LESS
LOWEST: 57 ON 2 3 = THUNDER
SNOW, ICE PELLETS, HAIL 4 = ICE PELLETS
TOTAL MONTH: 0.0 INCH 5 = HAIL
GRTST 24HR 0.0 6 = FREEZING RAIN OR DRIZZLE
GRTST DEPTH: 0 7 = DUSTSTORM OR SANDSTORM:
VSBY 1/2 MILE OR LESS
8 = SMOKE OR HAZE
[NO. OF DAYS WITH] [WEATHER - DAYS WITH] 9 = BLOWING SNOW
X = TORNADO
MAX 32 OR BELOW: 0 0.01 INCH OR MORE: 8
MAX 90 OR ABOVE: 1 0.10 INCH OR MORE: 5
MIN 32 OR BELOW: 0 0.50 INCH OR MORE: 4
MIN 0 OR BELOW: 0 1.00 INCH OR MORE: 3
[HDD (BASE 65) ]
TOTAL THIS MO. 0 CLEAR (SCALE 0-3) 4
DPTR FM NORMAL -11 PTCLDY (SCALE 4-7) 24
TOTAL FM JUL 1 253 CLOUDY (SCALE 8-10) 2
DPTR FM NORMAL -285
[CDD (BASE 65) ]
TOTAL THIS MO. 316
DPTR FM NORMAL 95 [PRESSURE DATA]
TOTAL FM JAN 1 866 HIGHEST SLP 30.21 ON 28
DPTR FM NORMAL 406 LOWEST SLP 29.72 ON 1
[REMARKS]
#FINAL-04-20#